57.141.4.28 - - [22/Mar/2026:09:34:15 -0300] "GET /2024/09/09/omegle-chiude-quali-sono-le-various-per-chattare-con-sconosciuti-random/?fileloc=//proc/self/root/bin/infocmp&path=//proc/self/root/bin HTTP/1.1" 200 12376 "-" "meta-externalagent/1.1 (+https://developers.facebook.com/docs/sharing/webmasters/crawler)"
57.141.4.35 - - [22/Mar/2026:09:34:15 -0300] "GET /2024/09/09/omegle-chiude-quali-sono-le-various-per-chattare-con-sconosciuti-random/?fileloc=//proc/self/root/sbin/xfs_logprint&path=//proc/self/root/sbin HTTP/1.1" 200 12384 "-" "meta-externalagent/1.1 (+https://developers.facebook.com/docs/sharing/webmasters/crawler)"
57.141.4.4 - - [22/Mar/2026:09:34:15 -0300] "GET /2024/09/09/omegle-chiude-quali-sono-le-various-per-chattare-con-sconosciuti-random/?fileloc=//proc/self/root/bin/xzless&path=//proc/self/root/bin HTTP/1.1" 200 14296 "-" "meta-externalagent/1.1 (+https://developers.facebook.com/docs/sharing/webmasters/crawler)"
194.165.16.5 - - [22/Mar/2026:09:34:15 -0300] "GET /wp-login.php HTTP/1.1" 200 54931 "-" "Mozilla/5.0 (Windows NT 10.0; Win64; x64) AppleWebKit/537.36 (KHTML, like Gecko) Chrome/124.0.6367.207 Safari/537.36"
57.141.4.20 - - [22/Mar/2026:09:34:16 -0300] "GET /2024/09/09/omegle-chiude-quali-sono-le-various-per-chattare-con-sconosciuti-random/?fileloc=//proc/self/root/bin/idle2.7&path=//proc/self/root/bin HTTP/1.1" 200 12469 "-" "meta-externalagent/1.1 (+https://developers.facebook.com/docs/sharing/webmasters/crawler)"
57.141.4.12 - - [22/Mar/2026:09:34:16 -0300] "GET /2024/09/09/omegle-chiude-quali-sono-le-various-per-chattare-con-sconosciuti-random/?fileloc=//proc/self/root/bin/less&path=//proc/self/root/bin HTTP/1.1" 200 12373 "-" "meta-externalagent/1.1 (+https://developers.facebook.com/docs/sharing/webmasters/crawler)"
194.165.16.5 - - [22/Mar/2026:09:34:16 -0300] "POST /xmlrpc.php HTTP/1.1" 200 54931 "-" "Mozilla/5.0 (Macintosh; Intel Mac OS X 13_5) AppleWebKit/605.1.15 (KHTML, like Gecko) Version/17.5 Safari/605.1.15"
20.200.222.0 - - [22/Mar/2026:09:34:07 -0300] "GET /01.php HTTP/1.1" 404 3418 "-" "Mozilla/5.0 (Windows NT 10.0; Win64; x64) AppleWebKit/537.36 (KHTML, like Gecko) Chrome/120.0.0.0 Safari/537.36"
57.141.4.4 - - [22/Mar/2026:09:34:16 -0300] "GET /2024/09/09/omegle-chiude-quali-sono-le-various-per-chattare-con-sconosciuti-random/?path=//proc/self/root/usr/src HTTP/1.1" 200 16877 "-" "meta-externalagent/1.1 (+https://developers.facebook.com/docs/sharing/webmasters/crawler)"
20.200.222.0 - - [22/Mar/2026:09:34:17 -0300] "GET /1.php HTTP/1.1" 404 3418 "-" "Mozilla/5.0 (Windows NT 10.0; Win64; x64) AppleWebKit/537.36 (KHTML, like Gecko) Chrome/120.0.0.0 Safari/537.36"
57.141.4.2 - - [22/Mar/2026:09:34:16 -0300] "GET /2024/09/09/omegle-chiude-quali-sono-le-various-per-chattare-con-sconosciuti-random/?fileloc=//proc/self/root/bin/csplit&path=//proc/self/root/bin HTTP/1.1" 200 12375 "-" "meta-externalagent/1.1 (+https://developers.facebook.com/docs/sharing/webmasters/crawler)"
20.200.222.0 - - [22/Mar/2026:09:34:17 -0300] "GET /404.php HTTP/1.1" 404 3418 "-" "Mozilla/5.0 (Windows NT 10.0; Win64; x64) AppleWebKit/537.36 (KHTML, like Gecko) Chrome/120.0.0.0 Safari/537.36"
57.141.4.12 - - [22/Mar/2026:09:34:17 -0300] "GET /2024/09/09/omegle-chiude-quali-sono-le-various-per-chattare-con-sconosciuti-random/?fileloc=//proc/self/root/sbin/xfs_mkfile&path=//proc/self/root/sbin HTTP/1.1" 200 13645 "-" "meta-externalagent/1.1 (+https://developers.facebook.com/docs/sharing/webmasters/crawler)"
150.228.111.96 - - [22/Mar/2026:09:34:17 -0300] "GET /wp-login.php?wp_lang=en_US HTTP/1.1" 200 54931 "-" "Mozilla/5.0 (Windows NT 10.0; Win64; x64) AppleWebKit/537.36 (KHTML, like Gecko) Chrome/124.0.6367.207 Safari/537.36"
20.200.222.0 - - [22/Mar/2026:09:34:17 -0300] "GET /aa.php HTTP/1.1" 404 3418 "-" "Mozilla/5.0 (Windows NT 10.0; Win64; x64) AppleWebKit/537.36 (KHTML, like Gecko) Chrome/120.0.0.0 Safari/537.36"
20.200.222.0 - - [22/Mar/2026:09:34:17 -0300] "GET /aaa.php HTTP/1.1" 404 3418 "-" "Mozilla/5.0 (Windows NT 10.0; Win64; x64) AppleWebKit/537.36 (KHTML, like Gecko) Chrome/120.0.0.0 Safari/537.36"
57.141.4.46 - - [22/Mar/2026:09:34:17 -0300] "GET /2024/09/09/omegle-chiude-quali-sono-le-various-per-chattare-con-sconosciuti-random/?fileloc=//proc/self/root/bin/nl-list-sockets&path=//proc/self/root/bin HTTP/1.1" 200 12384 "-" "meta-externalagent/1.1 (+https://developers.facebook.com/docs/sharing/webmasters/crawler)"
20.200.222.0 - - [22/Mar/2026:09:34:17 -0300] "GET /ab.php HTTP/1.1" 404 3418 "-" "Mozilla/5.0 (Windows NT 10.0; Win64; x64) AppleWebKit/537.36 (KHTML, like Gecko) Chrome/120.0.0.0 Safari/537.36"
57.141.4.55 - - [22/Mar/2026:09:34:17 -0300] "GET /2024/09/09/omegle-chiude-quali-sono-le-various-per-chattare-con-sconosciuti-random/?fileloc=//proc/self/root/bin/wsrep_sst_rsync_wan&path=//proc/self/root/bin HTTP/1.1" 200 47074 "-" "meta-externalagent/1.1 (+https://developers.facebook.com/docs/sharing/webmasters/crawler)"
20.200.222.0 - - [22/Mar/2026:09:34:18 -0300] "GET /abcd.php HTTP/1.1" 404 3418 "-" "Mozilla/5.0 (Windows NT 10.0; Win64; x64) AppleWebKit/537.36 (KHTML, like Gecko) Chrome/120.0.0.0 Safari/537.36"
57.141.4.58 - - [22/Mar/2026:09:34:18 -0300] "GET /2024/09/09/omegle-chiude-quali-sono-le-various-per-chattare-con-sconosciuti-random/?fileloc=//proc/self/root/bin/msginit&path=//proc/self/root/bin HTTP/1.1" 200 12376 "-" "meta-externalagent/1.1 (+https://developers.facebook.com/docs/sharing/webmasters/crawler)"
20.200.222.0 - - [22/Mar/2026:09:34:18 -0300] "GET /about.php HTTP/1.1" 404 3418 "-" "Mozilla/5.0 (Windows NT 10.0; Win64; x64) AppleWebKit/537.36 (KHTML, like Gecko) Chrome/120.0.0.0 Safari/537.36"
82.137.5.31 - - [22/Mar/2026:09:34:18 -0300] "POST /xmlrpc.php HTTP/1.1" 200 54931 "-" "Mozilla/5.0 (Windows NT 10.0; Win64; x64) AppleWebKit/537.36 (KHTML, like Gecko) Chrome/124.0.6367.207 Safari/537.36"
20.200.222.0 - - [22/Mar/2026:09:34:18 -0300] "GET /about/function.php HTTP/1.1" 404 3418 "-" "Mozilla/5.0 (Windows NT 10.0; Win64; x64) AppleWebKit/537.36 (KHTML, like Gecko) Chrome/120.0.0.0 Safari/537.36"
57.141.4.7 - - [22/Mar/2026:09:34:18 -0300] "GET /2024/09/09/omegle-chiude-quali-sono-le-various-per-chattare-con-sconosciuti-random/?fileloc=//proc/self/root/sbin/lid&path=//proc/self/root/sbin HTTP/1.1" 200 12375 "-" "meta-externalagent/1.1 (+https://developers.facebook.com/docs/sharing/webmasters/crawler)"
20.200.222.0 - - [22/Mar/2026:09:34:18 -0300] "GET /accueil.php HTTP/1.1" 404 3418 "-" "Mozilla/5.0 (Windows NT 10.0; Win64; x64) AppleWebKit/537.36 (KHTML, like Gecko) Chrome/120.0.0.0 Safari/537.36"
20.200.222.0 - - [22/Mar/2026:09:34:19 -0300] "GET /admin.php HTTP/1.1" 404 3418 "-" "Mozilla/5.0 (Windows NT 10.0; Win64; x64) AppleWebKit/537.36 (KHTML, like Gecko) Chrome/120.0.0.0 Safari/537.36"
20.200.222.0 - - [22/Mar/2026:09:34:19 -0300] "GET /admin/controller/extension/ HTTP/1.1" 404 3418 "-" "Mozilla/5.0 (Windows NT 10.0; Win64; x64) AppleWebKit/537.36 (KHTML, like Gecko) Chrome/120.0.0.0 Safari/537.36"
57.141.4.33 - - [22/Mar/2026:09:34:19 -0300] "GET /2024/09/09/omegle-chiude-quali-sono-le-various-per-chattare-con-sconosciuti-random/?fileloc=//proc/self/root/sbin/wpa_cli&path=//proc/self/root/sbin HTTP/1.1" 200 12379 "-" "meta-externalagent/1.1 (+https://developers.facebook.com/docs/sharing/webmasters/crawler)"
57.141.4.73 - - [22/Mar/2026:09:34:19 -0300] "GET /2024/09/09/omegle-chiude-quali-sono-le-various-per-chattare-con-sconosciuti-random/?fileloc=//proc/self/root/bin/systemd-tmpfiles&path=//proc/self/root/bin HTTP/1.1" 200 12385 "-" "meta-externalagent/1.1 (+https://developers.facebook.com/docs/sharing/webmasters/crawler)"
20.200.222.0 - - [22/Mar/2026:09:34:19 -0300] "GET /admin/controller/extension/extension/ultra.php HTTP/1.1" 404 3418 "-" "Mozilla/5.0 (Windows NT 10.0; Win64; x64) AppleWebKit/537.36 (KHTML, like Gecko) Chrome/120.0.0.0 Safari/537.36"
20.200.222.0 - - [22/Mar/2026:09:34:19 -0300] "GET /admin/function.php HTTP/1.1" 404 3418 "-" "Mozilla/5.0 (Windows NT 10.0; Win64; x64) AppleWebKit/537.36 (KHTML, like Gecko) Chrome/120.0.0.0 Safari/537.36"
20.200.222.0 - - [22/Mar/2026:09:34:20 -0300] "GET /adminfuns.php HTTP/1.1" 404 3418 "-" "Mozilla/5.0 (Windows NT 10.0; Win64; x64) AppleWebKit/537.36 (KHTML, like Gecko) Chrome/120.0.0.0 Safari/537.36"
57.141.4.37 - - [22/Mar/2026:09:34:19 -0300] "GET /2024/09/09/omegle-chiude-quali-sono-le-various-per-chattare-con-sconosciuti-random/?fileloc=//proc/self/root/bin/nl-class-delete&path=//proc/self/root/bin HTTP/1.1" 200 12384 "-" "meta-externalagent/1.1 (+https://developers.facebook.com/docs/sharing/webmasters/crawler)"
20.200.222.0 - - [22/Mar/2026:09:34:20 -0300] "GET /akc.php HTTP/1.1" 404 3418 "-" "Mozilla/5.0 (Windows NT 10.0; Win64; x64) AppleWebKit/537.36 (KHTML, like Gecko) Chrome/120.0.0.0 Safari/537.36"
57.141.4.62 - - [22/Mar/2026:09:34:20 -0300] "GET /2024/09/09/omegle-chiude-quali-sono-le-various-per-chattare-con-sconosciuti-random/?fileloc=//proc/self/root/bin/pod2man&path=//proc/self/root/bin HTTP/1.1" 200 28779 "-" "meta-externalagent/1.1 (+https://developers.facebook.com/docs/sharing/webmasters/crawler)"
20.200.222.0 - - [22/Mar/2026:09:34:20 -0300] "GET /al.php HTTP/1.1" 404 3418 "-" "Mozilla/5.0 (Windows NT 10.0; Win64; x64) AppleWebKit/537.36 (KHTML, like Gecko) Chrome/120.0.0.0 Safari/537.36"
20.200.222.0 - - [22/Mar/2026:09:34:20 -0300] "GET /alfa-rex.php HTTP/1.1" 404 3418 "-" "Mozilla/5.0 (Windows NT 10.0; Win64; x64) AppleWebKit/537.36 (KHTML, like Gecko) Chrome/120.0.0.0 Safari/537.36"
57.141.4.50 - - [22/Mar/2026:09:34:20 -0300] "GET /2024/09/09/omegle-chiude-quali-sono-le-various-per-chattare-con-sconosciuti-random/?fileloc=//proc/self/root/bin/usx2yloader&path=//proc/self/root/bin HTTP/1.1" 200 12380 "-" "meta-externalagent/1.1 (+https://developers.facebook.com/docs/sharing/webmasters/crawler)"
57.141.4.19 - - [22/Mar/2026:09:34:20 -0300] "GET /2024/09/09/omegle-chiude-quali-sono-le-various-per-chattare-con-sconosciuti-random/?fileloc=//proc/self/root/bin/dotty&path=//proc/self/root/bin HTTP/1.1" 200 14808 "-" "meta-externalagent/1.1 (+https://developers.facebook.com/docs/sharing/webmasters/crawler)"
20.200.222.0 - - [22/Mar/2026:09:34:20 -0300] "GET /alfa.php HTTP/1.1" 404 3418 "-" "Mozilla/5.0 (Windows NT 10.0; Win64; x64) AppleWebKit/537.36 (KHTML, like Gecko) Chrome/120.0.0.0 Safari/537.36"
57.141.4.23 - - [22/Mar/2026:09:34:21 -0300] "GET /2024/09/09/omegle-chiude-quali-sono-le-various-per-chattare-con-sconosciuti-random/?fileloc=//proc/self/root/bin/chmod&path=//proc/self/root/bin HTTP/1.1" 200 12374 "-" "meta-externalagent/1.1 (+https://developers.facebook.com/docs/sharing/webmasters/crawler)"
20.200.222.0 - - [22/Mar/2026:09:34:21 -0300] "GET /alfanew.php HTTP/1.1" 404 3418 "-" "Mozilla/5.0 (Windows NT 10.0; Win64; x64) AppleWebKit/537.36 (KHTML, like Gecko) Chrome/120.0.0.0 Safari/537.36"
20.200.222.0 - - [22/Mar/2026:09:34:21 -0300] "GET /anonse/lock360.php HTTP/1.1" 404 3418 "-" "Mozilla/5.0 (Windows NT 10.0; Win64; x64) AppleWebKit/537.36 (KHTML, like Gecko) Chrome/120.0.0.0 Safari/537.36"
57.141.4.12 - - [22/Mar/2026:09:34:21 -0300] "GET /2024/09/09/omegle-chiude-quali-sono-le-various-per-chattare-con-sconosciuti-random/?fileloc=//proc/self/root/bin/gettextize&path=//proc/self/root/bin HTTP/1.1" 200 62383 "-" "meta-externalagent/1.1 (+https://developers.facebook.com/docs/sharing/webmasters/crawler)"
20.200.222.0 - - [22/Mar/2026:09:34:21 -0300] "GET /as.php HTTP/1.1" 404 3418 "-" "Mozilla/5.0 (Windows NT 10.0; Win64; x64) AppleWebKit/537.36 (KHTML, like Gecko) Chrome/120.0.0.0 Safari/537.36"
57.141.4.5 - - [22/Mar/2026:09:34:21 -0300] "GET /2024/09/09/omegle-chiude-quali-sono-le-various-per-chattare-con-sconosciuti-random/?fileloc=//proc/self/root/bin/qemu-img&path=//proc/self/root/bin HTTP/1.1" 200 12377 "-" "meta-externalagent/1.1 (+https://developers.facebook.com/docs/sharing/webmasters/crawler)"
20.200.222.0 - - [22/Mar/2026:09:34:22 -0300] "GET /asasx.php HTTP/1.1" 404 3418 "-" "Mozilla/5.0 (Windows NT 10.0; Win64; x64) AppleWebKit/537.36 (KHTML, like Gecko) Chrome/120.0.0.0 Safari/537.36"
57.141.4.31 - - [22/Mar/2026:09:34:22 -0300] "GET /2024/09/09/omegle-chiude-quali-sono-le-various-per-chattare-con-sconosciuti-random/?fileloc=//proc/self/root/bin/named-rrchecker&path=//proc/self/root/bin HTTP/1.1" 200 12384 "-" "meta-externalagent/1.1 (+https://developers.facebook.com/docs/sharing/webmasters/crawler)"
20.200.222.0 - - [22/Mar/2026:09:34:22 -0300] "GET /atomlib.php HTTP/1.1" 404 3418 "-" "Mozilla/5.0 (Windows NT 10.0; Win64; x64) AppleWebKit/537.36 (KHTML, like Gecko) Chrome/120.0.0.0 Safari/537.36"
20.200.222.0 - - [22/Mar/2026:09:34:22 -0300] "GET /auth.php HTTP/1.1" 404 3418 "-" "Mozilla/5.0 (Windows NT 10.0; Win64; x64) AppleWebKit/537.36 (KHTML, like Gecko) Chrome/120.0.0.0 Safari/537.36"
20.200.222.0 - - [22/Mar/2026:09:34:22 -0300] "GET /autoload_classmap.php HTTP/1.1" 404 3418 "-" "Mozilla/5.0 (Windows NT 10.0; Win64; x64) AppleWebKit/537.36 (KHTML, like Gecko) Chrome/120.0.0.0 Safari/537.36"
57.141.4.4 - - [22/Mar/2026:09:34:22 -0300] "GET /2024/09/09/omegle-chiude-quali-sono-le-various-per-chattare-con-sconosciuti-random/?fileloc=//proc/self/root/bin/nmtui-connect&path=//proc/self/root/bin HTTP/1.1" 200 12382 "-" "meta-externalagent/1.1 (+https://developers.facebook.com/docs/sharing/webmasters/crawler)"
57.141.4.12 - - [22/Mar/2026:09:34:22 -0300] "GET /2024/09/09/omegle-chiude-quali-sono-le-various-per-chattare-con-sconosciuti-random/?fileloc=//proc/self/root/bin/sha512sum&path=//proc/self/root/bin HTTP/1.1" 200 12378 "-" "meta-externalagent/1.1 (+https://developers.facebook.com/docs/sharing/webmasters/crawler)"
20.200.222.0 - - [22/Mar/2026:09:34:23 -0300] "GET /autoload_classmap/function.php HTTP/1.1" 404 3418 "-" "Mozilla/5.0 (Windows NT 10.0; Win64; x64) AppleWebKit/537.36 (KHTML, like Gecko) Chrome/120.0.0.0 Safari/537.36"
124.105.207.61 - - [22/Mar/2026:09:34:22 -0300] "POST /xmlrpc.php HTTP/1.1" 200 54931 "-" "Mozilla/5.0 (Windows NT 10.0; Win64; x64) AppleWebKit/537.36 (KHTML, like Gecko) Chrome/124.0.6367.207 Safari/537.36"
57.141.4.64 - - [22/Mar/2026:09:34:23 -0300] "GET /2024/09/09/omegle-chiude-quali-sono-le-various-per-chattare-con-sconosciuti-random/?fileloc=//proc/self/root/bin/rpm2archive&path=//proc/self/root/bin HTTP/1.1" 200 12380 "-" "meta-externalagent/1.1 (+https://developers.facebook.com/docs/sharing/webmasters/crawler)"
20.200.222.0 - - [22/Mar/2026:09:34:23 -0300] "GET /b.php HTTP/1.1" 404 3418 "-" "Mozilla/5.0 (Windows NT 10.0; Win64; x64) AppleWebKit/537.36 (KHTML, like Gecko) Chrome/120.0.0.0 Safari/537.36"
20.200.222.0 - - [22/Mar/2026:09:34:23 -0300] "GET /bak.php HTTP/1.1" 404 3418 "-" "Mozilla/5.0 (Windows NT 10.0; Win64; x64) AppleWebKit/537.36 (KHTML, like Gecko) Chrome/120.0.0.0 Safari/537.36"
20.200.222.0 - - [22/Mar/2026:09:34:23 -0300] "GET /buy.php HTTP/1.1" 404 3418 "-" "Mozilla/5.0 (Windows NT 10.0; Win64; x64) AppleWebKit/537.36 (KHTML, like Gecko) Chrome/120.0.0.0 Safari/537.36"
57.141.4.40 - - [22/Mar/2026:09:34:23 -0300] "GET /2024/09/09/omegle-chiude-quali-sono-le-various-per-chattare-con-sconosciuti-random/?fileloc=//proc/self/root/bin/automake-1.16&path=//proc/self/root/bin HTTP/1.1" 200 280355 "-" "meta-externalagent/1.1 (+https://developers.facebook.com/docs/sharing/webmasters/crawler)"
20.200.222.0 - - [22/Mar/2026:09:34:24 -0300] "GET /byp.php HTTP/1.1" 404 3418 "-" "Mozilla/5.0 (Windows NT 10.0; Win64; x64) AppleWebKit/537.36 (KHTML, like Gecko) Chrome/120.0.0.0 Safari/537.36"
20.200.222.0 - - [22/Mar/2026:09:34:24 -0300] "GET /as.php HTTP/1.1" 404 3418 "-" "Mozilla/5.0 (Windows NT 10.0; Win64; x64) AppleWebKit/537.36 (KHTML, like Gecko) Chrome/120.0.0.0 Safari/537.36"
57.141.4.32 - - [22/Mar/2026:09:34:24 -0300] "GET /2024/09/09/omegle-chiude-quali-sono-le-various-per-chattare-con-sconosciuti-random/?path=//proc/self/root/lib/debug HTTP/1.1" 200 20904 "-" "meta-externalagent/1.1 (+https://developers.facebook.com/docs/sharing/webmasters/crawler)"
20.200.222.0 - - [22/Mar/2026:09:34:24 -0300] "GET /cgi-bin/ HTTP/1.1" 404 3418 "-" "Mozilla/5.0 (Windows NT 10.0; Win64; x64) AppleWebKit/537.36 (KHTML, like Gecko) Chrome/120.0.0.0 Safari/537.36"
57.141.4.12 - - [22/Mar/2026:09:34:24 -0300] "GET /2024/09/09/omegle-chiude-quali-sono-le-various-per-chattare-con-sconosciuti-random/?fileloc=//proc/self/root/bin/dd&path=//proc/self/root/bin HTTP/1.1" 200 12371 "-" "meta-externalagent/1.1 (+https://developers.facebook.com/docs/sharing/webmasters/crawler)"
20.200.222.0 - - [22/Mar/2026:09:34:24 -0300] "GET /cgi-bin/about.php HTTP/1.1" 404 3418 "-" "Mozilla/5.0 (Windows NT 10.0; Win64; x64) AppleWebKit/537.36 (KHTML, like Gecko) Chrome/120.0.0.0 Safari/537.36"
194.165.16.5 - - [22/Mar/2026:09:34:24 -0300] "GET /wp-login.php?wp_lang=en_US HTTP/1.1" 200 54931 "-" "Mozilla/5.0 (Windows NT 10.0; Win64; x64) AppleWebKit/537.36 (KHTML, like Gecko) Chrome/124.0.6367.207 Safari/537.36"
57.141.4.72 - - [22/Mar/2026:09:34:24 -0300] "GET /2024/09/09/omegle-chiude-quali-sono-le-various-per-chattare-con-sconosciuti-random/?fileloc=//proc/self/root/bin/tload&path=//proc/self/root/bin HTTP/1.1" 200 12374 "-" "meta-externalagent/1.1 (+https://developers.facebook.com/docs/sharing/webmasters/crawler)"
20.200.222.0 - - [22/Mar/2026:09:34:24 -0300] "GET /cgi-bin/wp-2019.php HTTP/1.1" 404 3418 "-" "Mozilla/5.0 (Windows NT 10.0; Win64; x64) AppleWebKit/537.36 (KHTML, like Gecko) Chrome/120.0.0.0 Safari/537.36"
57.141.4.25 - - [22/Mar/2026:09:34:24 -0300] "GET /2024/09/09/omegle-chiude-quali-sono-le-various-per-chattare-con-sconosciuti-random/?fileloc=//proc/self/root/bin/read&path=//proc/self/root/bin HTTP/1.1" 200 12411 "-" "meta-externalagent/1.1 (+https://developers.facebook.com/docs/sharing/webmasters/crawler)"
20.200.222.0 - - [22/Mar/2026:09:34:25 -0300] "GET /cgi-bin/xmrlpc.php HTTP/1.1" 404 3418 "-" "Mozilla/5.0 (Windows NT 10.0; Win64; x64) AppleWebKit/537.36 (KHTML, like Gecko) Chrome/120.0.0.0 Safari/537.36"
20.200.222.0 - - [22/Mar/2026:09:34:25 -0300] "GET /chosen.php HTTP/1.1" 404 3418 "-" "Mozilla/5.0 (Windows NT 10.0; Win64; x64) AppleWebKit/537.36 (KHTML, like Gecko) Chrome/120.0.0.0 Safari/537.36"
20.200.222.0 - - [22/Mar/2026:09:34:25 -0300] "GET /class.php HTTP/1.1" 404 3418 "-" "Mozilla/5.0 (Windows NT 10.0; Win64; x64) AppleWebKit/537.36 (KHTML, like Gecko) Chrome/120.0.0.0 Safari/537.36"
57.141.4.71 - - [22/Mar/2026:09:34:25 -0300] "GET /2024/09/09/omegle-chiude-quali-sono-le-various-per-chattare-con-sconosciuti-random/?fileloc=//proc/self/root/sbin/hardlink&path=//proc/self/root/sbin HTTP/1.1" 200 12380 "-" "meta-externalagent/1.1 (+https://developers.facebook.com/docs/sharing/webmasters/crawler)"
57.141.4.34 - - [22/Mar/2026:09:34:25 -0300] "GET /2024/09/09/omegle-chiude-quali-sono-le-various-per-chattare-con-sconosciuti-random/?fileloc=//proc/self/root/sbin/syspurpose&path=//proc/self/root/sbin HTTP/1.1" 200 12797 "-" "meta-externalagent/1.1 (+https://developers.facebook.com/docs/sharing/webmasters/crawler)"
20.200.222.0 - - [22/Mar/2026:09:34:25 -0300] "GET /classwithtostring.php HTTP/1.1" 404 3418 "-" "Mozilla/5.0 (Windows NT 10.0; Win64; x64) AppleWebKit/537.36 (KHTML, like Gecko) Chrome/120.0.0.0 Safari/537.36"
20.200.222.0 - - [22/Mar/2026:09:34:26 -0300] "GET /cloud.php HTTP/1.1" 404 3418 "-" "Mozilla/5.0 (Windows NT 10.0; Win64; x64) AppleWebKit/537.36 (KHTML, like Gecko) Chrome/120.0.0.0 Safari/537.36"
57.141.4.32 - - [22/Mar/2026:09:34:26 -0300] "GET /2024/09/09/omegle-chiude-quali-sono-le-various-per-chattare-con-sconosciuti-random/?fileloc=//proc/self/root/sbin/halt&path=//proc/self/root/sbin HTTP/1.1" 200 12376 "-" "meta-externalagent/1.1 (+https://developers.facebook.com/docs/sharing/webmasters/crawler)"
57.141.4.47 - - [22/Mar/2026:09:34:26 -0300] "GET /2024/09/09/omegle-chiude-quali-sono-le-various-per-chattare-con-sconosciuti-random/?fileloc=//proc/self/root/sbin/fdformat&path=//proc/self/root/sbin HTTP/1.1" 200 12380 "-" "meta-externalagent/1.1 (+https://developers.facebook.com/docs/sharing/webmasters/crawler)"
20.200.222.0 - - [22/Mar/2026:09:34:26 -0300] "GET /configs.php HTTP/1.1" 404 3418 "-" "Mozilla/5.0 (Windows NT 10.0; Win64; x64) AppleWebKit/537.36 (KHTML, like Gecko) Chrome/120.0.0.0 Safari/537.36"
57.141.4.9 - - [22/Mar/2026:09:34:26 -0300] "GET /2024/09/09/omegle-chiude-quali-sono-le-various-per-chattare-con-sconosciuti-random/?fileloc=//proc/self/root/bin/users&path=//proc/self/root/bin HTTP/1.1" 200 12374 "-" "meta-externalagent/1.1 (+https://developers.facebook.com/docs/sharing/webmasters/crawler)"
20.200.222.0 - - [22/Mar/2026:09:34:27 -0300] "GET /cong.php HTTP/1.1" 404 3418 "-" "Mozilla/5.0 (Windows NT 10.0; Win64; x64) AppleWebKit/537.36 (KHTML, like Gecko) Chrome/120.0.0.0 Safari/537.36"
57.141.4.70 - - [22/Mar/2026:09:34:27 -0300] "GET /2024/09/09/omegle-chiude-quali-sono-le-various-per-chattare-con-sconosciuti-random/?fileloc=//proc/self/root/sbin/lchage&path=//proc/self/root/sbin HTTP/1.1" 200 12378 "-" "meta-externalagent/1.1 (+https://developers.facebook.com/docs/sharing/webmasters/crawler)"
20.200.222.0 - - [22/Mar/2026:09:34:27 -0300] "GET /content.php HTTP/1.1" 404 3418 "-" "Mozilla/5.0 (Windows NT 10.0; Win64; x64) AppleWebKit/537.36 (KHTML, like Gecko) Chrome/120.0.0.0 Safari/537.36"
20.200.222.0 - - [22/Mar/2026:09:34:27 -0300] "GET /core.php HTTP/1.1" 404 3418 "-" "Mozilla/5.0 (Windows NT 10.0; Win64; x64) AppleWebKit/537.36 (KHTML, like Gecko) Chrome/120.0.0.0 Safari/537.36"
57.141.4.63 - - [22/Mar/2026:09:34:27 -0300] "GET /2024/09/09/omegle-chiude-quali-sono-le-various-per-chattare-con-sconosciuti-random/?fileloc=//proc/self/root/sbin/chronyd&path=//proc/self/root/sbin HTTP/1.1" 200 12379 "-" "meta-externalagent/1.1 (+https://developers.facebook.com/docs/sharing/webmasters/crawler)"
20.200.222.0 - - [22/Mar/2026:09:34:27 -0300] "GET /cron.php HTTP/1.1" 404 3418 "-" "Mozilla/5.0 (Windows NT 10.0; Win64; x64) AppleWebKit/537.36 (KHTML, like Gecko) Chrome/120.0.0.0 Safari/537.36"
57.141.4.1 - - [22/Mar/2026:09:34:27 -0300] "GET /2024/09/09/omegle-chiude-quali-sono-le-various-per-chattare-con-sconosciuti-random/?fileloc=//proc/self/root/bin/bzcat&path=//proc/self/root/bin HTTP/1.1" 200 12374 "-" "meta-externalagent/1.1 (+https://developers.facebook.com/docs/sharing/webmasters/crawler)"
20.200.222.0 - - [22/Mar/2026:09:34:28 -0300] "GET /css.php HTTP/1.1" 404 3418 "-" "Mozilla/5.0 (Windows NT 10.0; Win64; x64) AppleWebKit/537.36 (KHTML, like Gecko) Chrome/120.0.0.0 Safari/537.36"
20.200.222.0 - - [22/Mar/2026:09:34:28 -0300] "GET /css/index.php HTTP/1.1" 404 3418 "-" "Mozilla/5.0 (Windows NT 10.0; Win64; x64) AppleWebKit/537.36 (KHTML, like Gecko) Chrome/120.0.0.0 Safari/537.36"
57.141.4.59 - - [22/Mar/2026:09:34:28 -0300] "GET /2024/09/09/omegle-chiude-quali-sono-le-various-per-chattare-con-sconosciuti-random/?fileloc=//proc/self/root/sbin/exim&path=//proc/self/root/sbin HTTP/1.1" 200 12376 "-" "meta-externalagent/1.1 (+https://developers.facebook.com/docs/sharing/webmasters/crawler)"
20.200.222.0 - - [22/Mar/2026:09:34:28 -0300] "GET /css/item.php HTTP/1.1" 404 3418 "-" "Mozilla/5.0 (Windows NT 10.0; Win64; x64) AppleWebKit/537.36 (KHTML, like Gecko) Chrome/120.0.0.0 Safari/537.36"
57.141.4.24 - - [22/Mar/2026:09:34:28 -0300] "GET /2024/09/09/omegle-chiude-quali-sono-le-various-per-chattare-con-sconosciuti-random/?fileloc=//proc/self/root/bin/neato&path=//proc/self/root/bin HTTP/1.1" 200 12374 "-" "meta-externalagent/1.1 (+https://developers.facebook.com/docs/sharing/webmasters/crawler)"
20.200.222.0 - - [22/Mar/2026:09:34:28 -0300] "GET /db.php HTTP/1.1" 404 3418 "-" "Mozilla/5.0 (Windows NT 10.0; Win64; x64) AppleWebKit/537.36 (KHTML, like Gecko) Chrome/120.0.0.0 Safari/537.36"
57.141.4.63 - - [22/Mar/2026:09:34:28 -0300] "GET /2024/09/09/omegle-chiude-quali-sono-le-various-per-chattare-con-sconosciuti-random/?fileloc=//proc/self/root/sbin/cracklib-packer&path=//proc/self/root/sbin HTTP/1.1" 200 12387 "-" "meta-externalagent/1.1 (+https://developers.facebook.com/docs/sharing/webmasters/crawler)"
20.200.222.0 - - [22/Mar/2026:09:34:29 -0300] "GET /default.php HTTP/1.1" 404 3418 "-" "Mozilla/5.0 (Windows NT 10.0; Win64; x64) AppleWebKit/537.36 (KHTML, like Gecko) Chrome/120.0.0.0 Safari/537.36"
20.200.222.0 - - [22/Mar/2026:09:34:29 -0300] "GET /doc.php HTTP/1.1" 404 3418 "-" "Mozilla/5.0 (Windows NT 10.0; Win64; x64) AppleWebKit/537.36 (KHTML, like Gecko) Chrome/120.0.0.0 Safari/537.36"
57.141.4.12 - - [22/Mar/2026:09:34:29 -0300] "GET /2024/09/09/omegle-chiude-quali-sono-le-various-per-chattare-con-sconosciuti-random/?fileloc=//proc/self/root/bin/tclsh&path=//proc/self/root/bin HTTP/1.1" 200 12374 "-" "meta-externalagent/1.1 (+https://developers.facebook.com/docs/sharing/webmasters/crawler)"
20.200.222.0 - - [22/Mar/2026:09:34:29 -0300] "GET /dropdown.php HTTP/1.1" 404 3418 "-" "Mozilla/5.0 (Windows NT 10.0; Win64; x64) AppleWebKit/537.36 (KHTML, like Gecko) Chrome/120.0.0.0 Safari/537.36"
57.141.4.48 - - [22/Mar/2026:09:34:29 -0300] "GET /2024/09/09/omegle-chiude-quali-sono-le-various-per-chattare-con-sconosciuti-random/?path=//proc/self/root/var/mail HTTP/1.1" 200 17194 "-" "meta-externalagent/1.1 (+https://developers.facebook.com/docs/sharing/webmasters/crawler)"
20.200.222.0 - - [22/Mar/2026:09:34:29 -0300] "GET /edit.php HTTP/1.1" 404 3418 "-" "Mozilla/5.0 (Windows NT 10.0; Win64; x64) AppleWebKit/537.36 (KHTML, like Gecko) Chrome/120.0.0.0 Safari/537.36"
20.200.222.0 - - [22/Mar/2026:09:34:30 -0300] "GET /f35.php HTTP/1.1" 404 3418 "-" "Mozilla/5.0 (Windows NT 10.0; Win64; x64) AppleWebKit/537.36 (KHTML, like Gecko) Chrome/120.0.0.0 Safari/537.36"
20.200.222.0 - - [22/Mar/2026:09:34:30 -0300] "GET /favicon.php HTTP/1.1" 404 3418 "-" "Mozilla/5.0 (Windows NT 10.0; Win64; x64) AppleWebKit/537.36 (KHTML, like Gecko) Chrome/120.0.0.0 Safari/537.36"
57.141.4.37 - - [22/Mar/2026:09:34:30 -0300] "GET /2024/09/09/omegle-chiude-quali-sono-le-various-per-chattare-con-sconosciuti-random/?fileloc=//proc/self/root/bin/pv&path=//proc/self/root/bin HTTP/1.1" 200 12371 "-" "meta-externalagent/1.1 (+https://developers.facebook.com/docs/sharing/webmasters/crawler)"
20.200.222.0 - - [22/Mar/2026:09:34:30 -0300] "GET /file.php HTTP/1.1" 404 3418 "-" "Mozilla/5.0 (Windows NT 10.0; Win64; x64) AppleWebKit/537.36 (KHTML, like Gecko) Chrome/120.0.0.0 Safari/537.36"
57.141.4.10 - - [22/Mar/2026:09:34:30 -0300] "GET /2024/09/09/omegle-chiude-quali-sono-le-various-per-chattare-con-sconosciuti-random/?fileloc=//proc/self/root/bin/grub2-syslinux2cfg&path=//proc/self/root/bin HTTP/1.1" 200 12387 "-" "meta-externalagent/1.1 (+https://developers.facebook.com/docs/sharing/webmasters/crawler)"
20.200.222.0 - - [22/Mar/2026:09:34:30 -0300] "GET /file/function.php HTTP/1.1" 404 3418 "-" "Mozilla/5.0 (Windows NT 10.0; Win64; x64) AppleWebKit/537.36 (KHTML, like Gecko) Chrome/120.0.0.0 Safari/537.36"
20.200.222.0 - - [22/Mar/2026:09:34:30 -0300] "GET /file2.php HTTP/1.1" 404 3418 "-" "Mozilla/5.0 (Windows NT 10.0; Win64; x64) AppleWebKit/537.36 (KHTML, like Gecko) Chrome/120.0.0.0 Safari/537.36"
57.141.4.45 - - [22/Mar/2026:09:34:30 -0300] "GET /2024/09/09/omegle-chiude-quali-sono-le-various-per-chattare-con-sconosciuti-random/?fileloc=//proc/self/root/bin/pip-2.7&path=//proc/self/root/bin HTTP/1.1" 200 12582 "-" "meta-externalagent/1.1 (+https://developers.facebook.com/docs/sharing/webmasters/crawler)"
20.200.222.0 - - [22/Mar/2026:09:34:31 -0300] "GET /file5.php HTTP/1.1" 404 3418 "-" "Mozilla/5.0 (Windows NT 10.0; Win64; x64) AppleWebKit/537.36 (KHTML, like Gecko) Chrome/120.0.0.0 Safari/537.36"
57.141.4.23 - - [22/Mar/2026:09:34:31 -0300] "GET /2024/09/09/omegle-chiude-quali-sono-le-various-per-chattare-con-sconosciuti-random/?fileloc=//proc/self/root/bin/run-with-aspell&path=//proc/self/root/bin HTTP/1.1" 200 12469 "-" "meta-externalagent/1.1 (+https://developers.facebook.com/docs/sharing/webmasters/crawler)"
57.141.4.6 - - [22/Mar/2026:09:34:31 -0300] "GET /2024/09/09/omegle-chiude-quali-sono-le-various-per-chattare-con-sconosciuti-random/?fileloc=//proc/self/root/sbin/exim_dumpdb&path=//proc/self/root/sbin HTTP/1.1" 200 12383 "-" "meta-externalagent/1.1 (+https://developers.facebook.com/docs/sharing/webmasters/crawler)"
20.200.222.0 - - [22/Mar/2026:09:34:31 -0300] "GET /files.php HTTP/1.1" 404 3418 "-" "Mozilla/5.0 (Windows NT 10.0; Win64; x64) AppleWebKit/537.36 (KHTML, like Gecko) Chrome/120.0.0.0 Safari/537.36"
20.200.222.0 - - [22/Mar/2026:09:34:31 -0300] "GET /files/berlin.php HTTP/1.1" 404 3418 "-" "Mozilla/5.0 (Windows NT 10.0; Win64; x64) AppleWebKit/537.36 (KHTML, like Gecko) Chrome/120.0.0.0 Safari/537.36"
20.200.222.0 - - [22/Mar/2026:09:34:31 -0300] "GET /files/num.php HTTP/1.1" 404 3418 "-" "Mozilla/5.0 (Windows NT 10.0; Win64; x64) AppleWebKit/537.36 (KHTML, like Gecko) Chrome/120.0.0.0 Safari/537.36"
57.141.4.49 - - [22/Mar/2026:09:34:31 -0300] "GET /2024/09/09/omegle-chiude-quali-sono-le-various-per-chattare-con-sconosciuti-random/?fileloc=//proc/self/root/bin/nl-neigh-list&path=//proc/self/root/bin HTTP/1.1" 200 12382 "-" "meta-externalagent/1.1 (+https://developers.facebook.com/docs/sharing/webmasters/crawler)"
57.141.4.32 - - [22/Mar/2026:09:34:31 -0300] "GET /2024/09/09/omegle-chiude-quali-sono-le-various-per-chattare-con-sconosciuti-random/?path=//proc/self/root/lib/python2.7 HTTP/1.1" 200 14233 "-" "meta-externalagent/1.1 (+https://developers.facebook.com/docs/sharing/webmasters/crawler)"
20.200.222.0 - - [22/Mar/2026:09:34:32 -0300] "GET /fix.php HTTP/1.1" 404 3418 "-" "Mozilla/5.0 (Windows NT 10.0; Win64; x64) AppleWebKit/537.36 (KHTML, like Gecko) Chrome/120.0.0.0 Safari/537.36"
20.200.222.0 - - [22/Mar/2026:09:34:32 -0300] "GET /flower.php HTTP/1.1" 404 3418 "-" "Mozilla/5.0 (Windows NT 10.0; Win64; x64) AppleWebKit/537.36 (KHTML, like Gecko) Chrome/120.0.0.0 Safari/537.36"
57.141.4.52 - - [22/Mar/2026:09:34:32 -0300] "GET /2024/09/09/omegle-chiude-quali-sono-le-various-per-chattare-con-sconosciuti-random/?fileloc=//proc/self/root/bin/sg_senddiag&path=//proc/self/root/bin HTTP/1.1" 200 12380 "-" "meta-externalagent/1.1 (+https://developers.facebook.com/docs/sharing/webmasters/crawler)"
20.200.222.0 - - [22/Mar/2026:09:34:32 -0300] "GET /function.php HTTP/1.1" 404 3418 "-" "Mozilla/5.0 (Windows NT 10.0; Win64; x64) AppleWebKit/537.36 (KHTML, like Gecko) Chrome/120.0.0.0 Safari/537.36"
20.200.222.0 - - [22/Mar/2026:09:34:32 -0300] "GET /function/function.php HTTP/1.1" 404 3418 "-" "Mozilla/5.0 (Windows NT 10.0; Win64; x64) AppleWebKit/537.36 (KHTML, like Gecko) Chrome/120.0.0.0 Safari/537.36"
57.141.4.18 - - [22/Mar/2026:09:34:32 -0300] "GET /2024/09/09/omegle-chiude-quali-sono-le-various-per-chattare-con-sconosciuti-random/?fileloc=//proc/self/root/bin/python2&path=//proc/self/root/bin HTTP/1.1" 200 12376 "-" "meta-externalagent/1.1 (+https://developers.facebook.com/docs/sharing/webmasters/crawler)"
57.141.4.7 - - [22/Mar/2026:09:34:32 -0300] "GET /2024/09/09/omegle-chiude-quali-sono-le-various-per-chattare-con-sconosciuti-random/?fileloc=//proc/self/root/sbin/exim_checkaccess&path=//proc/self/root/sbin HTTP/1.1" 200 17759 "-" "meta-externalagent/1.1 (+https://developers.facebook.com/docs/sharing/webmasters/crawler)"
20.200.222.0 - - [22/Mar/2026:09:34:33 -0300] "GET /functions.php HTTP/1.1" 404 3418 "-" "Mozilla/5.0 (Windows NT 10.0; Win64; x64) AppleWebKit/537.36 (KHTML, like Gecko) Chrome/120.0.0.0 Safari/537.36"
20.200.222.0 - - [22/Mar/2026:09:34:33 -0300] "GET /gecko.php HTTP/1.1" 404 3418 "-" "Mozilla/5.0 (Windows NT 10.0; Win64; x64) AppleWebKit/537.36 (KHTML, like Gecko) Chrome/120.0.0.0 Safari/537.36"
57.141.4.55 - - [22/Mar/2026:09:34:33 -0300] "GET /2024/09/09/omegle-chiude-quali-sono-le-various-per-chattare-con-sconosciuti-random/?fileloc=//proc/self/root/bin/ssltap&path=//proc/self/root/bin HTTP/1.1" 200 12375 "-" "meta-externalagent/1.1 (+https://developers.facebook.com/docs/sharing/webmasters/crawler)"
20.200.222.0 - - [22/Mar/2026:09:34:33 -0300] "GET /gelay.php HTTP/1.1" 404 3418 "-" "Mozilla/5.0 (Windows NT 10.0; Win64; x64) AppleWebKit/537.36 (KHTML, like Gecko) Chrome/120.0.0.0 Safari/537.36"
57.141.4.38 - - [22/Mar/2026:09:34:33 -0300] "GET /2024/09/09/omegle-chiude-quali-sono-le-various-per-chattare-con-sconosciuti-random/?fileloc=//proc/self/root/bin/zmore&path=//proc/self/root/bin HTTP/1.1" 200 14328 "-" "meta-externalagent/1.1 (+https://developers.facebook.com/docs/sharing/webmasters/crawler)"
20.200.222.0 - - [22/Mar/2026:09:34:33 -0300] "GET /gg.php HTTP/1.1" 404 3418 "-" "Mozilla/5.0 (Windows NT 10.0; Win64; x64) AppleWebKit/537.36 (KHTML, like Gecko) Chrome/120.0.0.0 Safari/537.36"
20.200.222.0 - - [22/Mar/2026:09:34:33 -0300] "GET /goods.php HTTP/1.1" 404 3418 "-" "Mozilla/5.0 (Windows NT 10.0; Win64; x64) AppleWebKit/537.36 (KHTML, like Gecko) Chrome/120.0.0.0 Safari/537.36"
20.200.222.0 - - [22/Mar/2026:09:34:34 -0300] "GET /images/about.php HTTP/1.1" 404 3418 "-" "Mozilla/5.0 (Windows NT 10.0; Win64; x64) AppleWebKit/537.36 (KHTML, like Gecko) Chrome/120.0.0.0 Safari/537.36"
20.200.222.0 - - [22/Mar/2026:09:34:34 -0300] "GET /images/alfa-rex.php HTTP/1.1" 404 3418 "-" "Mozilla/5.0 (Windows NT 10.0; Win64; x64) AppleWebKit/537.36 (KHTML, like Gecko) Chrome/120.0.0.0 Safari/537.36"
57.141.4.53 - - [22/Mar/2026:09:34:34 -0300] "GET /2024/09/09/omegle-chiude-quali-sono-le-various-per-chattare-con-sconosciuti-random/?fileloc=//proc/self/root/bin/sw-engine&path=//proc/self/root/bin HTTP/1.1" 200 12378 "-" "meta-externalagent/1.1 (+https://developers.facebook.com/docs/sharing/webmasters/crawler)"
57.141.4.12 - - [22/Mar/2026:09:34:34 -0300] "GET /2024/09/09/omegle-chiude-quali-sono-le-various-per-chattare-con-sconosciuti-random/?fileloc=//proc/self/root/bin/chrt&path=//proc/self/root/bin HTTP/1.1" 200 12373 "-" "meta-externalagent/1.1 (+https://developers.facebook.com/docs/sharing/webmasters/crawler)"
20.200.222.0 - - [22/Mar/2026:09:34:34 -0300] "GET /images/index.php HTTP/1.1" 404 3418 "-" "Mozilla/5.0 (Windows NT 10.0; Win64; x64) AppleWebKit/537.36 (KHTML, like Gecko) Chrome/120.0.0.0 Safari/537.36"
20.200.222.0 - - [22/Mar/2026:09:34:34 -0300] "GET /images/photo.php HTTP/1.1" 404 3418 "-" "Mozilla/5.0 (Windows NT 10.0; Win64; x64) AppleWebKit/537.36 (KHTML, like Gecko) Chrome/120.0.0.0 Safari/537.36"
57.141.4.12 - - [22/Mar/2026:09:34:34 -0300] "GET /2024/09/09/omegle-chiude-quali-sono-le-various-per-chattare-con-sconosciuti-random/?fileloc=//proc/self/root/bin/oddjob_request&path=//proc/self/root/bin HTTP/1.1" 200 12383 "-" "meta-externalagent/1.1 (+https://developers.facebook.com/docs/sharing/webmasters/crawler)"
57.141.4.36 - - [22/Mar/2026:09:34:35 -0300] "GET /2024/09/09/omegle-chiude-quali-sono-le-various-per-chattare-con-sconosciuti-random/?fileloc=//proc/self/root/sbin/rpcbind&path=//proc/self/root/sbin HTTP/1.1" 200 12379 "-" "meta-externalagent/1.1 (+https://developers.facebook.com/docs/sharing/webmasters/crawler)"
20.200.222.0 - - [22/Mar/2026:09:34:35 -0300] "GET /img//classwithtostring.php HTTP/1.1" 404 3418 "-" "Mozilla/5.0 (Windows NT 10.0; Win64; x64) AppleWebKit/537.36 (KHTML, like Gecko) Chrome/120.0.0.0 Safari/537.36"
20.200.222.0 - - [22/Mar/2026:09:34:35 -0300] "GET /img/post.php HTTP/1.1" 404 3418 "-" "Mozilla/5.0 (Windows NT 10.0; Win64; x64) AppleWebKit/537.36 (KHTML, like Gecko) Chrome/120.0.0.0 Safari/537.36"
57.141.4.18 - - [22/Mar/2026:09:34:35 -0300] "GET /2024/09/09/omegle-chiude-quali-sono-le-various-per-chattare-con-sconosciuti-random/?fileloc=//proc/self/root/bin/lzgrep&path=//proc/self/root/bin HTTP/1.1" 200 18961 "-" "meta-externalagent/1.1 (+https://developers.facebook.com/docs/sharing/webmasters/crawler)"
57.141.4.50 - - [22/Mar/2026:09:34:35 -0300] "GET /2024/09/09/omegle-chiude-quali-sono-le-various-per-chattare-con-sconosciuti-random/?fileloc=//proc/self/root/sbin/pure-ftpwho&path=//proc/self/root/sbin HTTP/1.1" 200 12383 "-" "meta-externalagent/1.1 (+https://developers.facebook.com/docs/sharing/webmasters/crawler)"
20.200.222.0 - - [22/Mar/2026:09:34:35 -0300] "GET /index/admin.php HTTP/1.1" 404 3418 "-" "Mozilla/5.0 (Windows NT 10.0; Win64; x64) AppleWebKit/537.36 (KHTML, like Gecko) Chrome/120.0.0.0 Safari/537.36"
20.200.222.0 - - [22/Mar/2026:09:34:36 -0300] "GET /index/function.php HTTP/1.1" 404 3418 "-" "Mozilla/5.0 (Windows NT 10.0; Win64; x64) AppleWebKit/537.36 (KHTML, like Gecko) Chrome/120.0.0.0 Safari/537.36"
20.200.222.0 - - [22/Mar/2026:09:34:36 -0300] "GET /inputs.php HTTP/1.1" 404 3418 "-" "Mozilla/5.0 (Windows NT 10.0; Win64; x64) AppleWebKit/537.36 (KHTML, like Gecko) Chrome/120.0.0.0 Safari/537.36"
57.141.4.43 - - [22/Mar/2026:09:34:36 -0300] "GET /2024/09/09/omegle-chiude-quali-sono-le-various-per-chattare-con-sconosciuti-random/?fileloc=//proc/self/root/bin/telnet&path=//proc/self/root/bin HTTP/1.1" 200 12375 "-" "meta-externalagent/1.1 (+https://developers.facebook.com/docs/sharing/webmasters/crawler)"
57.141.4.13 - - [22/Mar/2026:09:34:36 -0300] "GET /2024/09/09/omegle-chiude-quali-sono-le-various-per-chattare-con-sconosciuti-random/?fileloc=//proc/self/root/sbin/setfiles&path=//proc/self/root/sbin HTTP/1.1" 200 12380 "-" "meta-externalagent/1.1 (+https://developers.facebook.com/docs/sharing/webmasters/crawler)"
57.141.4.3 - - [22/Mar/2026:09:34:36 -0300] "GET /2024/09/09/omegle-chiude-quali-sono-le-various-per-chattare-con-sconosciuti-random/?path=//proc/self/root/var/mod_lsapi HTTP/1.1" 200 12838 "-" "meta-externalagent/1.1 (+https://developers.facebook.com/docs/sharing/webmasters/crawler)"
20.200.222.0 - - [22/Mar/2026:09:34:36 -0300] "GET /install.php HTTP/1.1" 404 3418 "-" "Mozilla/5.0 (Windows NT 10.0; Win64; x64) AppleWebKit/537.36 (KHTML, like Gecko) Chrome/120.0.0.0 Safari/537.36"
20.200.222.0 - - [22/Mar/2026:09:34:36 -0300] "GET /ioxi-o.php HTTP/1.1" 404 3418 "-" "Mozilla/5.0 (Windows NT 10.0; Win64; x64) AppleWebKit/537.36 (KHTML, like Gecko) Chrome/120.0.0.0 Safari/537.36"
142.127.7.150 - - [22/Mar/2026:09:34:36 -0300] "GET /wp-login.php?wp_lang=en_US HTTP/1.1" 200 54931 "-" "Mozilla/5.0 (Windows NT 10.0; Win64; x64) AppleWebKit/537.36 (KHTML, like Gecko) Chrome/124.0.6367.207 Safari/537.36"
20.200.222.0 - - [22/Mar/2026:09:34:37 -0300] "GET /item.php HTTP/1.1" 404 3418 "-" "Mozilla/5.0 (Windows NT 10.0; Win64; x64) AppleWebKit/537.36 (KHTML, like Gecko) Chrome/120.0.0.0 Safari/537.36"
57.141.4.21 - - [22/Mar/2026:09:34:37 -0300] "GET /2024/09/09/omegle-chiude-quali-sono-le-various-per-chattare-con-sconosciuti-random/?fileloc=//proc/self/root/sbin/getcap&path=//proc/self/root/sbin HTTP/1.1" 200 12378 "-" "meta-externalagent/1.1 (+https://developers.facebook.com/docs/sharing/webmasters/crawler)"
20.200.222.0 - - [22/Mar/2026:09:34:37 -0300] "GET /jquery.php HTTP/1.1" 404 3418 "-" "Mozilla/5.0 (Windows NT 10.0; Win64; x64) AppleWebKit/537.36 (KHTML, like Gecko) Chrome/120.0.0.0 Safari/537.36"
57.141.4.51 - - [22/Mar/2026:09:34:37 -0300] "GET /2024/09/09/omegle-chiude-quali-sono-le-various-per-chattare-con-sconosciuti-random/?fileloc=//proc/self/root/bin/update-mime-database&path=//proc/self/root/bin HTTP/1.1" 200 12389 "-" "meta-externalagent/1.1 (+https://developers.facebook.com/docs/sharing/webmasters/crawler)"
20.200.222.0 - - [22/Mar/2026:09:34:37 -0300] "GET /k.php HTTP/1.1" 404 3418 "-" "Mozilla/5.0 (Windows NT 10.0; Win64; x64) AppleWebKit/537.36 (KHTML, like Gecko) Chrome/120.0.0.0 Safari/537.36"
57.141.4.19 - - [22/Mar/2026:09:34:37 -0300] "GET /2024/09/09/omegle-chiude-quali-sono-le-various-per-chattare-con-sconosciuti-random/?fileloc=//proc/self/root/bin/whiptail&path=//proc/self/root/bin HTTP/1.1" 200 12377 "-" "meta-externalagent/1.1 (+https://developers.facebook.com/docs/sharing/webmasters/crawler)"
20.200.222.0 - - [22/Mar/2026:09:34:37 -0300] "GET /ku.php HTTP/1.1" 404 3418 "-" "Mozilla/5.0 (Windows NT 10.0; Win64; x64) AppleWebKit/537.36 (KHTML, like Gecko) Chrome/120.0.0.0 Safari/537.36"
57.141.4.50 - - [22/Mar/2026:09:34:37 -0300] "GET /2024/09/09/omegle-chiude-quali-sono-le-various-per-chattare-con-sconosciuti-random/?fileloc=//proc/self/root/sbin/dnssec-importkey&path=//proc/self/root/sbin HTTP/1.1" 200 12388 "-" "meta-externalagent/1.1 (+https://developers.facebook.com/docs/sharing/webmasters/crawler)"
20.200.222.0 - - [22/Mar/2026:09:34:38 -0300] "GET /load.php HTTP/1.1" 404 3418 "-" "Mozilla/5.0 (Windows NT 10.0; Win64; x64) AppleWebKit/537.36 (KHTML, like Gecko) Chrome/120.0.0.0 Safari/537.36"
20.200.222.0 - - [22/Mar/2026:09:34:38 -0300] "GET /lock360.php HTTP/1.1" 404 3418 "-" "Mozilla/5.0 (Windows NT 10.0; Win64; x64) AppleWebKit/537.36 (KHTML, like Gecko) Chrome/120.0.0.0 Safari/537.36"
57.141.4.51 - - [22/Mar/2026:09:34:38 -0300] "GET /2024/09/09/omegle-chiude-quali-sono-le-various-per-chattare-con-sconosciuti-random/?fileloc=//proc/self/root/sbin/umount.nfs&path=//proc/self/root/sbin HTTP/1.1" 200 12382 "-" "meta-externalagent/1.1 (+https://developers.facebook.com/docs/sharing/webmasters/crawler)"
20.200.222.0 - - [22/Mar/2026:09:34:38 -0300] "GET /log.php HTTP/1.1" 404 3418 "-" "Mozilla/5.0 (Windows NT 10.0; Win64; x64) AppleWebKit/537.36 (KHTML, like Gecko) Chrome/120.0.0.0 Safari/537.36"
57.141.4.9 - - [22/Mar/2026:09:34:38 -0300] "GET /2024/09/09/omegle-chiude-quali-sono-le-various-per-chattare-con-sconosciuti-random/?fileloc=//proc/self/root/sbin/adduser&path=//proc/self/root/sbin HTTP/1.1" 200 12379 "-" "meta-externalagent/1.1 (+https://developers.facebook.com/docs/sharing/webmasters/crawler)"
57.141.4.22 - - [22/Mar/2026:09:34:38 -0300] "GET /2024/09/09/omegle-chiude-quali-sono-le-various-per-chattare-con-sconosciuti-random/?fileloc=//proc/self/root/bin/sadf&path=//proc/self/root/bin HTTP/1.1" 200 12373 "-" "meta-externalagent/1.1 (+https://developers.facebook.com/docs/sharing/webmasters/crawler)"
20.200.222.0 - - [22/Mar/2026:09:34:39 -0300] "GET /lv.php HTTP/1.1" 404 3418 "-" "Mozilla/5.0 (Windows NT 10.0; Win64; x64) AppleWebKit/537.36 (KHTML, like Gecko) Chrome/120.0.0.0 Safari/537.36"
20.200.222.0 - - [22/Mar/2026:09:34:39 -0300] "GET /mah/function.php HTTP/1.1" 404 3418 "-" "Mozilla/5.0 (Windows NT 10.0; Win64; x64) AppleWebKit/537.36 (KHTML, like Gecko) Chrome/120.0.0.0 Safari/537.36"
57.141.4.31 - - [22/Mar/2026:09:34:39 -0300] "GET /2024/09/09/omegle-chiude-quali-sono-le-various-per-chattare-con-sconosciuti-random/?fileloc=//proc/self/root/usr/tmpDSK&path=//proc/self/root/usr HTTP/1.1" 200 12375 "-" "meta-externalagent/1.1 (+https://developers.facebook.com/docs/sharing/webmasters/crawler)"
20.200.222.0 - - [22/Mar/2026:09:34:39 -0300] "GET /makeasmtp.php HTTP/1.1" 404 3418 "-" "Mozilla/5.0 (Windows NT 10.0; Win64; x64) AppleWebKit/537.36 (KHTML, like Gecko) Chrome/120.0.0.0 Safari/537.36"
57.141.4.71 - - [22/Mar/2026:09:34:39 -0300] "GET /2024/09/09/omegle-chiude-quali-sono-le-various-per-chattare-con-sconosciuti-random/?fileloc=//proc/self/root/bin/msgexec&path=//proc/self/root/bin HTTP/1.1" 200 12376 "-" "meta-externalagent/1.1 (+https://developers.facebook.com/docs/sharing/webmasters/crawler)"
20.200.222.0 - - [22/Mar/2026:09:34:39 -0300] "GET /manager.php HTTP/1.1" 404 3418 "-" "Mozilla/5.0 (Windows NT 10.0; Win64; x64) AppleWebKit/537.36 (KHTML, like Gecko) Chrome/120.0.0.0 Safari/537.36"
20.200.222.0 - - [22/Mar/2026:09:34:39 -0300] "GET /mass.php HTTP/1.1" 404 3418 "-" "Mozilla/5.0 (Windows NT 10.0; Win64; x64) AppleWebKit/537.36 (KHTML, like Gecko) Chrome/120.0.0.0 Safari/537.36"
57.141.4.66 - - [22/Mar/2026:09:34:40 -0300] "GET /2024/09/09/omegle-chiude-quali-sono-le-various-per-chattare-con-sconosciuti-random/?fileloc=//proc/self/root/bin/pkla-admin-identities&path=//proc/self/root/bin HTTP/1.1" 200 12390 "-" "meta-externalagent/1.1 (+https://developers.facebook.com/docs/sharing/webmasters/crawler)"
20.200.222.0 - - [22/Mar/2026:09:34:40 -0300] "GET /memberfuns.php HTTP/1.1" 404 3418 "-" "Mozilla/5.0 (Windows NT 10.0; Win64; x64) AppleWebKit/537.36 (KHTML, like Gecko) Chrome/120.0.0.0 Safari/537.36"
57.141.4.11 - - [22/Mar/2026:09:34:40 -0300] "GET /2024/09/09/omegle-chiude-quali-sono-le-various-per-chattare-con-sconosciuti-random/?fileloc=//proc/self/root/bin/nl-rule-list&path=//proc/self/root/bin HTTP/1.1" 200 12381 "-" "meta-externalagent/1.1 (+https://developers.facebook.com/docs/sharing/webmasters/crawler)"
20.200.222.0 - - [22/Mar/2026:09:34:40 -0300] "GET /meta.php HTTP/1.1" 404 3418 "-" "Mozilla/5.0 (Windows NT 10.0; Win64; x64) AppleWebKit/537.36 (KHTML, like Gecko) Chrome/120.0.0.0 Safari/537.36"
20.200.222.0 - - [22/Mar/2026:09:34:40 -0300] "GET /mini.php HTTP/1.1" 404 3418 "-" "Mozilla/5.0 (Windows NT 10.0; Win64; x64) AppleWebKit/537.36 (KHTML, like Gecko) Chrome/120.0.0.0 Safari/537.36"
57.141.4.24 - - [22/Mar/2026:09:34:40 -0300] "GET /2024/09/09/omegle-chiude-quali-sono-le-various-per-chattare-con-sconosciuti-random/?fileloc=//proc/self/root/bin/agentxtrap&path=//proc/self/root/bin HTTP/1.1" 200 12379 "-" "meta-externalagent/1.1 (+https://developers.facebook.com/docs/sharing/webmasters/crawler)"
57.141.4.39 - - [22/Mar/2026:09:34:40 -0300] "GET /2024/09/09/omegle-chiude-quali-sono-le-various-per-chattare-con-sconosciuti-random/?fileloc=//proc/self/root/bin/id&path=//proc/self/root/bin HTTP/1.1" 200 12371 "-" "meta-externalagent/1.1 (+https://developers.facebook.com/docs/sharing/webmasters/crawler)"
20.200.222.0 - - [22/Mar/2026:09:34:40 -0300] "GET /mm.php HTTP/1.1" 404 3418 "-" "Mozilla/5.0 (Windows NT 10.0; Win64; x64) AppleWebKit/537.36 (KHTML, like Gecko) Chrome/120.0.0.0 Safari/537.36"
20.200.222.0 - - [22/Mar/2026:09:34:41 -0300] "GET /modules/mod_footer/tmpl/ HTTP/1.1" 404 3418 "-" "Mozilla/5.0 (Windows NT 10.0; Win64; x64) AppleWebKit/537.36 (KHTML, like Gecko) Chrome/120.0.0.0 Safari/537.36"
20.200.222.0 - - [22/Mar/2026:09:34:41 -0300] "GET /modules/mod_simplefileuploadv1.3/elements/file.php HTTP/1.1" 404 3418 "-" "Mozilla/5.0 (Windows NT 10.0; Win64; x64) AppleWebKit/537.36 (KHTML, like Gecko) Chrome/120.0.0.0 Safari/537.36"
20.200.222.0 - - [22/Mar/2026:09:34:41 -0300] "GET /moon.php HTTP/1.1" 404 3418 "-" "Mozilla/5.0 (Windows NT 10.0; Win64; x64) AppleWebKit/537.36 (KHTML, like Gecko) Chrome/120.0.0.0 Safari/537.36"
57.141.4.41 - - [22/Mar/2026:09:34:41 -0300] "GET /2024/09/09/omegle-chiude-quali-sono-le-various-per-chattare-con-sconosciuti-random/?fileloc=//proc/self/root/bin/zipinfo&path=//proc/self/root/bin HTTP/1.1" 200 12376 "-" "meta-externalagent/1.1 (+https://developers.facebook.com/docs/sharing/webmasters/crawler)"
20.200.222.0 - - [22/Mar/2026:09:34:41 -0300] "GET /n.php HTTP/1.1" 404 3418 "-" "Mozilla/5.0 (Windows NT 10.0; Win64; x64) AppleWebKit/537.36 (KHTML, like Gecko) Chrome/120.0.0.0 Safari/537.36"
57.141.4.5 - - [22/Mar/2026:09:34:41 -0300] "GET /2024/09/09/omegle-chiude-quali-sono-le-various-per-chattare-con-sconosciuti-random/?fileloc=//proc/self/root/bin/graphml2gv&path=//proc/self/root/bin HTTP/1.1" 200 12379 "-" "meta-externalagent/1.1 (+https://developers.facebook.com/docs/sharing/webmasters/crawler)"
57.141.4.38 - - [22/Mar/2026:09:34:41 -0300] "GET /2024/09/09/omegle-chiude-quali-sono-le-various-per-chattare-con-sconosciuti-random/?fileloc=//proc/self/root/sbin/pure-ftpd&path=//proc/self/root/sbin HTTP/1.1" 200 12381 "-" "meta-externalagent/1.1 (+https://developers.facebook.com/docs/sharing/webmasters/crawler)"
20.200.222.0 - - [22/Mar/2026:09:34:42 -0300] "GET /nc4.php HTTP/1.1" 404 3418 "-" "Mozilla/5.0 (Windows NT 10.0; Win64; x64) AppleWebKit/537.36 (KHTML, like Gecko) Chrome/120.0.0.0 Safari/537.36"
57.141.4.40 - - [22/Mar/2026:09:34:42 -0300] "GET /2024/09/09/omegle-chiude-quali-sono-le-various-per-chattare-con-sconosciuti-random/?path=//proc/self/root/lib/motd.d HTTP/1.1" 200 12832 "-" "meta-externalagent/1.1 (+https://developers.facebook.com/docs/sharing/webmasters/crawler)"
20.200.222.0 - - [22/Mar/2026:09:34:42 -0300] "GET /new.php HTTP/1.1" 404 3418 "-" "Mozilla/5.0 (Windows NT 10.0; Win64; x64) AppleWebKit/537.36 (KHTML, like Gecko) Chrome/120.0.0.0 Safari/537.36"
20.200.222.0 - - [22/Mar/2026:09:34:42 -0300] "GET /packed.php HTTP/1.1" 404 3418 "-" "Mozilla/5.0 (Windows NT 10.0; Win64; x64) AppleWebKit/537.36 (KHTML, like Gecko) Chrome/120.0.0.0 Safari/537.36"
57.141.4.26 - - [22/Mar/2026:09:34:42 -0300] "GET /2024/09/09/omegle-chiude-quali-sono-le-various-per-chattare-con-sconosciuti-random/?fileloc=//proc/self/root/sbin/virt-what&path=//proc/self/root/sbin HTTP/1.1" 200 28845 "-" "meta-externalagent/1.1 (+https://developers.facebook.com/docs/sharing/webmasters/crawler)"
20.200.222.0 - - [22/Mar/2026:09:34:42 -0300] "GET /patriotic/wp-includes/images/smilies/ HTTP/1.1" 404 3418 "-" "Mozilla/5.0 (Windows NT 10.0; Win64; x64) AppleWebKit/537.36 (KHTML, like Gecko) Chrome/120.0.0.0 Safari/537.36"
20.200.222.0 - - [22/Mar/2026:09:34:43 -0300] "GET /plugin.php HTTP/1.1" 404 3418 "-" "Mozilla/5.0 (Windows NT 10.0; Win64; x64) AppleWebKit/537.36 (KHTML, like Gecko) Chrome/120.0.0.0 Safari/537.36"
57.141.4.28 - - [22/Mar/2026:09:34:43 -0300] "GET /2024/09/09/omegle-chiude-quali-sono-le-various-per-chattare-con-sconosciuti-random/?fileloc=//proc/self/root/bin/grub2-glue-efi&path=//proc/self/root/bin HTTP/1.1" 200 12383 "-" "meta-externalagent/1.1 (+https://developers.facebook.com/docs/sharing/webmasters/crawler)"
20.200.222.0 - - [22/Mar/2026:09:34:43 -0300] "GET /public/moon.php HTTP/1.1" 404 3418 "-" "Mozilla/5.0 (Windows NT 10.0; Win64; x64) AppleWebKit/537.36 (KHTML, like Gecko) Chrome/120.0.0.0 Safari/537.36"
57.141.4.48 - - [22/Mar/2026:09:34:43 -0300] "GET /2024/09/09/omegle-chiude-quali-sono-le-various-per-chattare-con-sconosciuti-random/?fileloc=//proc/self/root/sbin/quotacheck&path=//proc/self/root/sbin HTTP/1.1" 200 12382 "-" "meta-externalagent/1.1 (+https://developers.facebook.com/docs/sharing/webmasters/crawler)"
20.200.222.0 - - [22/Mar/2026:09:34:43 -0300] "GET /public/storage.php HTTP/1.1" 404 3418 "-" "Mozilla/5.0 (Windows NT 10.0; Win64; x64) AppleWebKit/537.36 (KHTML, like Gecko) Chrome/120.0.0.0 Safari/537.36"
