198.244.183.20 - - [21/Mar/2026:13:22:08 -0300] "GET /2025/05/15/enjoy-merlins-money-100-percent-free-during-the-harbors-from-las-casino-betway-100-free-spins-vegas/ HTTP/1.1" 200 51952 "-" "Mozilla/5.0 (compatible; AhrefsBot/7.0; +http://ahrefs.com/robot/)"
216.73.216.20 - - [21/Mar/2026:13:22:11 -0300] "GET /shopdetail/3605932259 HTTP/1.1" 404 41416 "-" "Mozilla/5.0 AppleWebKit/537.36 (KHTML, like Gecko; compatible; ClaudeBot/1.0; +claudebot@anthropic.com)"
216.73.216.20 - - [21/Mar/2026:13:22:13 -0300] "GET /shopdetail/2966417309 HTTP/1.1" 404 41416 "-" "Mozilla/5.0 AppleWebKit/537.36 (KHTML, like Gecko; compatible; ClaudeBot/1.0; +claudebot@anthropic.com)"
217.182.139.33 - - [21/Mar/2026:13:22:15 -0300] "GET /2025/11/02/casinos-en-ligne-belgique-%E1%90%85-top-10-des-casinos-belges-legaux/ HTTP/1.1" 200 51994 "-" "Mozilla/5.0 (compatible; MJ12bot/v1.4.8; http://mj12bot.com/)"
216.73.216.20 - - [21/Mar/2026:13:22:16 -0300] "GET /shopdetail/504157967 HTTP/1.1" 404 41416 "-" "Mozilla/5.0 AppleWebKit/537.36 (KHTML, like Gecko; compatible; ClaudeBot/1.0; +claudebot@anthropic.com)"
216.73.216.20 - - [21/Mar/2026:13:22:20 -0300] "GET /shopdetail/2217814033 HTTP/1.1" 404 41416 "-" "Mozilla/5.0 AppleWebKit/537.36 (KHTML, like Gecko; compatible; ClaudeBot/1.0; +claudebot@anthropic.com)"
103.215.229.119 - - [21/Mar/2026:13:22:20 -0300] "GET /2025/10/27/fuball-heute-uhrzeit-dortmund/ HTTP/1.1" 200 381699 "-" "Mozilla/5.0 (compatible; Googlebot/2.1; +http://www.google.com/bot.html)"
217.182.139.33 - - [21/Mar/2026:13:22:22 -0300] "GET /2025/11/02/gorilla-monkey-crocodopolis-erreichbar-slot-warrior-80-freie-spins-spielautomat-gebuhrenfrei-blos-anmeldung-%E6%9D%B1%E6%82%9F%E3%82%A2%E3%82%BB%E3%83%83%E3%83%88%E3%83%BB%E3%83%9E%E3%83%8D%E3%82%B8/ HTTP/1.1" 200 51843 "-" "Mozilla/5.0 (compatible; MJ12bot/v1.4.8; http://mj12bot.com/)"
216.73.216.20 - - [21/Mar/2026:13:22:22 -0300] "GET /shopdetail/4085118481 HTTP/1.1" 404 41416 "-" "Mozilla/5.0 AppleWebKit/537.36 (KHTML, like Gecko; compatible; ClaudeBot/1.0; +claudebot@anthropic.com)"
51.195.244.182 - - [21/Mar/2026:13:22:23 -0300] "GET /2025/09/10/current-british-no-deposit-bonuses-2025-get-10-totally-free/ HTTP/1.1" 200 55192 "-" "Mozilla/5.0 (compatible; AhrefsBot/7.0; +http://ahrefs.com/robot/)"
66.249.70.35 - - [21/Mar/2026:13:22:26 -0300] "GET /policy/90010.php?shopdetail/1179090930 HTTP/1.1" 200 402034 "-" "Mozilla/5.0 (Linux; Android 6.0.1; Nexus 5X Build/MMB29P) AppleWebKit/537.36 (KHTML, like Gecko) Chrome/145.0.7632.159 Mobile Safari/537.36 (compatible; GoogleOther)"
217.182.139.33 - - [21/Mar/2026:13:22:26 -0300] "GET /2025/11/07/1xbet-%E0%A6%B8%E0%A6%A6%E0%A6%B8%E0%A7%8D%E0%A6%AF%E0%A6%AA%E0%A6%A6-%E0%A6%B8%E0%A7%8D%E0%A6%AA%E0%A7%8B%E0%A6%B0%E0%A7%8D%E0%A6%9F%E0%A6%B8-%E0%A6%AC%E0%A7%87%E0%A6%9F%E0%A6%BF%E0%A6%82-%E0%A6%8F/ HTTP/1.1" 200 66532 "-" "Mozilla/5.0 (compatible; MJ12bot/v1.4.8; http://mj12bot.com/)"
216.73.216.20 - - [21/Mar/2026:13:22:27 -0300] "GET /shopdetail/3524288574 HTTP/1.1" 404 41416 "-" "Mozilla/5.0 AppleWebKit/537.36 (KHTML, like Gecko; compatible; ClaudeBot/1.0; +claudebot@anthropic.com)"
198.244.226.168 - - [21/Mar/2026:13:22:28 -0300] "GET /2025/08/30/bezplatna-kasa-1-usd-depozyt-ancient-secrets-zbyt-rejestracje-wyjawszy-depozytu-kasyna-pl-2025/ HTTP/1.1" 200 54659 "-" "Mozilla/5.0 (compatible; AhrefsBot/7.0; +http://ahrefs.com/robot/)"
216.73.216.20 - - [21/Mar/2026:13:22:30 -0300] "GET /shopdetail/846656053 HTTP/1.1" 404 41416 "-" "Mozilla/5.0 AppleWebKit/537.36 (KHTML, like Gecko; compatible; ClaudeBot/1.0; +claudebot@anthropic.com)"
217.182.139.33 - - [21/Mar/2026:13:22:30 -0300] "GET /2025/11/08/r%C9%99smi-onlayn-kazino-sayti-7500-azn-bonus/ HTTP/1.1" 200 50004 "-" "Mozilla/5.0 (compatible; MJ12bot/v1.4.8; http://mj12bot.com/)"
216.73.216.20 - - [21/Mar/2026:13:22:36 -0300] "GET /shopdetail/2657093134 HTTP/1.1" 404 41416 "-" "Mozilla/5.0 AppleWebKit/537.36 (KHTML, like Gecko; compatible; ClaudeBot/1.0; +claudebot@anthropic.com)"
217.182.139.33 - - [21/Mar/2026:13:22:37 -0300] "GET /2025/11/10/android-v%C9%99-iphone-ucun-1xbet-i-pulsuz-yukl%C9%99yin-qeyri-t%C9%99til-2025/ HTTP/1.1" 200 50516 "-" "Mozilla/5.0 (compatible; MJ12bot/v1.4.8; http://mj12bot.com/)"
216.73.216.20 - - [21/Mar/2026:13:22:39 -0300] "GET /shopdetail/3801698218 HTTP/1.1" 404 41416 "-" "Mozilla/5.0 AppleWebKit/537.36 (KHTML, like Gecko; compatible; ClaudeBot/1.0; +claudebot@anthropic.com)"
198.244.168.223 - - [21/Mar/2026:13:22:40 -0300] "GET /2025/06/05/fresco-casino-online-top-novos-casinos-em-portugal-2025-2/ HTTP/1.1" 200 51450 "-" "Mozilla/5.0 (compatible; AhrefsBot/7.0; +http://ahrefs.com/robot/)"
216.73.216.20 - - [21/Mar/2026:13:22:43 -0300] "GET /shopdetail/1389243363 HTTP/1.1" 404 41416 "-" "Mozilla/5.0 AppleWebKit/537.36 (KHTML, like Gecko; compatible; ClaudeBot/1.0; +claudebot@anthropic.com)"
217.182.139.33 - - [21/Mar/2026:13:22:44 -0300] "GET /2025/11/23/game-club-lotoclub-resmi-zhurnaly-mereke-zh%D3%99ne-dizayn/ HTTP/1.1" 200 59159 "-" "Mozilla/5.0 (compatible; MJ12bot/v1.4.8; http://mj12bot.com/)"
51.89.129.234 - - [21/Mar/2026:13:22:47 -0300] "GET /2025/09/08/magic-red-consejos-una-medio-mrbet-no-deposito-bonus-50-giros-gratis-confiable/ HTTP/1.1" 200 62769 "-" "Mozilla/5.0 (compatible; AhrefsBot/7.0; +http://ahrefs.com/robot/)"
216.73.216.20 - - [21/Mar/2026:13:22:47 -0300] "GET /shopdetail/3218246829 HTTP/1.1" 404 41416 "-" "Mozilla/5.0 AppleWebKit/537.36 (KHTML, like Gecko; compatible; ClaudeBot/1.0; +claudebot@anthropic.com)"
216.73.216.20 - - [21/Mar/2026:13:22:48 -0300] "GET /shopdetail/2035631664 HTTP/1.1" 404 41416 "-" "Mozilla/5.0 AppleWebKit/537.36 (KHTML, like Gecko; compatible; ClaudeBot/1.0; +claudebot@anthropic.com)"
198.244.183.154 - - [21/Mar/2026:13:22:50 -0300] "GET /2025/08/14/best-online-slots-games-the-real-deal-money-and-you-will-slot-gambling-enterprises-inside-the-2025/ HTTP/1.1" 200 52310 "-" "Mozilla/5.0 (compatible; AhrefsBot/7.0; +http://ahrefs.com/robot/)"
216.73.216.20 - - [21/Mar/2026:13:22:51 -0300] "GET /shopdetail/2587378253 HTTP/1.1" 404 41416 "-" "Mozilla/5.0 AppleWebKit/537.36 (KHTML, like Gecko; compatible; ClaudeBot/1.0; +claudebot@anthropic.com)"
209.145.58.97 - - [21/Mar/2026:13:22:51 -0300] "POST /wp-cron.php?doing_wp_cron=1774110171.7900218963623046875000 HTTP/1.1" 200 - "-" "WordPress/6.9.4; https://www.casadasbombasdeassis.com.br"
23.90.184.36 - - [21/Mar/2026:13:22:50 -0300] "POST /xmlrpc.php HTTP/1.1" 200 181 "-" "Mozilla/5.0 (Windows NT 10.0; Win64; x64) AppleWebKit/537.36 (KHTML, like Gecko) Chrome/114.0.0.0 Safari/537.36"
217.182.139.33 - - [21/Mar/2026:13:22:51 -0300] "GET /2025/11/25/empezar-tipo-book-of-dead-casino-de-boquilla-desplazandolo-6-appeal-casino-hacia-el-pelo-sometimiento-simple-meshchan%D1%96nov-oleksandr-pavlovich/ HTTP/1.1" 200 59660 "-" "Mozilla/5.0 (compatible; MJ12bot/v1.4.8; http://mj12bot.com/)"
217.182.139.33 - - [21/Mar/2026:13:22:56 -0300] "GET /2025/12/03/1xbet-mirror-bu-gun-ucun-qeyri-t%C9%99til-1xbet-oxatan-2025/ HTTP/1.1" 200 56327 "-" "Mozilla/5.0 (compatible; MJ12bot/v1.4.8; http://mj12bot.com/)"
216.73.216.20 - - [21/Mar/2026:13:22:57 -0300] "GET /shopdetail/555128360 HTTP/1.1" 404 41416 "-" "Mozilla/5.0 AppleWebKit/537.36 (KHTML, like Gecko; compatible; ClaudeBot/1.0; +claudebot@anthropic.com)"
66.249.70.35 - - [21/Mar/2026:13:22:57 -0300] "GET /policy/90010.php?shopdetail/3074533777 HTTP/1.1" 200 401637 "-" "Mozilla/5.0 (Linux; Android 6.0.1; Nexus 5X Build/MMB29P) AppleWebKit/537.36 (KHTML, like Gecko) Chrome/145.0.7632.159 Mobile Safari/537.36 (compatible; GoogleOther)"
23.90.184.36 - - [21/Mar/2026:13:22:58 -0300] "POST /xmlrpc.php HTTP/1.1" 200 7820 "-" "Mozilla/5.0 (Windows NT 10.0; Win64; x64) AppleWebKit/537.36 (KHTML, like Gecko) Chrome/114.0.0.0 Safari/537.36"
198.244.240.84 - - [21/Mar/2026:13:23:00 -0300] "GET /2025/09/13/an-entire-wolf-moon-goes-up-tonight-jan-13-heres-how-to-view-it-block-mars-from-the-sky/ HTTP/1.1" 200 49624 "-" "Mozilla/5.0 (compatible; AhrefsBot/7.0; +http://ahrefs.com/robot/)"
216.73.216.20 - - [21/Mar/2026:13:23:01 -0300] "GET /shopdetail/231732329 HTTP/1.1" 404 41416 "-" "Mozilla/5.0 AppleWebKit/537.36 (KHTML, like Gecko; compatible; ClaudeBot/1.0; +claudebot@anthropic.com)"
23.90.184.36 - - [21/Mar/2026:13:23:02 -0300] "GET /2026/03/21/quick-and-easy-coins-to-purchase-having-zula-gambling-establishment/ HTTP/1.1" 200 47414 "-" "Mozilla/5.0 (Windows NT 10.0; Win64; x64) AppleWebKit/537.36 (KHTML, like Gecko) Chrome/124.0.0.0 Safari/537.36"
216.73.216.20 - - [21/Mar/2026:13:23:04 -0300] "GET /shopdetail/2994812856 HTTP/1.1" 404 41416 "-" "Mozilla/5.0 AppleWebKit/537.36 (KHTML, like Gecko; compatible; ClaudeBot/1.0; +claudebot@anthropic.com)"
216.73.216.20 - - [21/Mar/2026:13:23:08 -0300] "GET /shopdetail/15474897 HTTP/1.1" 404 41416 "-" "Mozilla/5.0 AppleWebKit/537.36 (KHTML, like Gecko; compatible; ClaudeBot/1.0; +claudebot@anthropic.com)"
198.244.168.69 - - [21/Mar/2026:13:23:14 -0300] "GET /2025/05/13/fruit-mischgetrank-slot-machine-bericht-free-slot-golden-lemon-instant-play-game/ HTTP/1.1" 200 53574 "-" "Mozilla/5.0 (compatible; AhrefsBot/7.0; +http://ahrefs.com/robot/)"
216.73.216.20 - - [21/Mar/2026:13:23:14 -0300] "GET /shopdetail/4030098702 HTTP/1.1" 404 41416 "-" "Mozilla/5.0 AppleWebKit/537.36 (KHTML, like Gecko; compatible; ClaudeBot/1.0; +claudebot@anthropic.com)"
198.244.183.199 - - [21/Mar/2026:13:23:24 -0300] "GET /2025/05/17/boomanji-betsoft-casino-games/ HTTP/1.1" 200 55821 "-" "Mozilla/5.0 (compatible; AhrefsBot/7.0; +http://ahrefs.com/robot/)"
66.249.70.37 - - [21/Mar/2026:13:23:29 -0300] "GET /policy/90010.php?shopdetail/4196333883 HTTP/1.1" 200 396389 "-" "Mozilla/5.0 (Linux; Android 6.0.1; Nexus 5X Build/MMB29P) AppleWebKit/537.36 (KHTML, like Gecko) Chrome/145.0.7632.159 Mobile Safari/537.36 (compatible; GoogleOther)"
54.38.147.116 - - [21/Mar/2026:13:23:33 -0300] "GET /2025/10/15/gamble-today-100-percent-free-the-new-euro-video-game-novomatic-trial-position/ HTTP/1.1" 200 52574 "-" "Mozilla/5.0 (compatible; AhrefsBot/7.0; +http://ahrefs.com/robot/)"
216.73.216.20 - - [21/Mar/2026:13:23:41 -0300] "GET /shopdetail/1175377732 HTTP/1.1" 404 41416 "-" "Mozilla/5.0 AppleWebKit/537.36 (KHTML, like Gecko; compatible; ClaudeBot/1.0; +claudebot@anthropic.com)"
216.73.216.20 - - [21/Mar/2026:13:23:45 -0300] "GET /shopdetail/3943488474 HTTP/1.1" 404 41416 "-" "Mozilla/5.0 AppleWebKit/537.36 (KHTML, like Gecko; compatible; ClaudeBot/1.0; +claudebot@anthropic.com)"
216.73.216.20 - - [21/Mar/2026:13:23:46 -0300] "GET /shopdetail/3070492147 HTTP/1.1" 404 41416 "-" "Mozilla/5.0 AppleWebKit/537.36 (KHTML, like Gecko; compatible; ClaudeBot/1.0; +claudebot@anthropic.com)"
216.73.216.20 - - [21/Mar/2026:13:23:48 -0300] "GET /shopdetail/2855446814 HTTP/1.1" 404 41416 "-" "Mozilla/5.0 AppleWebKit/537.36 (KHTML, like Gecko; compatible; ClaudeBot/1.0; +claudebot@anthropic.com)"
198.244.226.123 - - [21/Mar/2026:13:23:49 -0300] "GET /2025/08/18/ideas-on-how-to-play-keno-learn-keno-laws-and-regulations-strategy-captain-nelson-deluxe-casino-how-to-winnings/ HTTP/1.1" 200 50267 "-" "Mozilla/5.0 (compatible; AhrefsBot/7.0; +http://ahrefs.com/robot/)"
216.73.216.20 - - [21/Mar/2026:13:23:51 -0300] "GET /shopdetail/4127114686 HTTP/1.1" 404 41416 "-" "Mozilla/5.0 AppleWebKit/537.36 (KHTML, like Gecko; compatible; ClaudeBot/1.0; +claudebot@anthropic.com)"
216.73.216.20 - - [21/Mar/2026:13:23:55 -0300] "GET /shopdetail/2052986718 HTTP/1.1" 404 41416 "-" "Mozilla/5.0 AppleWebKit/537.36 (KHTML, like Gecko; compatible; ClaudeBot/1.0; +claudebot@anthropic.com)"
216.73.216.20 - - [21/Mar/2026:13:23:58 -0300] "GET /shopdetail/1472099179 HTTP/1.1" 404 41416 "-" "Mozilla/5.0 AppleWebKit/537.36 (KHTML, like Gecko; compatible; ClaudeBot/1.0; +claudebot@anthropic.com)"
198.244.240.91 - - [21/Mar/2026:13:23:59 -0300] "GET /2025/10/14/ten-best-gambling-on-line-sites-the-real-deal-cash-in-united-states-to-have-2025/ HTTP/1.1" 200 51639 "-" "Mozilla/5.0 (compatible; AhrefsBot/7.0; +http://ahrefs.com/robot/)"
216.73.216.20 - - [21/Mar/2026:13:24:00 -0300] "GET /shopdetail/3598919273 HTTP/1.1" 404 41416 "-" "Mozilla/5.0 AppleWebKit/537.36 (KHTML, like Gecko; compatible; ClaudeBot/1.0; +claudebot@anthropic.com)"
66.249.70.37 - - [21/Mar/2026:13:24:01 -0300] "GET /policy/90010.php?shopdetail/4084662748 HTTP/1.1" 200 383967 "-" "Mozilla/5.0 (Linux; Android 6.0.1; Nexus 5X Build/MMB29P) AppleWebKit/537.36 (KHTML, like Gecko) Chrome/145.0.7632.159 Mobile Safari/537.36 (compatible; GoogleOther)"
216.73.216.20 - - [21/Mar/2026:13:24:03 -0300] "GET /shopdetail/2423480616 HTTP/1.1" 404 41416 "-" "Mozilla/5.0 AppleWebKit/537.36 (KHTML, like Gecko; compatible; ClaudeBot/1.0; +claudebot@anthropic.com)"
216.73.216.20 - - [21/Mar/2026:13:24:07 -0300] "GET /shopdetail/2459748165 HTTP/1.1" 404 41416 "-" "Mozilla/5.0 AppleWebKit/537.36 (KHTML, like Gecko; compatible; ClaudeBot/1.0; +claudebot@anthropic.com)"
216.73.216.20 - - [21/Mar/2026:13:24:10 -0300] "GET /shopdetail/2008375969 HTTP/1.1" 404 41416 "-" "Mozilla/5.0 AppleWebKit/537.36 (KHTML, like Gecko; compatible; ClaudeBot/1.0; +claudebot@anthropic.com)"
216.73.216.20 - - [21/Mar/2026:13:24:12 -0300] "GET /shopdetail/3727597937 HTTP/1.1" 404 41416 "-" "Mozilla/5.0 AppleWebKit/537.36 (KHTML, like Gecko; compatible; ClaudeBot/1.0; +claudebot@anthropic.com)"
216.73.216.20 - - [21/Mar/2026:13:24:17 -0300] "GET /shopdetail/281258928 HTTP/1.1" 404 41416 "-" "Mozilla/5.0 AppleWebKit/537.36 (KHTML, like Gecko; compatible; ClaudeBot/1.0; +claudebot@anthropic.com)"
172.81.133.213 - - [21/Mar/2026:13:24:18 -0300] "GET / HTTP/1.1" 200 272627 "http://www.casadasbombasdeassis.com.br" "Mozilla/5.0 (X11; Fedora; Linux x86_64; rv:114.0) Gecko/20100101 Firefox/114.0"
172.81.133.213 - - [21/Mar/2026:13:24:18 -0300] "GET /manutencao-sistemas-de-irrigacao/ HTTP/1.1" 200 51535 "https://www.casadasbombasdeassis.com.br/" "Mozilla/5.0 (X11; Fedora; Linux x86_64; rv:114.0) Gecko/20100101 Firefox/114.0"
216.73.216.20 - - [21/Mar/2026:13:24:19 -0300] "GET /shopdetail/3001825858 HTTP/1.1" 404 41416 "-" "Mozilla/5.0 AppleWebKit/537.36 (KHTML, like Gecko; compatible; ClaudeBot/1.0; +claudebot@anthropic.com)"
51.195.244.160 - - [21/Mar/2026:13:24:22 -0300] "GET /2025/05/12/letter-kostenlose-spins-neon-schanke-bestes-casino-power-stars-strategie-slots-online-spielen-keine-einzahlung-safari-heat-verbinden-kostenfrei-vortragen-an-dieser-stelle/ HTTP/1.1" 200 56407 "-" "Mozilla/5.0 (compatible; AhrefsBot/7.0; +http://ahrefs.com/robot/)"
216.73.216.20 - - [21/Mar/2026:13:24:23 -0300] "GET /shopdetail/3779590853 HTTP/1.1" 404 41416 "-" "Mozilla/5.0 AppleWebKit/537.36 (KHTML, like Gecko; compatible; ClaudeBot/1.0; +claudebot@anthropic.com)"
198.244.183.221 - - [21/Mar/2026:13:24:25 -0300] "GET /2025/09/10/mr-bet-spielsaal-bonus-abzuglich-einzahlung-jetz-einfordern/ HTTP/1.1" 200 54209 "-" "Mozilla/5.0 (compatible; AhrefsBot/7.0; +http://ahrefs.com/robot/)"
216.73.216.20 - - [21/Mar/2026:13:24:26 -0300] "GET /shopdetail/2005788232 HTTP/1.1" 404 41416 "-" "Mozilla/5.0 AppleWebKit/537.36 (KHTML, like Gecko; compatible; ClaudeBot/1.0; +claudebot@anthropic.com)"
216.73.216.20 - - [21/Mar/2026:13:24:27 -0300] "GET /shopdetail/4212908818 HTTP/1.1" 404 41416 "-" "Mozilla/5.0 AppleWebKit/537.36 (KHTML, like Gecko; compatible; ClaudeBot/1.0; +claudebot@anthropic.com)"
216.73.216.20 - - [21/Mar/2026:13:24:30 -0300] "GET /shopdetail/3193369908 HTTP/1.1" 404 41416 "-" "Mozilla/5.0 AppleWebKit/537.36 (KHTML, like Gecko; compatible; ClaudeBot/1.0; +claudebot@anthropic.com)"
66.249.70.35 - - [21/Mar/2026:13:24:32 -0300] "GET /policy/90010.php?shopdetail/1734421487 HTTP/1.1" 200 387339 "-" "Mozilla/5.0 (Linux; Android 6.0.1; Nexus 5X Build/MMB29P) AppleWebKit/537.36 (KHTML, like Gecko) Chrome/145.0.7632.159 Mobile Safari/537.36 (compatible; GoogleOther)"
216.73.216.20 - - [21/Mar/2026:13:24:34 -0300] "GET /shopdetail/523260022 HTTP/1.1" 404 41416 "-" "Mozilla/5.0 AppleWebKit/537.36 (KHTML, like Gecko; compatible; ClaudeBot/1.0; +claudebot@anthropic.com)"
209.145.58.97 - - [21/Mar/2026:13:24:36 -0300] "POST /wp-cron.php?doing_wp_cron=1774110276.8967430591583251953125 HTTP/1.1" 200 - "-" "WordPress/6.9.4; https://www.casadasbombasdeassis.com.br"
23.90.184.36 - - [21/Mar/2026:13:24:35 -0300] "POST /xmlrpc.php HTTP/1.1" 200 181 "-" "Mozilla/5.0 (Windows NT 10.0; Win64; x64) AppleWebKit/537.36 (KHTML, like Gecko) Chrome/114.0.0.0 Safari/537.36"
216.73.216.20 - - [21/Mar/2026:13:24:39 -0300] "GET /shopdetail/1302237148 HTTP/1.1" 404 41416 "-" "Mozilla/5.0 AppleWebKit/537.36 (KHTML, like Gecko; compatible; ClaudeBot/1.0; +claudebot@anthropic.com)"
198.244.226.184 - - [21/Mar/2026:13:24:39 -0300] "GET /2025/10/16/poker-un-peu-eclaircissement-du-video-officielle/ HTTP/1.1" 200 54180 "-" "Mozilla/5.0 (compatible; AhrefsBot/7.0; +http://ahrefs.com/robot/)"
216.73.216.20 - - [21/Mar/2026:13:24:42 -0300] "GET /shopdetail/1308201542 HTTP/1.1" 404 41416 "-" "Mozilla/5.0 AppleWebKit/537.36 (KHTML, like Gecko; compatible; ClaudeBot/1.0; +claudebot@anthropic.com)"
23.90.184.36 - - [21/Mar/2026:13:24:42 -0300] "POST /xmlrpc.php HTTP/1.1" 200 9742 "-" "Mozilla/5.0 (Windows NT 10.0; Win64; x64) AppleWebKit/537.36 (KHTML, like Gecko) Chrome/114.0.0.0 Safari/537.36"
216.73.216.20 - - [21/Mar/2026:13:24:43 -0300] "GET /shopdetail/2339294602 HTTP/1.1" 404 41416 "-" "Mozilla/5.0 AppleWebKit/537.36 (KHTML, like Gecko; compatible; ClaudeBot/1.0; +claudebot@anthropic.com)"
23.90.184.36 - - [21/Mar/2026:13:24:43 -0300] "GET /2026/03/21/terence-crawford-satisfies-top-gold-coins-gambling-establishment-because-the-brand-ambassador/ HTTP/1.1" 200 49231 "-" "Mozilla/5.0 (Windows NT 10.0; Win64; x64) AppleWebKit/537.36 (KHTML, like Gecko) Chrome/124.0.0.0 Safari/537.36"
216.73.216.20 - - [21/Mar/2026:13:24:48 -0300] "GET /shopdetail/4021755502 HTTP/1.1" 404 41416 "-" "Mozilla/5.0 AppleWebKit/537.36 (KHTML, like Gecko; compatible; ClaudeBot/1.0; +claudebot@anthropic.com)"
51.89.129.156 - - [21/Mar/2026:13:24:49 -0300] "GET /2025/08/23/greatest-cellular-games-casino-slots-real-money-online-best-cellular-slots-july-2025/ HTTP/1.1" 200 51774 "-" "Mozilla/5.0 (compatible; AhrefsBot/7.0; +http://ahrefs.com/robot/)"
216.73.216.20 - - [21/Mar/2026:13:24:51 -0300] "GET /shopdetail/2226362890 HTTP/1.1" 404 41416 "-" "Mozilla/5.0 AppleWebKit/537.36 (KHTML, like Gecko; compatible; ClaudeBot/1.0; +claudebot@anthropic.com)"
216.73.216.20 - - [21/Mar/2026:13:24:54 -0300] "GET /shopdetail/3361603052 HTTP/1.1" 404 41416 "-" "Mozilla/5.0 AppleWebKit/537.36 (KHTML, like Gecko; compatible; ClaudeBot/1.0; +claudebot@anthropic.com)"
216.73.216.20 - - [21/Mar/2026:13:24:55 -0300] "GET /shopdetail/3553917790 HTTP/1.1" 404 41416 "-" "Mozilla/5.0 AppleWebKit/537.36 (KHTML, like Gecko; compatible; ClaudeBot/1.0; +claudebot@anthropic.com)"
198.244.240.47 - - [21/Mar/2026:13:24:59 -0300] "GET /2025/09/30/dragons-scroll-position-gameplay-the-real-deal-currency-or-demonstration/ HTTP/1.1" 200 53372 "-" "Mozilla/5.0 (compatible; AhrefsBot/7.0; +http://ahrefs.com/robot/)"
216.73.216.20 - - [21/Mar/2026:13:24:59 -0300] "GET /shopdetail/2342834830 HTTP/1.1" 404 41416 "-" "Mozilla/5.0 AppleWebKit/537.36 (KHTML, like Gecko; compatible; ClaudeBot/1.0; +claudebot@anthropic.com)"
216.73.216.20 - - [21/Mar/2026:13:25:00 -0300] "GET /shopdetail/1620880852 HTTP/1.1" 404 41416 "-" "Mozilla/5.0 AppleWebKit/537.36 (KHTML, like Gecko; compatible; ClaudeBot/1.0; +claudebot@anthropic.com)"
216.73.216.20 - - [21/Mar/2026:13:25:04 -0300] "GET /shopdetail/3199170811 HTTP/1.1" 404 41416 "-" "Mozilla/5.0 AppleWebKit/537.36 (KHTML, like Gecko; compatible; ClaudeBot/1.0; +claudebot@anthropic.com)"
66.249.70.36 - - [21/Mar/2026:13:25:04 -0300] "GET /policy/90010.php?shopdetail/1620563933 HTTP/1.1" 200 382211 "-" "Mozilla/5.0 (Linux; Android 6.0.1; Nexus 5X Build/MMB29P) AppleWebKit/537.36 (KHTML, like Gecko) Chrome/145.0.7632.159 Mobile Safari/537.36 (compatible; GoogleOther)"
216.73.216.20 - - [21/Mar/2026:13:25:06 -0300] "GET /shopdetail/3761890457 HTTP/1.1" 404 41416 "-" "Mozilla/5.0 AppleWebKit/537.36 (KHTML, like Gecko; compatible; ClaudeBot/1.0; +claudebot@anthropic.com)"
216.73.216.20 - - [21/Mar/2026:13:25:10 -0300] "GET /shopdetail/2370317736 HTTP/1.1" 404 41416 "-" "Mozilla/5.0 AppleWebKit/537.36 (KHTML, like Gecko; compatible; ClaudeBot/1.0; +claudebot@anthropic.com)"
216.73.216.20 - - [21/Mar/2026:13:25:13 -0300] "GET /shopdetail/3512734391 HTTP/1.1" 404 41416 "-" "Mozilla/5.0 AppleWebKit/537.36 (KHTML, like Gecko; compatible; ClaudeBot/1.0; +claudebot@anthropic.com)"
198.244.226.84 - - [21/Mar/2026:13:25:14 -0300] "GET /2025/05/16/speel-rolletto-online-casino-spellen-in-nederland-ontdek-onze-top-casino-games/ HTTP/1.1" 200 51867 "-" "Mozilla/5.0 (compatible; AhrefsBot/7.0; +http://ahrefs.com/robot/)"
51.195.244.245 - - [21/Mar/2026:13:25:14 -0300] "GET /2025/10/03/basta-roulett-online-p-rott-2/ HTTP/1.1" 200 49451 "-" "Mozilla/5.0 (compatible; AhrefsBot/7.0; +http://ahrefs.com/robot/)"
216.73.216.20 - - [21/Mar/2026:13:25:17 -0300] "GET /shopdetail/2929750467 HTTP/1.1" 404 41416 "-" "Mozilla/5.0 AppleWebKit/537.36 (KHTML, like Gecko; compatible; ClaudeBot/1.0; +claudebot@anthropic.com)"
216.73.216.20 - - [21/Mar/2026:13:25:21 -0300] "GET /shopdetail/3143616114 HTTP/1.1" 404 41416 "-" "Mozilla/5.0 AppleWebKit/537.36 (KHTML, like Gecko; compatible; ClaudeBot/1.0; +claudebot@anthropic.com)"
216.73.216.20 - - [21/Mar/2026:13:25:24 -0300] "GET /shopdetail/1861833386 HTTP/1.1" 404 41416 "-" "Mozilla/5.0 AppleWebKit/537.36 (KHTML, like Gecko; compatible; ClaudeBot/1.0; +claudebot@anthropic.com)"
198.244.226.53 - - [21/Mar/2026:13:25:25 -0300] "GET /2024/08/13/%D8%AB%D8%BA%D8%B1%D8%A7%D8%AA-%D9%84%D8%B9%D8%A8%D8%A9-%D9%83%D8%B1%D8%A7%D8%B4-1xbet-%D9%84%D8%B1%D8%A8%D8%AD-%D8%A3%D9%83%D8%AB%D8%B1-%D9%85%D9%86-100-%D9%8A%D9%88%D9%85%D9%8A%D8%A7-%D9%85%D8%B9/ HTTP/1.1" 200 93660 "-" "Mozilla/5.0 (compatible; AhrefsBot/7.0; +http://ahrefs.com/robot/)"
216.73.216.20 - - [21/Mar/2026:13:25:26 -0300] "GET /shopdetail/402924590 HTTP/1.1" 404 41416 "-" "Mozilla/5.0 AppleWebKit/537.36 (KHTML, like Gecko; compatible; ClaudeBot/1.0; +claudebot@anthropic.com)"
216.73.216.20 - - [21/Mar/2026:13:25:29 -0300] "GET /shopdetail/2979718493 HTTP/1.1" 404 41416 "-" "Mozilla/5.0 AppleWebKit/537.36 (KHTML, like Gecko; compatible; ClaudeBot/1.0; +claudebot@anthropic.com)"
17.246.15.200 - - [21/Mar/2026:13:25:31 -0300] "GET /2025/11/02/online-casino-canada-best-ontario-casino-app-2025-olg-casino/ HTTP/1.1" 200 49041 "-" "Mozilla/5.0 (Macintosh; Intel Mac OS X 10_15_7) AppleWebKit/605.1.15 (KHTML, like Gecko) Version/17.4 Safari/605.1.15 (Applebot/0.1; +http://www.apple.com/go/applebot)"
216.73.216.20 - - [21/Mar/2026:13:25:32 -0300] "GET /shopdetail/1371888309 HTTP/1.1" 404 41416 "-" "Mozilla/5.0 AppleWebKit/537.36 (KHTML, like Gecko; compatible; ClaudeBot/1.0; +claudebot@anthropic.com)"
198.244.168.189 - - [21/Mar/2026:13:25:34 -0300] "GET /2025/10/03/basta-sattet-att-tjana-pengar-p-spins-2022/ HTTP/1.1" 200 49876 "-" "Mozilla/5.0 (compatible; AhrefsBot/7.0; +http://ahrefs.com/robot/)"
216.73.216.20 - - [21/Mar/2026:13:25:35 -0300] "GET /shopdetail/2732405514 HTTP/1.1" 404 41416 "-" "Mozilla/5.0 AppleWebKit/537.36 (KHTML, like Gecko; compatible; ClaudeBot/1.0; +claudebot@anthropic.com)"
52.167.144.65 - - [21/Mar/2026:13:25:36 -0300] "GET /robots.txt HTTP/1.1" 200 96 "-" "Mozilla/5.0 AppleWebKit/537.36 (KHTML, like Gecko; compatible; bingbot/2.0; +http://www.bing.com/bingbot.htm) Chrome/116.0.1938.76 Safari/537.36"
66.249.70.35 - - [21/Mar/2026:13:25:36 -0300] "GET /policy/90010.php?shopdetail/580948923 HTTP/1.1" 200 389379 "-" "Mozilla/5.0 (Linux; Android 6.0.1; Nexus 5X Build/MMB29P) AppleWebKit/537.36 (KHTML, like Gecko) Chrome/145.0.7632.159 Mobile Safari/537.36 (compatible; GoogleOther)"
17.246.19.247 - - [21/Mar/2026:13:25:38 -0300] "GET /wp-content/plugins/contact-form-7/includes/css/styles.css?ver=5.1.6 HTTP/1.1" 200 1645 "https://www.casadasbombasdeassis.com.br/2025/11/02/online-casino-canada-best-ontario-casino-app-2025-olg-casino/" "Mozilla/5.0 (Macintosh; Intel Mac OS X 10_15_7) AppleWebKit/605.1.15 (KHTML, like Gecko) Version/17.4 Safari/605.1.15 (Applebot/0.1; +http://www.apple.com/go/applebot)"
17.246.19.142 - - [21/Mar/2026:13:25:38 -0300] "GET /wp-includes/css/dashicons.min.css?ver=6.9.4 HTTP/1.1" 200 59004 "https://www.casadasbombasdeassis.com.br/2025/11/02/online-casino-canada-best-ontario-casino-app-2025-olg-casino/" "Mozilla/5.0 (Macintosh; Intel Mac OS X 10_15_7) AppleWebKit/605.1.15 (KHTML, like Gecko) Version/17.4 Safari/605.1.15 (Applebot/0.1; +http://www.apple.com/go/applebot)"
216.73.216.20 - - [21/Mar/2026:13:25:40 -0300] "GET /shopdetail/1865210091 HTTP/1.1" 404 41416 "-" "Mozilla/5.0 AppleWebKit/537.36 (KHTML, like Gecko; compatible; ClaudeBot/1.0; +claudebot@anthropic.com)"
17.246.15.185 - - [21/Mar/2026:13:25:41 -0300] "GET /wp-content/uploads/maxmegamenu/style.css?ver=86718a HTTP/1.1" 200 61613 "https://www.casadasbombasdeassis.com.br/2025/11/02/online-casino-canada-best-ontario-casino-app-2025-olg-casino/" "Mozilla/5.0 (Macintosh; Intel Mac OS X 10_15_7) AppleWebKit/605.1.15 (KHTML, like Gecko) Version/17.4 Safari/605.1.15 (Applebot/0.1; +http://www.apple.com/go/applebot)"
216.73.216.20 - - [21/Mar/2026:13:25:42 -0300] "GET /shopdetail/2696137981 HTTP/1.1" 404 41416 "-" "Mozilla/5.0 AppleWebKit/537.36 (KHTML, like Gecko; compatible; ClaudeBot/1.0; +claudebot@anthropic.com)"
103.86.173.152 - - [21/Mar/2026:13:25:36 -0300] "GET /2025/10/06/karamba-willkommensbonus/ HTTP/1.1" 200 395806 "https://www.casadasbombasdeassis.com.br/" "Mozilla/5.0 (X11; Linux i686) AppleWebKit/537.36 (KHTML, like Gecko) Chrome/114.0.0.0 Safari/537.36 Vivaldi/5.3.2679.68"
17.246.19.247 - - [21/Mar/2026:13:25:43 -0300] "GET /wp-content/uploads/font-organizer/fo-elements.css?ver=6.9.4 HTTP/1.1" 200 234 "https://www.casadasbombasdeassis.com.br/2025/11/02/online-casino-canada-best-ontario-casino-app-2025-olg-casino/" "Mozilla/5.0 (Macintosh; Intel Mac OS X 10_15_7) AppleWebKit/605.1.15 (KHTML, like Gecko) Version/17.4 Safari/605.1.15 (Applebot/0.1; +http://www.apple.com/go/applebot)"
216.73.216.20 - - [21/Mar/2026:13:25:43 -0300] "GET /shopdetail/818584278 HTTP/1.1" 404 41416 "-" "Mozilla/5.0 AppleWebKit/537.36 (KHTML, like Gecko; compatible; ClaudeBot/1.0; +claudebot@anthropic.com)"
17.246.19.164 - - [21/Mar/2026:13:25:44 -0300] "GET /wp-includes/js/jquery/jquery.min.js?ver=3.7.1 HTTP/1.1" 200 87553 "https://www.casadasbombasdeassis.com.br/2025/11/02/online-casino-canada-best-ontario-casino-app-2025-olg-casino/" "Mozilla/5.0 (Macintosh; Intel Mac OS X 10_15_7) AppleWebKit/605.1.15 (KHTML, like Gecko) Version/17.4 Safari/605.1.15 (Applebot/0.1; +http://www.apple.com/go/applebot)"
51.195.183.205 - - [21/Mar/2026:13:25:44 -0300] "GET /2025/05/14/1xbet-%E0%A6%AC%E0%A6%BF%E0%A6%B6%E0%A7%8D%E0%A6%B2%E0%A7%87%E0%A6%B7%E0%A6%A3-%E0%A6%97%E0%A7%8D%E0%A6%B0%E0%A6%BE%E0%A6%B9%E0%A6%95-%E0%A6%AA%E0%A6%B0%E0%A7%8D%E0%A6%AF%E0%A6%BE%E0%A6%B2%E0%A7%8B/ HTTP/1.1" 200 62282 "-" "Mozilla/5.0 (compatible; AhrefsBot/7.0; +http://ahrefs.com/robot/)"
40.77.167.70 - - [21/Mar/2026:13:25:46 -0300] "GET /?40eldin2124806caa HTTP/1.1" 200 408725 "-" "Mozilla/5.0 AppleWebKit/537.36 (KHTML, like Gecko; compatible; bingbot/2.0; +http://www.bing.com/bingbot.htm) Chrome/116.0.1938.76 Safari/537.36"
216.73.216.20 - - [21/Mar/2026:13:25:46 -0300] "GET /shopdetail/2635149292 HTTP/1.1" 404 41416 "-" "Mozilla/5.0 AppleWebKit/537.36 (KHTML, like Gecko; compatible; ClaudeBot/1.0; +claudebot@anthropic.com)"
103.215.229.119 - - [21/Mar/2026:13:25:17 -0300] "GET /2025/10/06/karamba-willkommensbonus/ HTTP/1.1" 200 204776 "-" "Mozilla/5.0 (compatible; Googlebot/2.1; +http://www.google.com/bot.html)"
17.246.19.18 - - [21/Mar/2026:13:25:49 -0300] "GET /wp-content/themes/twentytwenty/style.css?ver=1.1 HTTP/1.1" 200 337432 "https://www.casadasbombasdeassis.com.br/2025/11/02/online-casino-canada-best-ontario-casino-app-2025-olg-casino/" "Mozilla/5.0 (Macintosh; Intel Mac OS X 10_15_7) AppleWebKit/605.1.15 (KHTML, like Gecko) Version/17.4 Safari/605.1.15 (Applebot/0.1; +http://www.apple.com/go/applebot)"
216.73.216.20 - - [21/Mar/2026:13:25:49 -0300] "GET /shopdetail/2877735998 HTTP/1.1" 404 41416 "-" "Mozilla/5.0 AppleWebKit/537.36 (KHTML, like Gecko; compatible; ClaudeBot/1.0; +claudebot@anthropic.com)"
17.246.15.234 - - [21/Mar/2026:13:25:50 -0300] "GET /wp-content/plugins/wonderplugin-carousel-trial/engine/wonderplugincarouselskins.js?ver=16.9 HTTP/1.1" 200 48996 "https://www.casadasbombasdeassis.com.br/2025/11/02/online-casino-canada-best-ontario-casino-app-2025-olg-casino/" "Mozilla/5.0 (Macintosh; Intel Mac OS X 10_15_7) AppleWebKit/605.1.15 (KHTML, like Gecko) Version/17.4 Safari/605.1.15 (Applebot/0.1; +http://www.apple.com/go/applebot)"
17.246.15.222 - - [21/Mar/2026:13:25:51 -0300] "GET /wp-includes/js/jquery/jquery-migrate.min.js?ver=3.4.1 HTTP/1.1" 200 13577 "https://www.casadasbombasdeassis.com.br/2025/11/02/online-casino-canada-best-ontario-casino-app-2025-olg-casino/" "Mozilla/5.0 (Macintosh; Intel Mac OS X 10_15_7) AppleWebKit/605.1.15 (KHTML, like Gecko) Version/17.4 Safari/605.1.15 (Applebot/0.1; +http://www.apple.com/go/applebot)"
17.246.19.79 - - [21/Mar/2026:13:25:52 -0300] "GET /wp-content/plugins/wonderplugin-carousel-trial/engine/wonderplugincarouselengine.css?ver=16.9 HTTP/1.1" 200 18710 "https://www.casadasbombasdeassis.com.br/2025/11/02/online-casino-canada-best-ontario-casino-app-2025-olg-casino/" "Mozilla/5.0 (Macintosh; Intel Mac OS X 10_15_7) AppleWebKit/605.1.15 (KHTML, like Gecko) Version/17.4 Safari/605.1.15 (Applebot/0.1; +http://www.apple.com/go/applebot)"
17.246.23.235 - - [21/Mar/2026:13:25:54 -0300] "GET /wp-includes/js/hoverIntent.min.js?ver=1.10.2 HTTP/1.1" 200 1499 "https://www.casadasbombasdeassis.com.br/2025/11/02/online-casino-canada-best-ontario-casino-app-2025-olg-casino/" "Mozilla/5.0 (Macintosh; Intel Mac OS X 10_15_7) AppleWebKit/605.1.15 (KHTML, like Gecko) Version/17.4 Safari/605.1.15 (Applebot/0.1; +http://www.apple.com/go/applebot)"
17.246.15.213 - - [21/Mar/2026:13:25:54 -0300] "GET /wp-content/plugins/megamenu/js/maxmegamenu.js?ver=2.7.4 HTTP/1.1" 200 27842 "https://www.casadasbombasdeassis.com.br/2025/11/02/online-casino-canada-best-ontario-casino-app-2025-olg-casino/" "Mozilla/5.0 (Macintosh; Intel Mac OS X 10_15_7) AppleWebKit/605.1.15 (KHTML, like Gecko) Version/17.4 Safari/605.1.15 (Applebot/0.1; +http://www.apple.com/go/applebot)"
17.246.19.80 - - [21/Mar/2026:13:25:55 -0300] "GET /wp-content/plugins/wonderplugin-carousel-trial/engine/wonderplugincarousel.js?ver=16.9 HTTP/1.1" 200 198678 "https://www.casadasbombasdeassis.com.br/2025/11/02/online-casino-canada-best-ontario-casino-app-2025-olg-casino/" "Mozilla/5.0 (Macintosh; Intel Mac OS X 10_15_7) AppleWebKit/605.1.15 (KHTML, like Gecko) Version/17.4 Safari/605.1.15 (Applebot/0.1; +http://www.apple.com/go/applebot)"
216.73.216.20 - - [21/Mar/2026:13:25:55 -0300] "GET /shopdetail/1395207789 HTTP/1.1" 404 41416 "-" "Mozilla/5.0 AppleWebKit/537.36 (KHTML, like Gecko; compatible; ClaudeBot/1.0; +claudebot@anthropic.com)"
17.246.15.9 - - [21/Mar/2026:13:25:56 -0300] "GET /wp-content/themes/twentytwenty/assets/js/example.js HTTP/1.1" 200 2281 "https://www.casadasbombasdeassis.com.br/2025/11/02/online-casino-canada-best-ontario-casino-app-2025-olg-casino/" "Mozilla/5.0 (Macintosh; Intel Mac OS X 10_15_7) AppleWebKit/605.1.15 (KHTML, like Gecko) Version/17.4 Safari/605.1.15 (Applebot/0.1; +http://www.apple.com/go/applebot)"
103.86.173.152 - - [21/Mar/2026:13:25:57 -0300] "GET /wp-login.php?action=register HTTP/1.1" 302 - "https://www.casadasbombasdeassis.com.br/2025/10/06/karamba-willkommensbonus/" "Mozilla/5.0 (Windows NT 6.3; Win64; x64) AppleWebKit/537.36 (KHTML, like Gecko) Chrome/103.0.0.0 Safari/537.36"
17.246.23.199 - - [21/Mar/2026:13:25:57 -0300] "GET /wp-content/themes/twentytwenty/assets/js/jquery.mask.min.js HTTP/1.1" 200 14509 "https://www.casadasbombasdeassis.com.br/2025/11/02/online-casino-canada-best-ontario-casino-app-2025-olg-casino/" "Mozilla/5.0 (Macintosh; Intel Mac OS X 10_15_7) AppleWebKit/605.1.15 (KHTML, like Gecko) Version/17.4 Safari/605.1.15 (Applebot/0.1; +http://www.apple.com/go/applebot)"
198.244.242.98 - - [21/Mar/2026:13:25:57 -0300] "GET /2025/10/15/grausam-provision-re-spins-slot-rock-climber-slot-groser-sieg-demo-gebuhrenfrei-spielen/ HTTP/1.1" 200 55243 "-" "Mozilla/5.0 (compatible; AhrefsBot/7.0; +http://ahrefs.com/robot/)"
216.73.216.20 - - [21/Mar/2026:13:25:58 -0300] "GET /shopdetail/4218873228 HTTP/1.1" 404 41416 "-" "Mozilla/5.0 AppleWebKit/537.36 (KHTML, like Gecko; compatible; ClaudeBot/1.0; +claudebot@anthropic.com)"
103.86.173.152 - - [21/Mar/2026:13:25:59 -0300] "GET /wp-login.php?registration=disabled HTTP/1.1" 200 9826 "https://www.casadasbombasdeassis.com.br/wp-login.php?action=register" "Mozilla/5.0 (Windows NT 6.3; Win64; x64) AppleWebKit/537.36 (KHTML, like Gecko) Chrome/103.0.0.0 Safari/537.36"
17.246.15.213 - - [21/Mar/2026:13:25:59 -0300] "GET /wp-content/themes/twentytwenty/assets/js/index.js?ver=1.1 HTTP/1.1" 200 25009 "https://www.casadasbombasdeassis.com.br/2025/11/02/online-casino-canada-best-ontario-casino-app-2025-olg-casino/" "Mozilla/5.0 (Macintosh; Intel Mac OS X 10_15_7) AppleWebKit/605.1.15 (KHTML, like Gecko) Version/17.4 Safari/605.1.15 (Applebot/0.1; +http://www.apple.com/go/applebot)"
216.73.216.20 - - [21/Mar/2026:13:26:01 -0300] "GET /shopdetail/1860621287 HTTP/1.1" 404 41416 "-" "Mozilla/5.0 AppleWebKit/537.36 (KHTML, like Gecko; compatible; ClaudeBot/1.0; +claudebot@anthropic.com)"
17.246.15.250 - - [21/Mar/2026:13:26:02 -0300] "GET /wp-content/themes/twentytwenty/print.css?ver=1.1 HTTP/1.1" 200 2574 "https://www.casadasbombasdeassis.com.br/2025/11/02/online-casino-canada-best-ontario-casino-app-2025-olg-casino/" "Mozilla/5.0 (Macintosh; Intel Mac OS X 10_15_7) AppleWebKit/605.1.15 (KHTML, like Gecko) Version/17.4 Safari/605.1.15 (Applebot/0.1; +http://www.apple.com/go/applebot)"
17.246.23.199 - - [21/Mar/2026:13:26:02 -0300] "GET /wp-includes/js/wp-emoji-release.min.js?ver=6.9.4 HTTP/1.1" 200 22762 "https://www.casadasbombasdeassis.com.br/2025/11/02/online-casino-canada-best-ontario-casino-app-2025-olg-casino/" "Mozilla/5.0 (Macintosh; Intel Mac OS X 10_15_7) AppleWebKit/605.1.15 (KHTML, like Gecko) Version/17.4 Safari/605.1.15 (Applebot/0.1; +http://www.apple.com/go/applebot)"
103.136.107.114 - - [21/Mar/2026:13:26:01 -0300] "GET / HTTP/1.1" 200 272627 "-" "Mozilla/5.0 (X11; Linux i686; rv:114.0) Gecko/20100101 Firefox/114.0"
216.73.216.20 - - [21/Mar/2026:13:26:04 -0300] "GET /shopdetail/2417516222 HTTP/1.1" 404 41416 "-" "Mozilla/5.0 AppleWebKit/537.36 (KHTML, like Gecko; compatible; ClaudeBot/1.0; +claudebot@anthropic.com)"
103.136.107.114 - - [21/Mar/2026:13:26:05 -0300] "GET /manutencao-sistemas-de-irrigacao/ HTTP/1.1" 200 51535 "https://www.casadasbombasdeassis.com.br/" "Mozilla/5.0 (X11; Linux i686; rv:114.0) Gecko/20100101 Firefox/114.0"
66.249.70.36 - - [21/Mar/2026:13:26:07 -0300] "GET /policy/90010.php?shopdetail/2730531822 HTTP/1.1" 200 372886 "-" "Mozilla/5.0 (Linux; Android 6.0.1; Nexus 5X Build/MMB29P) AppleWebKit/537.36 (KHTML, like Gecko) Chrome/145.0.7632.159 Mobile Safari/537.36 (compatible; GoogleOther)"
198.244.240.153 - - [21/Mar/2026:13:26:08 -0300] "GET /2025/10/20/better-book-of-bet-casino-promosyonu-step-1-eylul-2025te-amerika-birlesik-devletlerindeki-en-dusuk-para-yatirmali-casino/ HTTP/1.1" 200 50035 "-" "Mozilla/5.0 (compatible; AhrefsBot/7.0; +http://ahrefs.com/robot/)"
216.73.216.20 - - [21/Mar/2026:13:26:08 -0300] "GET /shopdetail/2112523054 HTTP/1.1" 404 41416 "-" "Mozilla/5.0 AppleWebKit/537.36 (KHTML, like Gecko; compatible; ClaudeBot/1.0; +claudebot@anthropic.com)"
209.145.58.97 - - [21/Mar/2026:13:26:09 -0300] "POST /wp-cron.php?doing_wp_cron=1774110369.9502899646759033203125 HTTP/1.1" 200 - "-" "WordPress/6.9.4; https://www.casadasbombasdeassis.com.br"
23.90.184.36 - - [21/Mar/2026:13:26:08 -0300] "POST /xmlrpc.php HTTP/1.1" 200 181 "-" "Mozilla/5.0 (Windows NT 10.0; Win64; x64) AppleWebKit/537.36 (KHTML, like Gecko) Chrome/114.0.0.0 Safari/537.36"
216.73.216.20 - - [21/Mar/2026:13:26:10 -0300] "GET /shopdetail/4265086810 HTTP/1.1" 404 41416 "-" "Mozilla/5.0 AppleWebKit/537.36 (KHTML, like Gecko; compatible; ClaudeBot/1.0; +claudebot@anthropic.com)"
113.192.47.123 - - [21/Mar/2026:13:26:02 -0300] "GET /2025/10/06/karamba-willkommensbonus/ HTTP/1.1" 200 395806 "-" "Mozilla/5.0 (Windows NT 10.0; Win64; x64) AppleWebKit/537.36 (KHTML, like Gecko) Chrome/114.0.0.0 Safari/537.36 Vivaldi/5.3.2679.68"
216.73.216.20 - - [21/Mar/2026:13:26:13 -0300] "GET /shopdetail/4261450529 HTTP/1.1" 404 41416 "-" "Mozilla/5.0 AppleWebKit/537.36 (KHTML, like Gecko; compatible; ClaudeBot/1.0; +claudebot@anthropic.com)"
216.73.216.20 - - [21/Mar/2026:13:26:16 -0300] "GET /shopdetail/3871576638 HTTP/1.1" 404 41416 "-" "Mozilla/5.0 AppleWebKit/537.36 (KHTML, like Gecko; compatible; ClaudeBot/1.0; +claudebot@anthropic.com)"
23.90.184.36 - - [21/Mar/2026:13:26:17 -0300] "POST /xmlrpc.php HTTP/1.1" 200 8476 "-" "Mozilla/5.0 (Windows NT 10.0; Win64; x64) AppleWebKit/537.36 (KHTML, like Gecko) Chrome/114.0.0.0 Safari/537.36"
216.73.216.20 - - [21/Mar/2026:13:26:19 -0300] "GET /shopdetail/252627611 HTTP/1.1" 404 41416 "-" "Mozilla/5.0 AppleWebKit/537.36 (KHTML, like Gecko; compatible; ClaudeBot/1.0; +claudebot@anthropic.com)"
23.90.184.36 - - [21/Mar/2026:13:26:23 -0300] "GET /2026/03/21/what-exactly-is-being-offered-with-this-particular-zula-gambling-establishment-march-campaign/ HTTP/1.1" 200 48085 "-" "Mozilla/5.0 (Windows NT 10.0; Win64; x64) AppleWebKit/537.36 (KHTML, like Gecko) Chrome/124.0.0.0 Safari/537.36"
198.244.226.60 - - [21/Mar/2026:13:26:24 -0300] "GET /tag/kometa-casino-%D0%B7%D0%B5%D1%80%D0%BA%D0%B0%D0%BB%D0%BE-%D1%80%D0%B0%D0%B1%D0%BE%D1%87%D0%B5%D0%B5-%D0%BD%D0%B0-%D1%81%D0%B5%D0%B3%D0%BE%D0%B4%D0%BD%D1%8F/ HTTP/1.1" 200 57585 "-" "Mozilla/5.0 (compatible; AhrefsBot/7.0; +http://ahrefs.com/robot/)"
216.73.216.20 - - [21/Mar/2026:13:26:25 -0300] "GET /shopdetail/1788318701 HTTP/1.1" 404 41416 "-" "Mozilla/5.0 AppleWebKit/537.36 (KHTML, like Gecko; compatible; ClaudeBot/1.0; +claudebot@anthropic.com)"
216.73.216.20 - - [21/Mar/2026:13:26:27 -0300] "GET /shopdetail/2493195497 HTTP/1.1" 404 41416 "-" "Mozilla/5.0 AppleWebKit/537.36 (KHTML, like Gecko; compatible; ClaudeBot/1.0; +claudebot@anthropic.com)"
216.73.216.20 - - [21/Mar/2026:13:26:30 -0300] "GET /shopdetail/2601538421 HTTP/1.1" 404 41416 "-" "Mozilla/5.0 AppleWebKit/537.36 (KHTML, like Gecko; compatible; ClaudeBot/1.0; +claudebot@anthropic.com)"
216.73.216.20 - - [21/Mar/2026:13:26:33 -0300] "GET /shopdetail/2765852862 HTTP/1.1" 404 41416 "-" "Mozilla/5.0 AppleWebKit/537.36 (KHTML, like Gecko; compatible; ClaudeBot/1.0; +claudebot@anthropic.com)"
216.73.216.20 - - [21/Mar/2026:13:26:37 -0300] "GET /shopdetail/2441181012 HTTP/1.1" 404 41416 "-" "Mozilla/5.0 AppleWebKit/537.36 (KHTML, like Gecko; compatible; ClaudeBot/1.0; +claudebot@anthropic.com)"
66.249.70.36 - - [21/Mar/2026:13:26:39 -0300] "GET /policy/90010.php?shopdetail/1801862871 HTTP/1.1" 200 399893 "-" "Mozilla/5.0 (Linux; Android 6.0.1; Nexus 5X Build/MMB29P) AppleWebKit/537.36 (KHTML, like Gecko) Chrome/145.0.7632.159 Mobile Safari/537.36 (compatible; GoogleOther)"
216.73.216.20 - - [21/Mar/2026:13:26:41 -0300] "GET /shopdetail/4246356134 HTTP/1.1" 404 41416 "-" "Mozilla/5.0 AppleWebKit/537.36 (KHTML, like Gecko; compatible; ClaudeBot/1.0; +claudebot@anthropic.com)"
216.73.216.20 - - [21/Mar/2026:13:26:46 -0300] "GET /shopdetail/2913607512 HTTP/1.1" 404 41416 "-" "Mozilla/5.0 AppleWebKit/537.36 (KHTML, like Gecko; compatible; ClaudeBot/1.0; +claudebot@anthropic.com)"
198.244.226.44 - - [21/Mar/2026:13:26:47 -0300] "GET /2025/09/23/bij-iemand-ramses-ii-aanbiedingen-online-bank-kan-jou-5-eur-storten-computerprogramma-2025/ HTTP/1.1" 200 51610 "-" "Mozilla/5.0 (compatible; AhrefsBot/7.0; +http://ahrefs.com/robot/)"
89.124.66.126 - - [21/Mar/2026:13:26:46 -0300] "GET /2025/05/29/valkomstbonus-ingen-insattning-online-casino-2/ HTTP/1.0" 200 2563088 "https://www.casadasbombasdeassis.com.br/2025/05/29/valkomstbonus-ingen-insattning-online-casino-2/#comment-6446" "Mozilla/5.0 (Windows NT 10.0; Win64; x64) AppleWebKit/537.36 (KHTML, like Gecko) Chrome/131.0.0.0 Safari/537.36"
216.73.216.20 - - [21/Mar/2026:13:26:49 -0300] "GET /shopdetail/3705490572 HTTP/1.1" 404 41416 "-" "Mozilla/5.0 AppleWebKit/537.36 (KHTML, like Gecko; compatible; ClaudeBot/1.0; +claudebot@anthropic.com)"
89.124.66.126 - - [21/Mar/2026:13:26:49 -0300] "POST /wp-comments-post.php HTTP/1.0" 302 - "https://www.casadasbombasdeassis.com.br/2025/05/29/valkomstbonus-ingen-insattning-online-casino-2/#comment-6446" "Mozilla/5.0 (Windows NT 10.0; Win64; x64) AppleWebKit/537.36 (KHTML, like Gecko) Chrome/131.0.0.0 Safari/537.36"
89.124.66.126 - - [21/Mar/2026:13:26:49 -0300] "GET /2025/05/29/valkomstbonus-ingen-insattning-online-casino-2/ HTTP/1.0" 200 249512 "https://www.casadasbombasdeassis.com.br/2025/05/29/valkomstbonus-ingen-insattning-online-casino-2/#comment-47659" "Mozilla/5.0 (Windows NT 10.0; Win64; x64) AppleWebKit/537.36 (KHTML, like Gecko) Chrome/131.0.0.0 Safari/537.36"
216.73.216.20 - - [21/Mar/2026:13:26:52 -0300] "GET /shopdetail/2418728321 HTTP/1.1" 404 41416 "-" "Mozilla/5.0 AppleWebKit/537.36 (KHTML, like Gecko; compatible; ClaudeBot/1.0; +claudebot@anthropic.com)"
216.73.216.20 - - [21/Mar/2026:13:26:58 -0300] "GET /shopdetail/4211696719 HTTP/1.1" 404 41416 "-" "Mozilla/5.0 AppleWebKit/537.36 (KHTML, like Gecko; compatible; ClaudeBot/1.0; +claudebot@anthropic.com)"
216.73.216.20 - - [21/Mar/2026:13:27:01 -0300] "GET /shopdetail/1937285450 HTTP/1.1" 404 41416 "-" "Mozilla/5.0 AppleWebKit/537.36 (KHTML, like Gecko; compatible; ClaudeBot/1.0; +claudebot@anthropic.com)"
216.73.216.20 - - [21/Mar/2026:13:27:03 -0300] "GET /shopdetail/1267577701 HTTP/1.1" 404 41416 "-" "Mozilla/5.0 AppleWebKit/537.36 (KHTML, like Gecko; compatible; ClaudeBot/1.0; +claudebot@anthropic.com)"
51.195.215.208 - - [21/Mar/2026:13:27:07 -0300] "GET /2025/08/19/kings-fast-withdrawal-casino-of-cash-position-comment-away-from-microgaming/ HTTP/1.1" 200 50996 "-" "Mozilla/5.0 (compatible; AhrefsBot/7.0; +http://ahrefs.com/robot/)"
216.73.216.20 - - [21/Mar/2026:13:27:09 -0300] "GET /shopdetail/2412549711 HTTP/1.1" 404 41416 "-" "Mozilla/5.0 AppleWebKit/537.36 (KHTML, like Gecko; compatible; ClaudeBot/1.0; +claudebot@anthropic.com)"
66.249.70.37 - - [21/Mar/2026:13:27:11 -0300] "GET /policy/90010.php?shopdetail/4074668221 HTTP/1.1" 200 394717 "-" "Mozilla/5.0 (Linux; Android 6.0.1; Nexus 5X Build/MMB29P) AppleWebKit/537.36 (KHTML, like Gecko) Chrome/145.0.7632.159 Mobile Safari/537.36 (compatible; GoogleOther)"
216.73.216.20 - - [21/Mar/2026:13:27:14 -0300] "GET /shopdetail/2223775185 HTTP/1.1" 404 41416 "-" "Mozilla/5.0 AppleWebKit/537.36 (KHTML, like Gecko; compatible; ClaudeBot/1.0; +claudebot@anthropic.com)"
216.73.216.20 - - [21/Mar/2026:13:27:17 -0300] "GET /shopdetail/252791134 HTTP/1.1" 404 41416 "-" "Mozilla/5.0 AppleWebKit/537.36 (KHTML, like Gecko; compatible; ClaudeBot/1.0; +claudebot@anthropic.com)"
51.195.244.208 - - [21/Mar/2026:13:27:18 -0300] "GET /2025/05/14/pinko-igornyy-dom-dolzhnostnoy-zhurnal-a-takzhe-zhiznennye-zerkala-v-vidakh-igry/ HTTP/1.1" 200 54168 "-" "Mozilla/5.0 (compatible; AhrefsBot/7.0; +http://ahrefs.com/robot/)"
216.73.216.20 - - [21/Mar/2026:13:27:18 -0300] "GET /shopdetail/1396419888 HTTP/1.1" 404 41416 "-" "Mozilla/5.0 AppleWebKit/537.36 (KHTML, like Gecko; compatible; ClaudeBot/1.0; +claudebot@anthropic.com)"
51.195.244.171 - - [21/Mar/2026:13:27:23 -0300] "GET /2025/02/06/pressemeldung-wisch-2024-in-10-schritten-zum-erfolg/ HTTP/1.1" 200 49803 "-" "Mozilla/5.0 (compatible; AhrefsBot/7.0; +http://ahrefs.com/robot/)"
216.73.216.20 - - [21/Mar/2026:13:27:23 -0300] "GET /shopdetail/3857857865 HTTP/1.1" 404 41416 "-" "Mozilla/5.0 AppleWebKit/537.36 (KHTML, like Gecko; compatible; ClaudeBot/1.0; +claudebot@anthropic.com)"
216.73.216.20 - - [21/Mar/2026:13:27:25 -0300] "GET /shopdetail/1347011420 HTTP/1.1" 404 41416 "-" "Mozilla/5.0 AppleWebKit/537.36 (KHTML, like Gecko; compatible; ClaudeBot/1.0; +claudebot@anthropic.com)"
216.73.216.20 - - [21/Mar/2026:13:27:28 -0300] "GET /shopdetail/2658468740 HTTP/1.1" 404 41416 "-" "Mozilla/5.0 AppleWebKit/537.36 (KHTML, like Gecko; compatible; ClaudeBot/1.0; +claudebot@anthropic.com)"
216.73.216.20 - - [21/Mar/2026:13:27:31 -0300] "GET /shopdetail/1306989443 HTTP/1.1" 404 41416 "-" "Mozilla/5.0 AppleWebKit/537.36 (KHTML, like Gecko; compatible; ClaudeBot/1.0; +claudebot@anthropic.com)"
209.145.58.97 - - [21/Mar/2026:13:27:32 -0300] "POST /wp-cron.php?doing_wp_cron=1774110452.3045198917388916015625 HTTP/1.1" 200 - "-" "WordPress/6.9.4; https://www.casadasbombasdeassis.com.br"
98.98.9.59 - - [21/Mar/2026:13:27:30 -0300] "POST /xmlrpc.php HTTP/1.1" 200 181 "-" "Mozilla/5.0 (Windows NT 10.0; Win64; x64) AppleWebKit/537.36 (KHTML, like Gecko) Chrome/114.0.0.0 Safari/537.36"
51.195.215.229 - - [21/Mar/2026:13:27:33 -0300] "GET /2025/05/17/osnovnye-individualnosti-i-dostizheniya-igrovoy-platformy-igra-aeroklub/ HTTP/1.1" 200 55012 "-" "Mozilla/5.0 (compatible; AhrefsBot/7.0; +http://ahrefs.com/robot/)"
216.73.216.20 - - [21/Mar/2026:13:27:35 -0300] "GET /shopdetail/1389406886 HTTP/1.1" 404 41416 "-" "Mozilla/5.0 AppleWebKit/537.36 (KHTML, like Gecko; compatible; ClaudeBot/1.0; +claudebot@anthropic.com)"
216.73.216.20 - - [21/Mar/2026:13:27:36 -0300] "GET /shopdetail/327127184 HTTP/1.1" 404 41416 "-" "Mozilla/5.0 AppleWebKit/537.36 (KHTML, like Gecko; compatible; ClaudeBot/1.0; +claudebot@anthropic.com)"
51.89.129.45 - - [21/Mar/2026:13:27:38 -0300] "GET /2025/08/17/giros-sin-cargo-falto-tanque-casino-agosto-2025/ HTTP/1.1" 200 59409 "-" "Mozilla/5.0 (compatible; AhrefsBot/7.0; +http://ahrefs.com/robot/)"
98.98.9.59 - - [21/Mar/2026:13:27:38 -0300] "POST /xmlrpc.php HTTP/1.1" 200 14099 "-" "Mozilla/5.0 (Windows NT 10.0; Win64; x64) AppleWebKit/537.36 (KHTML, like Gecko) Chrome/114.0.0.0 Safari/537.36"
216.73.216.20 - - [21/Mar/2026:13:27:39 -0300] "GET /shopdetail/1931321056 HTTP/1.1" 404 41416 "-" "Mozilla/5.0 AppleWebKit/537.36 (KHTML, like Gecko; compatible; ClaudeBot/1.0; +claudebot@anthropic.com)"
98.98.9.59 - - [21/Mar/2026:13:27:41 -0300] "GET /2026/03/21/best-commission-web-based-casinos-in-to-the-nachrichten-position-free-spins-2026-costa-rica/ HTTP/1.1" 200 53323 "-" "Mozilla/5.0 (Windows NT 10.0; Win64; x64) AppleWebKit/537.36 (KHTML, like Gecko) Chrome/122.0.0.0 Safari/537.36"
216.73.216.20 - - [21/Mar/2026:13:27:42 -0300] "GET /shopdetail/1515661336 HTTP/1.1" 404 41416 "-" "Mozilla/5.0 AppleWebKit/537.36 (KHTML, like Gecko; compatible; ClaudeBot/1.0; +claudebot@anthropic.com)"
66.249.70.36 - - [21/Mar/2026:13:27:42 -0300] "GET /policy/90010.php?shopdetail/1669962212 HTTP/1.1" 200 401467 "-" "Mozilla/5.0 (Linux; Android 6.0.1; Nexus 5X Build/MMB29P) AppleWebKit/537.36 (KHTML, like Gecko) Chrome/145.0.7632.159 Mobile Safari/537.36 (compatible; GoogleOther)"
216.73.216.20 - - [21/Mar/2026:13:27:45 -0300] "GET /shopdetail/2461123803 HTTP/1.1" 404 41416 "-" "Mozilla/5.0 AppleWebKit/537.36 (KHTML, like Gecko; compatible; ClaudeBot/1.0; +claudebot@anthropic.com)"
198.244.240.197 - - [21/Mar/2026:13:27:48 -0300] "GET /2025/02/06/rotiri-gratuite-fara-varsare-promotii-casino-aztec-goldt-bonusuri/ HTTP/1.1" 200 52821 "-" "Mozilla/5.0 (compatible; AhrefsBot/7.0; +http://ahrefs.com/robot/)"
216.73.216.20 - - [21/Mar/2026:13:27:49 -0300] "GET /shopdetail/2767064961 HTTP/1.1" 404 41416 "-" "Mozilla/5.0 AppleWebKit/537.36 (KHTML, like Gecko; compatible; ClaudeBot/1.0; +claudebot@anthropic.com)"
216.73.216.20 - - [21/Mar/2026:13:27:51 -0300] "GET /shopdetail/1282112538 HTTP/1.1" 404 41416 "-" "Mozilla/5.0 AppleWebKit/537.36 (KHTML, like Gecko; compatible; ClaudeBot/1.0; +claudebot@anthropic.com)"
209.145.58.97 - - [21/Mar/2026:13:27:53 -0300] "POST /wp-cron.php?doing_wp_cron=1774110473.2428588867187500000000 HTTP/1.1" 200 - "-" "WordPress/6.9.4; https://www.casadasbombasdeassis.com.br"
23.90.184.36 - - [21/Mar/2026:13:27:51 -0300] "POST /xmlrpc.php HTTP/1.1" 200 181 "-" "Mozilla/5.0 (Windows NT 10.0; Win64; x64) AppleWebKit/537.36 (KHTML, like Gecko) Chrome/114.0.0.0 Safari/537.36"
216.73.216.20 - - [21/Mar/2026:13:27:56 -0300] "GET /shopdetail/3136442863 HTTP/1.1" 404 41416 "-" "Mozilla/5.0 AppleWebKit/537.36 (KHTML, like Gecko; compatible; ClaudeBot/1.0; +claudebot@anthropic.com)"
23.90.184.36 - - [21/Mar/2026:13:27:58 -0300] "POST /xmlrpc.php HTTP/1.1" 200 10465 "-" "Mozilla/5.0 (Windows NT 10.0; Win64; x64) AppleWebKit/537.36 (KHTML, like Gecko) Chrome/114.0.0.0 Safari/537.36"
216.73.216.20 - - [21/Mar/2026:13:27:59 -0300] "GET /shopdetail/853642986 HTTP/1.1" 404 41416 "-" "Mozilla/5.0 AppleWebKit/537.36 (KHTML, like Gecko; compatible; ClaudeBot/1.0; +claudebot@anthropic.com)"
23.90.184.36 - - [21/Mar/2026:13:28:00 -0300] "GET /2026/03/21/so-it-popular-sweepstakes-local-casino-provides-one-of-the-primary-acceptance-bonuses-off-2025/ HTTP/1.1" 200 49861 "-" "Mozilla/5.0 (Windows NT 10.0; Win64; x64) AppleWebKit/537.36 (KHTML, like Gecko) Chrome/122.0.0.0 Safari/537.36"
216.73.216.20 - - [21/Mar/2026:13:28:02 -0300] "GET /shopdetail/3937527322 HTTP/1.1" 404 41416 "-" "Mozilla/5.0 AppleWebKit/537.36 (KHTML, like Gecko; compatible; ClaudeBot/1.0; +claudebot@anthropic.com)"
216.73.216.20 - - [21/Mar/2026:13:28:05 -0300] "GET /shopdetail/1709511502 HTTP/1.1" 404 41416 "-" "Mozilla/5.0 AppleWebKit/537.36 (KHTML, like Gecko; compatible; ClaudeBot/1.0; +claudebot@anthropic.com)"
216.73.216.20 - - [21/Mar/2026:13:28:08 -0300] "GET /shopdetail/2572094282 HTTP/1.1" 404 41416 "-" "Mozilla/5.0 AppleWebKit/537.36 (KHTML, like Gecko; compatible; ClaudeBot/1.0; +claudebot@anthropic.com)"
