45.154.98.78 - - [21/Mar/2026:12:37:05 -0300] "GET //wp-json/wp/v2/users/ HTTP/1.1" 200 759 "-" "Mozilla/5.0 (Windows NT 10.0; Win64; x64) AppleWebKit/537.36 (KHTML, like Gecko) Chrome/78.0.3904.108 Safari/537.36"
45.154.98.78 - - [21/Mar/2026:12:37:06 -0300] "POST //xmlrpc.php HTTP/1.1" 200 407 "-" "Mozilla/5.0 (Windows NT 10.0; Win64; x64) AppleWebKit/537.36 (KHTML, like Gecko) Chrome/78.0.3904.108 Safari/537.36"
45.154.98.78 - - [21/Mar/2026:12:37:07 -0300] "POST //xmlrpc.php HTTP/1.1" 200 407 "-" "Mozilla/5.0 (Windows NT 10.0; Win64; x64) AppleWebKit/537.36 (KHTML, like Gecko) Chrome/78.0.3904.108 Safari/537.36"
191.96.32.4 - - [21/Mar/2026:12:37:02 -0300] "GET /2025/10/21/apple-pay-sportwetten/ HTTP/1.1" 200 10463679 "-" "Mozilla/5.0 (Windows NT 10.0; Win64; x64) AppleWebKit/537.36 (KHTML, like Gecko) Chrome/106.0.0.0 Safari/537.36"
198.244.226.27 - - [21/Mar/2026:12:37:07 -0300] "GET /2025/10/29/casino-provision-exklusive-einzahlung-2025-kostenfrei-echtgeld-boni/ HTTP/1.1" 200 51390 "-" "Mozilla/5.0 (compatible; AhrefsBot/7.0; +http://ahrefs.com/robot/)"
45.154.98.78 - - [21/Mar/2026:12:37:07 -0300] "POST //xmlrpc.php HTTP/1.1" 200 407 "-" "Mozilla/5.0 (Windows NT 10.0; Win64; x64) AppleWebKit/537.36 (KHTML, like Gecko) Chrome/78.0.3904.108 Safari/537.36"
168.91.35.29 - - [21/Mar/2026:12:36:46 -0300] "GET /2025/10/24/fuball-kickers/ HTTP/1.1" 200 9966961 "-" "Mozilla/5.0 (Windows NT 10.0; Win64; x64) AppleWebKit/537.36 (KHTML, like Gecko) Chrome/106.0.0.0 Safari/537.36"
45.154.98.78 - - [21/Mar/2026:12:37:08 -0300] "POST //xmlrpc.php HTTP/1.1" 200 407 "-" "Mozilla/5.0 (Windows NT 10.0; Win64; x64) AppleWebKit/537.36 (KHTML, like Gecko) Chrome/78.0.3904.108 Safari/537.36"
45.154.98.78 - - [21/Mar/2026:12:37:09 -0300] "POST //xmlrpc.php HTTP/1.1" 200 407 "-" "Mozilla/5.0 (Windows NT 10.0; Win64; x64) AppleWebKit/537.36 (KHTML, like Gecko) Chrome/78.0.3904.108 Safari/537.36"
45.154.98.78 - - [21/Mar/2026:12:37:09 -0300] "POST //xmlrpc.php HTTP/1.1" 200 407 "-" "Mozilla/5.0 (Windows NT 10.0; Win64; x64) AppleWebKit/537.36 (KHTML, like Gecko) Chrome/78.0.3904.108 Safari/537.36"
168.91.35.29 - - [21/Mar/2026:12:37:10 -0300] "POST /wp-comments-post.php HTTP/1.1" 302 - "https://www.casadasbombasdeassis.Com.br/2025/10/24/fuball-kickers/" "Mozilla/5.0 (Windows NT 10.0; Win64; x64) AppleWebKit/537.36 (KHTML, like Gecko) Chrome/106.0.0.0 Safari/537.36"
45.154.98.78 - - [21/Mar/2026:12:37:10 -0300] "POST //xmlrpc.php HTTP/1.1" 200 407 "-" "Mozilla/5.0 (Windows NT 10.0; Win64; x64) AppleWebKit/537.36 (KHTML, like Gecko) Chrome/78.0.3904.108 Safari/537.36"
45.154.98.78 - - [21/Mar/2026:12:37:10 -0300] "POST //xmlrpc.php HTTP/1.1" 200 407 "-" "Mozilla/5.0 (Windows NT 10.0; Win64; x64) AppleWebKit/537.36 (KHTML, like Gecko) Chrome/78.0.3904.108 Safari/537.36"
45.154.98.78 - - [21/Mar/2026:12:37:11 -0300] "POST //xmlrpc.php HTTP/1.1" 200 407 "-" "Mozilla/5.0 (Windows NT 10.0; Win64; x64) AppleWebKit/537.36 (KHTML, like Gecko) Chrome/78.0.3904.108 Safari/537.36"
45.154.98.78 - - [21/Mar/2026:12:37:12 -0300] "POST //xmlrpc.php HTTP/1.1" 200 407 "-" "Mozilla/5.0 (Windows NT 10.0; Win64; x64) AppleWebKit/537.36 (KHTML, like Gecko) Chrome/78.0.3904.108 Safari/537.36"
45.154.98.78 - - [21/Mar/2026:12:37:12 -0300] "POST //xmlrpc.php HTTP/1.1" 200 407 "-" "Mozilla/5.0 (Windows NT 10.0; Win64; x64) AppleWebKit/537.36 (KHTML, like Gecko) Chrome/78.0.3904.108 Safari/537.36"
45.154.98.78 - - [21/Mar/2026:12:37:13 -0300] "POST //xmlrpc.php HTTP/1.1" 200 407 "-" "Mozilla/5.0 (Windows NT 10.0; Win64; x64) AppleWebKit/537.36 (KHTML, like Gecko) Chrome/78.0.3904.108 Safari/537.36"
45.154.98.78 - - [21/Mar/2026:12:37:14 -0300] "POST //xmlrpc.php HTTP/1.1" 200 407 "-" "Mozilla/5.0 (Windows NT 10.0; Win64; x64) AppleWebKit/537.36 (KHTML, like Gecko) Chrome/78.0.3904.108 Safari/537.36"
191.96.32.4 - - [21/Mar/2026:12:37:09 -0300] "GET /2025/10/21/apple-pay-sportwetten/ HTTP/1.1" 200 10463679 "-" "Mozilla/5.0 (Windows NT 10.0; Win64; x64) AppleWebKit/537.36 (KHTML, like Gecko) Chrome/106.0.0.0 Safari/537.36"
45.154.98.78 - - [21/Mar/2026:12:37:14 -0300] "POST //xmlrpc.php HTTP/1.1" 200 407 "-" "Mozilla/5.0 (Windows NT 10.0; Win64; x64) AppleWebKit/537.36 (KHTML, like Gecko) Chrome/78.0.3904.108 Safari/537.36"
191.102.130.3 - - [21/Mar/2026:12:37:10 -0300] "GET /2025/10/24/fuball-kickers/ HTTP/1.1" 200 9968829 "-" "Mozilla/5.0 (Windows NT 10.0; Win64; x64) AppleWebKit/537.36 (KHTML, like Gecko) Chrome/106.0.0.0 Safari/537.36"
45.154.98.78 - - [21/Mar/2026:12:37:15 -0300] "POST //xmlrpc.php HTTP/1.1" 200 407 "-" "Mozilla/5.0 (Windows NT 10.0; Win64; x64) AppleWebKit/537.36 (KHTML, like Gecko) Chrome/78.0.3904.108 Safari/537.36"
45.154.98.78 - - [21/Mar/2026:12:37:16 -0300] "POST //xmlrpc.php HTTP/1.1" 200 407 "-" "Mozilla/5.0 (Windows NT 10.0; Win64; x64) AppleWebKit/537.36 (KHTML, like Gecko) Chrome/78.0.3904.108 Safari/537.36"
45.154.98.78 - - [21/Mar/2026:12:37:16 -0300] "POST //xmlrpc.php HTTP/1.1" 200 407 "-" "Mozilla/5.0 (Windows NT 10.0; Win64; x64) AppleWebKit/537.36 (KHTML, like Gecko) Chrome/78.0.3904.108 Safari/537.36"
45.154.98.78 - - [21/Mar/2026:12:37:17 -0300] "POST //xmlrpc.php HTTP/1.1" 200 407 "-" "Mozilla/5.0 (Windows NT 10.0; Win64; x64) AppleWebKit/537.36 (KHTML, like Gecko) Chrome/78.0.3904.108 Safari/537.36"
45.154.98.78 - - [21/Mar/2026:12:37:18 -0300] "POST //xmlrpc.php HTTP/1.1" 200 407 "-" "Mozilla/5.0 (Windows NT 10.0; Win64; x64) AppleWebKit/537.36 (KHTML, like Gecko) Chrome/78.0.3904.108 Safari/537.36"
51.195.183.182 - - [21/Mar/2026:12:37:19 -0300] "GET /2025/05/13/frogs-fairy-tale-slots-by-crazy-reels-slot-greentube-dograma-zuman-capital-humano/ HTTP/1.1" 200 57283 "-" "Mozilla/5.0 (compatible; AhrefsBot/7.0; +http://ahrefs.com/robot/)"
45.154.98.78 - - [21/Mar/2026:12:37:19 -0300] "POST //xmlrpc.php HTTP/1.1" 200 407 "-" "Mozilla/5.0 (Windows NT 10.0; Win64; x64) AppleWebKit/537.36 (KHTML, like Gecko) Chrome/78.0.3904.108 Safari/537.36"
45.154.98.78 - - [21/Mar/2026:12:37:19 -0300] "POST //xmlrpc.php HTTP/1.1" 200 407 "-" "Mozilla/5.0 (Windows NT 10.0; Win64; x64) AppleWebKit/537.36 (KHTML, like Gecko) Chrome/78.0.3904.108 Safari/537.36"
45.154.98.78 - - [21/Mar/2026:12:37:20 -0300] "POST //xmlrpc.php HTTP/1.1" 200 407 "-" "Mozilla/5.0 (Windows NT 10.0; Win64; x64) AppleWebKit/537.36 (KHTML, like Gecko) Chrome/78.0.3904.108 Safari/537.36"
45.154.98.78 - - [21/Mar/2026:12:37:21 -0300] "POST //xmlrpc.php HTTP/1.1" 200 407 "-" "Mozilla/5.0 (Windows NT 10.0; Win64; x64) AppleWebKit/537.36 (KHTML, like Gecko) Chrome/78.0.3904.108 Safari/537.36"
45.154.98.78 - - [21/Mar/2026:12:37:21 -0300] "POST //xmlrpc.php HTTP/1.1" 200 407 "-" "Mozilla/5.0 (Windows NT 10.0; Win64; x64) AppleWebKit/537.36 (KHTML, like Gecko) Chrome/78.0.3904.108 Safari/537.36"
45.154.98.78 - - [21/Mar/2026:12:37:22 -0300] "POST //xmlrpc.php HTTP/1.1" 200 407 "-" "Mozilla/5.0 (Windows NT 10.0; Win64; x64) AppleWebKit/537.36 (KHTML, like Gecko) Chrome/78.0.3904.108 Safari/537.36"
45.154.98.78 - - [21/Mar/2026:12:37:23 -0300] "POST //xmlrpc.php HTTP/1.1" 200 407 "-" "Mozilla/5.0 (Windows NT 10.0; Win64; x64) AppleWebKit/537.36 (KHTML, like Gecko) Chrome/78.0.3904.108 Safari/537.36"
45.154.98.78 - - [21/Mar/2026:12:37:23 -0300] "POST //xmlrpc.php HTTP/1.1" 200 407 "-" "Mozilla/5.0 (Windows NT 10.0; Win64; x64) AppleWebKit/537.36 (KHTML, like Gecko) Chrome/78.0.3904.108 Safari/537.36"
191.96.32.4 - - [21/Mar/2026:12:37:24 -0300] "POST /wp-comments-post.php HTTP/1.1" 302 - "https://www.casadasbombasdeassis.com.br/2025/10/21/apple-pay-sportwetten/" "Mozilla/5.0 (Windows NT 10.0; Win64; x64) AppleWebKit/537.36 (KHTML, like Gecko) Chrome/106.0.0.0 Safari/537.36"
45.154.98.78 - - [21/Mar/2026:12:37:24 -0300] "POST //xmlrpc.php HTTP/1.1" 200 407 "-" "Mozilla/5.0 (Windows NT 10.0; Win64; x64) AppleWebKit/537.36 (KHTML, like Gecko) Chrome/78.0.3904.108 Safari/537.36"
45.154.98.78 - - [21/Mar/2026:12:37:25 -0300] "POST //xmlrpc.php HTTP/1.1" 200 407 "-" "Mozilla/5.0 (Windows NT 10.0; Win64; x64) AppleWebKit/537.36 (KHTML, like Gecko) Chrome/78.0.3904.108 Safari/537.36"
45.154.98.78 - - [21/Mar/2026:12:37:25 -0300] "POST //xmlrpc.php HTTP/1.1" 200 407 "-" "Mozilla/5.0 (Windows NT 10.0; Win64; x64) AppleWebKit/537.36 (KHTML, like Gecko) Chrome/78.0.3904.108 Safari/537.36"
45.154.98.78 - - [21/Mar/2026:12:37:26 -0300] "POST //xmlrpc.php HTTP/1.1" 200 407 "-" "Mozilla/5.0 (Windows NT 10.0; Win64; x64) AppleWebKit/537.36 (KHTML, like Gecko) Chrome/78.0.3904.108 Safari/537.36"
51.89.129.36 - - [21/Mar/2026:12:37:26 -0300] "GET /2025/05/17/verbunden-spielbank-unter-einsatz-von-handyrechnung-retournieren-pro-deutsche-gamer/ HTTP/1.1" 200 53674 "-" "Mozilla/5.0 (compatible; AhrefsBot/7.0; +http://ahrefs.com/robot/)"
45.154.98.78 - - [21/Mar/2026:12:37:27 -0300] "POST //xmlrpc.php HTTP/1.1" 200 407 "-" "Mozilla/5.0 (Windows NT 10.0; Win64; x64) AppleWebKit/537.36 (KHTML, like Gecko) Chrome/78.0.3904.108 Safari/537.36"
45.154.98.78 - - [21/Mar/2026:12:37:27 -0300] "POST //xmlrpc.php HTTP/1.1" 200 407 "-" "Mozilla/5.0 (Windows NT 10.0; Win64; x64) AppleWebKit/537.36 (KHTML, like Gecko) Chrome/78.0.3904.108 Safari/537.36"
45.154.98.78 - - [21/Mar/2026:12:37:28 -0300] "POST //xmlrpc.php HTTP/1.1" 200 407 "-" "Mozilla/5.0 (Windows NT 10.0; Win64; x64) AppleWebKit/537.36 (KHTML, like Gecko) Chrome/78.0.3904.108 Safari/537.36"
45.154.98.78 - - [21/Mar/2026:12:37:28 -0300] "POST //xmlrpc.php HTTP/1.1" 200 407 "-" "Mozilla/5.0 (Windows NT 10.0; Win64; x64) AppleWebKit/537.36 (KHTML, like Gecko) Chrome/78.0.3904.108 Safari/537.36"
45.154.98.78 - - [21/Mar/2026:12:37:29 -0300] "POST //xmlrpc.php HTTP/1.1" 200 407 "-" "Mozilla/5.0 (Windows NT 10.0; Win64; x64) AppleWebKit/537.36 (KHTML, like Gecko) Chrome/78.0.3904.108 Safari/537.36"
45.154.98.78 - - [21/Mar/2026:12:37:30 -0300] "POST //xmlrpc.php HTTP/1.1" 200 407 "-" "Mozilla/5.0 (Windows NT 10.0; Win64; x64) AppleWebKit/537.36 (KHTML, like Gecko) Chrome/78.0.3904.108 Safari/537.36"
191.102.130.3 - - [21/Mar/2026:12:37:26 -0300] "GET /2025/10/24/fuball-kickers/ HTTP/1.1" 200 9968829 "-" "Mozilla/5.0 (Windows NT 10.0; Win64; x64) AppleWebKit/537.36 (KHTML, like Gecko) Chrome/106.0.0.0 Safari/537.36"
45.154.98.78 - - [21/Mar/2026:12:37:30 -0300] "POST //xmlrpc.php HTTP/1.1" 200 407 "-" "Mozilla/5.0 (Windows NT 10.0; Win64; x64) AppleWebKit/537.36 (KHTML, like Gecko) Chrome/78.0.3904.108 Safari/537.36"
45.154.98.78 - - [21/Mar/2026:12:37:31 -0300] "POST //xmlrpc.php HTTP/1.1" 200 407 "-" "Mozilla/5.0 (Windows NT 10.0; Win64; x64) AppleWebKit/537.36 (KHTML, like Gecko) Chrome/78.0.3904.108 Safari/537.36"
45.154.98.78 - - [21/Mar/2026:12:37:32 -0300] "POST //xmlrpc.php HTTP/1.1" 200 407 "-" "Mozilla/5.0 (Windows NT 10.0; Win64; x64) AppleWebKit/537.36 (KHTML, like Gecko) Chrome/78.0.3904.108 Safari/537.36"
45.154.98.78 - - [21/Mar/2026:12:37:32 -0300] "POST //xmlrpc.php HTTP/1.1" 200 407 "-" "Mozilla/5.0 (Windows NT 10.0; Win64; x64) AppleWebKit/537.36 (KHTML, like Gecko) Chrome/78.0.3904.108 Safari/537.36"
45.154.98.78 - - [21/Mar/2026:12:37:33 -0300] "POST //xmlrpc.php HTTP/1.1" 200 407 "-" "Mozilla/5.0 (Windows NT 10.0; Win64; x64) AppleWebKit/537.36 (KHTML, like Gecko) Chrome/78.0.3904.108 Safari/537.36"
191.102.130.3 - - [21/Mar/2026:12:37:33 -0300] "POST /wp-comments-post.php HTTP/1.1" 302 - "https://www.casadasbombasdeassis.Com.br/2025/10/24/fuball-kickers/" "Mozilla/5.0 (Windows NT 10.0; Win64; x64) AppleWebKit/537.36 (KHTML, like Gecko) Chrome/106.0.0.0 Safari/537.36"
45.154.98.78 - - [21/Mar/2026:12:37:34 -0300] "POST //xmlrpc.php HTTP/1.1" 200 407 "-" "Mozilla/5.0 (Windows NT 10.0; Win64; x64) AppleWebKit/537.36 (KHTML, like Gecko) Chrome/78.0.3904.108 Safari/537.36"
45.154.98.78 - - [21/Mar/2026:12:37:34 -0300] "POST //xmlrpc.php HTTP/1.1" 200 407 "-" "Mozilla/5.0 (Windows NT 10.0; Win64; x64) AppleWebKit/537.36 (KHTML, like Gecko) Chrome/78.0.3904.108 Safari/537.36"
45.154.98.78 - - [21/Mar/2026:12:37:35 -0300] "POST //xmlrpc.php HTTP/1.1" 200 407 "-" "Mozilla/5.0 (Windows NT 10.0; Win64; x64) AppleWebKit/537.36 (KHTML, like Gecko) Chrome/78.0.3904.108 Safari/537.36"
45.154.98.78 - - [21/Mar/2026:12:37:35 -0300] "POST //xmlrpc.php HTTP/1.1" 200 407 "-" "Mozilla/5.0 (Windows NT 10.0; Win64; x64) AppleWebKit/537.36 (KHTML, like Gecko) Chrome/78.0.3904.108 Safari/537.36"
198.244.226.63 - - [21/Mar/2026:12:37:36 -0300] "GET /2025/10/29/bingo-erreichbar-auffuhren-app-wette-jozz-casino-damit-echtgeld-tagesordnungspunkt-casinos-protestation-durchgang/ HTTP/1.1" 200 50979 "-" "Mozilla/5.0 (compatible; AhrefsBot/7.0; +http://ahrefs.com/robot/)"
45.154.98.78 - - [21/Mar/2026:12:37:36 -0300] "POST //xmlrpc.php HTTP/1.1" 200 407 "-" "Mozilla/5.0 (Windows NT 10.0; Win64; x64) AppleWebKit/537.36 (KHTML, like Gecko) Chrome/78.0.3904.108 Safari/537.36"
45.154.98.78 - - [21/Mar/2026:12:37:37 -0300] "POST //xmlrpc.php HTTP/1.1" 200 407 "-" "Mozilla/5.0 (Windows NT 10.0; Win64; x64) AppleWebKit/537.36 (KHTML, like Gecko) Chrome/78.0.3904.108 Safari/537.36"
45.154.98.78 - - [21/Mar/2026:12:37:37 -0300] "POST //xmlrpc.php HTTP/1.1" 200 407 "-" "Mozilla/5.0 (Windows NT 10.0; Win64; x64) AppleWebKit/537.36 (KHTML, like Gecko) Chrome/78.0.3904.108 Safari/537.36"
45.154.98.78 - - [21/Mar/2026:12:37:38 -0300] "POST //xmlrpc.php HTTP/1.1" 200 407 "-" "Mozilla/5.0 (Windows NT 10.0; Win64; x64) AppleWebKit/537.36 (KHTML, like Gecko) Chrome/78.0.3904.108 Safari/537.36"
45.154.98.78 - - [21/Mar/2026:12:37:39 -0300] "POST //xmlrpc.php HTTP/1.1" 200 407 "-" "Mozilla/5.0 (Windows NT 10.0; Win64; x64) AppleWebKit/537.36 (KHTML, like Gecko) Chrome/78.0.3904.108 Safari/537.36"
45.154.98.78 - - [21/Mar/2026:12:37:39 -0300] "POST //xmlrpc.php HTTP/1.1" 200 407 "-" "Mozilla/5.0 (Windows NT 10.0; Win64; x64) AppleWebKit/537.36 (KHTML, like Gecko) Chrome/78.0.3904.108 Safari/537.36"
45.154.98.78 - - [21/Mar/2026:12:37:40 -0300] "POST //xmlrpc.php HTTP/1.1" 200 407 "-" "Mozilla/5.0 (Windows NT 10.0; Win64; x64) AppleWebKit/537.36 (KHTML, like Gecko) Chrome/78.0.3904.108 Safari/537.36"
45.154.98.78 - - [21/Mar/2026:12:37:40 -0300] "POST //xmlrpc.php HTTP/1.1" 200 407 "-" "Mozilla/5.0 (Windows NT 10.0; Win64; x64) AppleWebKit/537.36 (KHTML, like Gecko) Chrome/78.0.3904.108 Safari/537.36"
45.154.98.78 - - [21/Mar/2026:12:37:41 -0300] "POST //xmlrpc.php HTTP/1.1" 200 407 "-" "Mozilla/5.0 (Windows NT 10.0; Win64; x64) AppleWebKit/537.36 (KHTML, like Gecko) Chrome/78.0.3904.108 Safari/537.36"
45.154.98.78 - - [21/Mar/2026:12:37:42 -0300] "POST //xmlrpc.php HTTP/1.1" 200 407 "-" "Mozilla/5.0 (Windows NT 10.0; Win64; x64) AppleWebKit/537.36 (KHTML, like Gecko) Chrome/78.0.3904.108 Safari/537.36"
45.154.98.78 - - [21/Mar/2026:12:37:42 -0300] "POST //xmlrpc.php HTTP/1.1" 200 407 "-" "Mozilla/5.0 (Windows NT 10.0; Win64; x64) AppleWebKit/537.36 (KHTML, like Gecko) Chrome/78.0.3904.108 Safari/537.36"
45.154.98.78 - - [21/Mar/2026:12:37:43 -0300] "POST //xmlrpc.php HTTP/1.1" 200 407 "-" "Mozilla/5.0 (Windows NT 10.0; Win64; x64) AppleWebKit/537.36 (KHTML, like Gecko) Chrome/78.0.3904.108 Safari/537.36"
45.154.98.78 - - [21/Mar/2026:12:37:44 -0300] "POST //xmlrpc.php HTTP/1.1" 200 407 "-" "Mozilla/5.0 (Windows NT 10.0; Win64; x64) AppleWebKit/537.36 (KHTML, like Gecko) Chrome/78.0.3904.108 Safari/537.36"
45.154.98.78 - - [21/Mar/2026:12:37:44 -0300] "POST //xmlrpc.php HTTP/1.1" 200 407 "-" "Mozilla/5.0 (Windows NT 10.0; Win64; x64) AppleWebKit/537.36 (KHTML, like Gecko) Chrome/78.0.3904.108 Safari/537.36"
45.154.98.78 - - [21/Mar/2026:12:37:45 -0300] "POST //xmlrpc.php HTTP/1.1" 200 407 "-" "Mozilla/5.0 (Windows NT 10.0; Win64; x64) AppleWebKit/537.36 (KHTML, like Gecko) Chrome/78.0.3904.108 Safari/537.36"
45.154.98.78 - - [21/Mar/2026:12:37:46 -0300] "POST //xmlrpc.php HTTP/1.1" 200 407 "-" "Mozilla/5.0 (Windows NT 10.0; Win64; x64) AppleWebKit/537.36 (KHTML, like Gecko) Chrome/78.0.3904.108 Safari/537.36"
45.154.98.78 - - [21/Mar/2026:12:37:46 -0300] "POST //xmlrpc.php HTTP/1.1" 200 407 "-" "Mozilla/5.0 (Windows NT 10.0; Win64; x64) AppleWebKit/537.36 (KHTML, like Gecko) Chrome/78.0.3904.108 Safari/537.36"
45.154.98.78 - - [21/Mar/2026:12:37:47 -0300] "POST //xmlrpc.php HTTP/1.1" 200 407 "-" "Mozilla/5.0 (Windows NT 10.0; Win64; x64) AppleWebKit/537.36 (KHTML, like Gecko) Chrome/78.0.3904.108 Safari/537.36"
54.38.147.3 - - [21/Mar/2026:12:37:47 -0300] "GET /2025/08/08/ramses-ii-spielautomat-gratis-abzuglich-registration/ HTTP/1.1" 200 54134 "-" "Mozilla/5.0 (compatible; AhrefsBot/7.0; +http://ahrefs.com/robot/)"
45.154.98.78 - - [21/Mar/2026:12:37:47 -0300] "POST //xmlrpc.php HTTP/1.1" 200 407 "-" "Mozilla/5.0 (Windows NT 10.0; Win64; x64) AppleWebKit/537.36 (KHTML, like Gecko) Chrome/78.0.3904.108 Safari/537.36"
45.154.98.78 - - [21/Mar/2026:12:37:48 -0300] "POST //xmlrpc.php HTTP/1.1" 200 407 "-" "Mozilla/5.0 (Windows NT 10.0; Win64; x64) AppleWebKit/537.36 (KHTML, like Gecko) Chrome/78.0.3904.108 Safari/537.36"
45.154.98.78 - - [21/Mar/2026:12:37:49 -0300] "POST //xmlrpc.php HTTP/1.1" 200 407 "-" "Mozilla/5.0 (Windows NT 10.0; Win64; x64) AppleWebKit/537.36 (KHTML, like Gecko) Chrome/78.0.3904.108 Safari/537.36"
45.154.98.78 - - [21/Mar/2026:12:37:49 -0300] "POST //xmlrpc.php HTTP/1.1" 200 407 "-" "Mozilla/5.0 (Windows NT 10.0; Win64; x64) AppleWebKit/537.36 (KHTML, like Gecko) Chrome/78.0.3904.108 Safari/537.36"
45.154.98.78 - - [21/Mar/2026:12:37:50 -0300] "POST //xmlrpc.php HTTP/1.1" 200 407 "-" "Mozilla/5.0 (Windows NT 10.0; Win64; x64) AppleWebKit/537.36 (KHTML, like Gecko) Chrome/78.0.3904.108 Safari/537.36"
45.154.98.78 - - [21/Mar/2026:12:37:51 -0300] "POST //xmlrpc.php HTTP/1.1" 200 407 "-" "Mozilla/5.0 (Windows NT 10.0; Win64; x64) AppleWebKit/537.36 (KHTML, like Gecko) Chrome/78.0.3904.108 Safari/537.36"
45.154.98.78 - - [21/Mar/2026:12:37:51 -0300] "POST //xmlrpc.php HTTP/1.1" 200 407 "-" "Mozilla/5.0 (Windows NT 10.0; Win64; x64) AppleWebKit/537.36 (KHTML, like Gecko) Chrome/78.0.3904.108 Safari/537.36"
45.154.98.78 - - [21/Mar/2026:12:37:52 -0300] "POST //xmlrpc.php HTTP/1.1" 200 407 "-" "Mozilla/5.0 (Windows NT 10.0; Win64; x64) AppleWebKit/537.36 (KHTML, like Gecko) Chrome/78.0.3904.108 Safari/537.36"
45.154.98.78 - - [21/Mar/2026:12:37:53 -0300] "POST //xmlrpc.php HTTP/1.1" 200 407 "-" "Mozilla/5.0 (Windows NT 10.0; Win64; x64) AppleWebKit/537.36 (KHTML, like Gecko) Chrome/78.0.3904.108 Safari/537.36"
45.154.98.78 - - [21/Mar/2026:12:37:53 -0300] "POST //xmlrpc.php HTTP/1.1" 200 407 "-" "Mozilla/5.0 (Windows NT 10.0; Win64; x64) AppleWebKit/537.36 (KHTML, like Gecko) Chrome/78.0.3904.108 Safari/537.36"
45.154.98.78 - - [21/Mar/2026:12:37:54 -0300] "POST //xmlrpc.php HTTP/1.1" 200 407 "-" "Mozilla/5.0 (Windows NT 10.0; Win64; x64) AppleWebKit/537.36 (KHTML, like Gecko) Chrome/78.0.3904.108 Safari/537.36"
45.154.98.78 - - [21/Mar/2026:12:37:54 -0300] "POST //xmlrpc.php HTTP/1.1" 200 407 "-" "Mozilla/5.0 (Windows NT 10.0; Win64; x64) AppleWebKit/537.36 (KHTML, like Gecko) Chrome/78.0.3904.108 Safari/537.36"
45.154.98.78 - - [21/Mar/2026:12:37:55 -0300] "POST //xmlrpc.php HTTP/1.1" 200 407 "-" "Mozilla/5.0 (Windows NT 10.0; Win64; x64) AppleWebKit/537.36 (KHTML, like Gecko) Chrome/78.0.3904.108 Safari/537.36"
198.244.242.234 - - [21/Mar/2026:12:37:56 -0300] "GET /2025/09/21/tragamonedas-de-balde-slots-777-juegos-sin-cargo/ HTTP/1.1" 200 53903 "-" "Mozilla/5.0 (compatible; AhrefsBot/7.0; +http://ahrefs.com/robot/)"
45.154.98.78 - - [21/Mar/2026:12:37:56 -0300] "POST //xmlrpc.php HTTP/1.1" 200 407 "-" "Mozilla/5.0 (Windows NT 10.0; Win64; x64) AppleWebKit/537.36 (KHTML, like Gecko) Chrome/78.0.3904.108 Safari/537.36"
45.154.98.78 - - [21/Mar/2026:12:37:56 -0300] "POST //xmlrpc.php HTTP/1.1" 200 407 "-" "Mozilla/5.0 (Windows NT 10.0; Win64; x64) AppleWebKit/537.36 (KHTML, like Gecko) Chrome/78.0.3904.108 Safari/537.36"
45.154.98.78 - - [21/Mar/2026:12:37:57 -0300] "POST //xmlrpc.php HTTP/1.1" 200 407 "-" "Mozilla/5.0 (Windows NT 10.0; Win64; x64) AppleWebKit/537.36 (KHTML, like Gecko) Chrome/78.0.3904.108 Safari/537.36"
45.154.98.78 - - [21/Mar/2026:12:37:58 -0300] "POST //xmlrpc.php HTTP/1.1" 200 407 "-" "Mozilla/5.0 (Windows NT 10.0; Win64; x64) AppleWebKit/537.36 (KHTML, like Gecko) Chrome/78.0.3904.108 Safari/537.36"
45.154.98.78 - - [21/Mar/2026:12:37:58 -0300] "POST //xmlrpc.php HTTP/1.1" 200 407 "-" "Mozilla/5.0 (Windows NT 10.0; Win64; x64) AppleWebKit/537.36 (KHTML, like Gecko) Chrome/78.0.3904.108 Safari/537.36"
45.154.98.78 - - [21/Mar/2026:12:37:59 -0300] "POST //xmlrpc.php HTTP/1.1" 200 407 "-" "Mozilla/5.0 (Windows NT 10.0; Win64; x64) AppleWebKit/537.36 (KHTML, like Gecko) Chrome/78.0.3904.108 Safari/537.36"
45.154.98.78 - - [21/Mar/2026:12:38:00 -0300] "POST //xmlrpc.php HTTP/1.1" 200 407 "-" "Mozilla/5.0 (Windows NT 10.0; Win64; x64) AppleWebKit/537.36 (KHTML, like Gecko) Chrome/78.0.3904.108 Safari/537.36"
45.154.98.78 - - [21/Mar/2026:12:38:00 -0300] "POST //xmlrpc.php HTTP/1.1" 200 407 "-" "Mozilla/5.0 (Windows NT 10.0; Win64; x64) AppleWebKit/537.36 (KHTML, like Gecko) Chrome/78.0.3904.108 Safari/537.36"
45.154.98.78 - - [21/Mar/2026:12:38:01 -0300] "POST //xmlrpc.php HTTP/1.1" 200 407 "-" "Mozilla/5.0 (Windows NT 10.0; Win64; x64) AppleWebKit/537.36 (KHTML, like Gecko) Chrome/78.0.3904.108 Safari/537.36"
45.154.98.78 - - [21/Mar/2026:12:38:02 -0300] "POST //xmlrpc.php HTTP/1.1" 200 407 "-" "Mozilla/5.0 (Windows NT 10.0; Win64; x64) AppleWebKit/537.36 (KHTML, like Gecko) Chrome/78.0.3904.108 Safari/537.36"
45.154.98.78 - - [21/Mar/2026:12:38:02 -0300] "POST //xmlrpc.php HTTP/1.1" 200 407 "-" "Mozilla/5.0 (Windows NT 10.0; Win64; x64) AppleWebKit/537.36 (KHTML, like Gecko) Chrome/78.0.3904.108 Safari/537.36"
45.154.98.78 - - [21/Mar/2026:12:38:03 -0300] "POST //xmlrpc.php HTTP/1.1" 200 407 "-" "Mozilla/5.0 (Windows NT 10.0; Win64; x64) AppleWebKit/537.36 (KHTML, like Gecko) Chrome/78.0.3904.108 Safari/537.36"
45.154.98.78 - - [21/Mar/2026:12:38:04 -0300] "POST //xmlrpc.php HTTP/1.1" 200 407 "-" "Mozilla/5.0 (Windows NT 10.0; Win64; x64) AppleWebKit/537.36 (KHTML, like Gecko) Chrome/78.0.3904.108 Safari/537.36"
45.154.98.78 - - [21/Mar/2026:12:38:04 -0300] "POST //xmlrpc.php HTTP/1.1" 200 407 "-" "Mozilla/5.0 (Windows NT 10.0; Win64; x64) AppleWebKit/537.36 (KHTML, like Gecko) Chrome/78.0.3904.108 Safari/537.36"
45.154.98.78 - - [21/Mar/2026:12:38:05 -0300] "POST //xmlrpc.php HTTP/1.1" 200 407 "-" "Mozilla/5.0 (Windows NT 10.0; Win64; x64) AppleWebKit/537.36 (KHTML, like Gecko) Chrome/78.0.3904.108 Safari/537.36"
45.154.98.78 - - [21/Mar/2026:12:38:06 -0300] "POST //xmlrpc.php HTTP/1.1" 200 407 "-" "Mozilla/5.0 (Windows NT 10.0; Win64; x64) AppleWebKit/537.36 (KHTML, like Gecko) Chrome/78.0.3904.108 Safari/537.36"
198.244.242.42 - - [21/Mar/2026:12:38:06 -0300] "GET /2025/08/26/no-deposit-extra-vera-john-uk-20-free-spins-no-deposit-casino-rules-totally-free-revolves-no-deposit-gambling-enterprises-2025/ HTTP/1.1" 200 51153 "-" "Mozilla/5.0 (compatible; AhrefsBot/7.0; +http://ahrefs.com/robot/)"
45.154.98.78 - - [21/Mar/2026:12:38:07 -0300] "POST //xmlrpc.php HTTP/1.1" 200 407 "-" "Mozilla/5.0 (Windows NT 10.0; Win64; x64) AppleWebKit/537.36 (KHTML, like Gecko) Chrome/78.0.3904.108 Safari/537.36"
45.154.98.78 - - [21/Mar/2026:12:38:07 -0300] "POST //xmlrpc.php HTTP/1.1" 200 407 "-" "Mozilla/5.0 (Windows NT 10.0; Win64; x64) AppleWebKit/537.36 (KHTML, like Gecko) Chrome/78.0.3904.108 Safari/537.36"
45.154.98.78 - - [21/Mar/2026:12:38:08 -0300] "POST //xmlrpc.php HTTP/1.1" 200 407 "-" "Mozilla/5.0 (Windows NT 10.0; Win64; x64) AppleWebKit/537.36 (KHTML, like Gecko) Chrome/78.0.3904.108 Safari/537.36"
45.154.98.78 - - [21/Mar/2026:12:38:09 -0300] "POST //xmlrpc.php HTTP/1.1" 200 407 "-" "Mozilla/5.0 (Windows NT 10.0; Win64; x64) AppleWebKit/537.36 (KHTML, like Gecko) Chrome/78.0.3904.108 Safari/537.36"
45.154.98.78 - - [21/Mar/2026:12:38:09 -0300] "POST //xmlrpc.php HTTP/1.1" 200 407 "-" "Mozilla/5.0 (Windows NT 10.0; Win64; x64) AppleWebKit/537.36 (KHTML, like Gecko) Chrome/78.0.3904.108 Safari/537.36"
45.154.98.78 - - [21/Mar/2026:12:38:10 -0300] "POST //xmlrpc.php HTTP/1.1" 200 407 "-" "Mozilla/5.0 (Windows NT 10.0; Win64; x64) AppleWebKit/537.36 (KHTML, like Gecko) Chrome/78.0.3904.108 Safari/537.36"
45.154.98.78 - - [21/Mar/2026:12:38:10 -0300] "POST //xmlrpc.php HTTP/1.1" 200 407 "-" "Mozilla/5.0 (Windows NT 10.0; Win64; x64) AppleWebKit/537.36 (KHTML, like Gecko) Chrome/78.0.3904.108 Safari/537.36"
209.145.58.97 - - [21/Mar/2026:12:38:11 -0300] "POST /wp-cron.php?doing_wp_cron=1774107491.8016719818115234375000 HTTP/1.1" 200 - "-" "WordPress/6.9.4; https://www.casadasbombasdeassis.com.br"
23.90.184.36 - - [21/Mar/2026:12:38:10 -0300] "POST /xmlrpc.php HTTP/1.1" 200 181 "-" "Mozilla/5.0 (Windows NT 10.0; Win64; x64) AppleWebKit/537.36 (KHTML, like Gecko) Chrome/114.0.0.0 Safari/537.36"
45.154.98.78 - - [21/Mar/2026:12:38:11 -0300] "POST //xmlrpc.php HTTP/1.1" 200 407 "-" "Mozilla/5.0 (Windows NT 10.0; Win64; x64) AppleWebKit/537.36 (KHTML, like Gecko) Chrome/78.0.3904.108 Safari/537.36"
45.154.98.78 - - [21/Mar/2026:12:38:12 -0300] "POST //xmlrpc.php HTTP/1.1" 200 407 "-" "Mozilla/5.0 (Windows NT 10.0; Win64; x64) AppleWebKit/537.36 (KHTML, like Gecko) Chrome/78.0.3904.108 Safari/537.36"
45.154.98.78 - - [21/Mar/2026:12:38:12 -0300] "POST //xmlrpc.php HTTP/1.1" 200 407 "-" "Mozilla/5.0 (Windows NT 10.0; Win64; x64) AppleWebKit/537.36 (KHTML, like Gecko) Chrome/78.0.3904.108 Safari/537.36"
45.154.98.78 - - [21/Mar/2026:12:38:13 -0300] "POST //xmlrpc.php HTTP/1.1" 200 407 "-" "Mozilla/5.0 (Windows NT 10.0; Win64; x64) AppleWebKit/537.36 (KHTML, like Gecko) Chrome/78.0.3904.108 Safari/537.36"
45.154.98.78 - - [21/Mar/2026:12:38:14 -0300] "POST //xmlrpc.php HTTP/1.1" 200 407 "-" "Mozilla/5.0 (Windows NT 10.0; Win64; x64) AppleWebKit/537.36 (KHTML, like Gecko) Chrome/78.0.3904.108 Safari/537.36"
45.154.98.78 - - [21/Mar/2026:12:38:14 -0300] "POST //xmlrpc.php HTTP/1.1" 200 407 "-" "Mozilla/5.0 (Windows NT 10.0; Win64; x64) AppleWebKit/537.36 (KHTML, like Gecko) Chrome/78.0.3904.108 Safari/537.36"
45.154.98.78 - - [21/Mar/2026:12:38:15 -0300] "POST //xmlrpc.php HTTP/1.1" 200 407 "-" "Mozilla/5.0 (Windows NT 10.0; Win64; x64) AppleWebKit/537.36 (KHTML, like Gecko) Chrome/78.0.3904.108 Safari/537.36"
45.154.98.78 - - [21/Mar/2026:12:38:16 -0300] "POST //xmlrpc.php HTTP/1.1" 200 407 "-" "Mozilla/5.0 (Windows NT 10.0; Win64; x64) AppleWebKit/537.36 (KHTML, like Gecko) Chrome/78.0.3904.108 Safari/537.36"
45.154.98.78 - - [21/Mar/2026:12:38:16 -0300] "POST //xmlrpc.php HTTP/1.1" 200 407 "-" "Mozilla/5.0 (Windows NT 10.0; Win64; x64) AppleWebKit/537.36 (KHTML, like Gecko) Chrome/78.0.3904.108 Safari/537.36"
45.154.98.78 - - [21/Mar/2026:12:38:17 -0300] "POST //xmlrpc.php HTTP/1.1" 200 407 "-" "Mozilla/5.0 (Windows NT 10.0; Win64; x64) AppleWebKit/537.36 (KHTML, like Gecko) Chrome/78.0.3904.108 Safari/537.36"
45.154.98.78 - - [21/Mar/2026:12:38:18 -0300] "POST //xmlrpc.php HTTP/1.1" 200 407 "-" "Mozilla/5.0 (Windows NT 10.0; Win64; x64) AppleWebKit/537.36 (KHTML, like Gecko) Chrome/78.0.3904.108 Safari/537.36"
45.154.98.78 - - [21/Mar/2026:12:38:18 -0300] "POST //xmlrpc.php HTTP/1.1" 200 407 "-" "Mozilla/5.0 (Windows NT 10.0; Win64; x64) AppleWebKit/537.36 (KHTML, like Gecko) Chrome/78.0.3904.108 Safari/537.36"
23.90.184.36 - - [21/Mar/2026:12:38:18 -0300] "POST /xmlrpc.php HTTP/1.1" 200 12839 "-" "Mozilla/5.0 (Windows NT 10.0; Win64; x64) AppleWebKit/537.36 (KHTML, like Gecko) Chrome/114.0.0.0 Safari/537.36"
45.154.98.78 - - [21/Mar/2026:12:38:19 -0300] "POST //xmlrpc.php HTTP/1.1" 200 407 "-" "Mozilla/5.0 (Windows NT 10.0; Win64; x64) AppleWebKit/537.36 (KHTML, like Gecko) Chrome/78.0.3904.108 Safari/537.36"
51.195.215.7 - - [21/Mar/2026:12:38:19 -0300] "GET /2025/08/18/gold-snap-this-site-rally-on-the-web-modern-ports-comment/ HTTP/1.1" 200 48580 "-" "Mozilla/5.0 (compatible; AhrefsBot/7.0; +http://ahrefs.com/robot/)"
45.154.98.78 - - [21/Mar/2026:12:38:19 -0300] "POST //xmlrpc.php HTTP/1.1" 200 407 "-" "Mozilla/5.0 (Windows NT 10.0; Win64; x64) AppleWebKit/537.36 (KHTML, like Gecko) Chrome/78.0.3904.108 Safari/537.36"
45.154.98.78 - - [21/Mar/2026:12:38:20 -0300] "POST //xmlrpc.php HTTP/1.1" 200 407 "-" "Mozilla/5.0 (Windows NT 10.0; Win64; x64) AppleWebKit/537.36 (KHTML, like Gecko) Chrome/78.0.3904.108 Safari/537.36"
45.154.98.78 - - [21/Mar/2026:12:38:21 -0300] "POST //xmlrpc.php HTTP/1.1" 200 407 "-" "Mozilla/5.0 (Windows NT 10.0; Win64; x64) AppleWebKit/537.36 (KHTML, like Gecko) Chrome/78.0.3904.108 Safari/537.36"
23.90.184.36 - - [21/Mar/2026:12:38:21 -0300] "GET /2026/03/21/kostenloses-no-beschrankung-texas-holdem-blo-downloads-replay-poker/ HTTP/1.1" 200 52350 "-" "Mozilla/5.0 (Windows NT 10.0; Win64; x64) AppleWebKit/537.36 (KHTML, like Gecko) Chrome/109.0.0.0 Safari/537.36"
45.154.98.78 - - [21/Mar/2026:12:38:21 -0300] "POST //xmlrpc.php HTTP/1.1" 200 407 "-" "Mozilla/5.0 (Windows NT 10.0; Win64; x64) AppleWebKit/537.36 (KHTML, like Gecko) Chrome/78.0.3904.108 Safari/537.36"
45.154.98.78 - - [21/Mar/2026:12:38:22 -0300] "POST //xmlrpc.php HTTP/1.1" 200 407 "-" "Mozilla/5.0 (Windows NT 10.0; Win64; x64) AppleWebKit/537.36 (KHTML, like Gecko) Chrome/78.0.3904.108 Safari/537.36"
45.154.98.78 - - [21/Mar/2026:12:38:23 -0300] "POST //xmlrpc.php HTTP/1.1" 200 407 "-" "Mozilla/5.0 (Windows NT 10.0; Win64; x64) AppleWebKit/537.36 (KHTML, like Gecko) Chrome/78.0.3904.108 Safari/537.36"
45.154.98.78 - - [21/Mar/2026:12:38:23 -0300] "POST //xmlrpc.php HTTP/1.1" 200 407 "-" "Mozilla/5.0 (Windows NT 10.0; Win64; x64) AppleWebKit/537.36 (KHTML, like Gecko) Chrome/78.0.3904.108 Safari/537.36"
45.154.98.78 - - [21/Mar/2026:12:38:24 -0300] "POST //xmlrpc.php HTTP/1.1" 200 407 "-" "Mozilla/5.0 (Windows NT 10.0; Win64; x64) AppleWebKit/537.36 (KHTML, like Gecko) Chrome/78.0.3904.108 Safari/537.36"
45.154.98.78 - - [21/Mar/2026:12:38:25 -0300] "POST //xmlrpc.php HTTP/1.1" 200 407 "-" "Mozilla/5.0 (Windows NT 10.0; Win64; x64) AppleWebKit/537.36 (KHTML, like Gecko) Chrome/78.0.3904.108 Safari/537.36"
45.154.98.78 - - [21/Mar/2026:12:38:25 -0300] "POST //xmlrpc.php HTTP/1.1" 200 407 "-" "Mozilla/5.0 (Windows NT 10.0; Win64; x64) AppleWebKit/537.36 (KHTML, like Gecko) Chrome/78.0.3904.108 Safari/537.36"
45.154.98.78 - - [21/Mar/2026:12:38:26 -0300] "POST //xmlrpc.php HTTP/1.1" 200 407 "-" "Mozilla/5.0 (Windows NT 10.0; Win64; x64) AppleWebKit/537.36 (KHTML, like Gecko) Chrome/78.0.3904.108 Safari/537.36"
45.154.98.78 - - [21/Mar/2026:12:38:26 -0300] "POST //xmlrpc.php HTTP/1.1" 200 407 "-" "Mozilla/5.0 (Windows NT 10.0; Win64; x64) AppleWebKit/537.36 (KHTML, like Gecko) Chrome/78.0.3904.108 Safari/537.36"
45.154.98.78 - - [21/Mar/2026:12:38:32 -0300] "POST //xmlrpc.php HTTP/1.1" 200 407 "-" "Mozilla/5.0 (Windows NT 10.0; Win64; x64) AppleWebKit/537.36 (KHTML, like Gecko) Chrome/78.0.3904.108 Safari/537.36"
216.73.216.20 - - [21/Mar/2026:12:38:32 -0300] "GET /shopdetail/1327558809 HTTP/1.1" 404 41416 "-" "Mozilla/5.0 AppleWebKit/537.36 (KHTML, like Gecko; compatible; ClaudeBot/1.0; +claudebot@anthropic.com)"
194.165.16.5 - - [21/Mar/2026:12:38:32 -0300] "GET /wp-login.php HTTP/1.1" 200 9622 "-" "Mozilla/5.0 (Macintosh; Intel Mac OS X 13_5) AppleWebKit/605.1.15 (KHTML, like Gecko) Version/17.5 Safari/605.1.15"
51.195.244.34 - - [21/Mar/2026:12:38:32 -0300] "GET /2025/09/10/1xbet-dopolnenie-dlya-stavok-na-aviasport-zakachat-prilozhenie/ HTTP/1.1" 200 55168 "-" "Mozilla/5.0 (compatible; AhrefsBot/7.0; +http://ahrefs.com/robot/)"
45.154.98.78 - - [21/Mar/2026:12:38:33 -0300] "POST //xmlrpc.php HTTP/1.1" 200 407 "-" "Mozilla/5.0 (Windows NT 10.0; Win64; x64) AppleWebKit/537.36 (KHTML, like Gecko) Chrome/78.0.3904.108 Safari/537.36"
85.208.96.201 - - [21/Mar/2026:12:38:33 -0300] "GET /2025/10/14/assistent-of-oz-im-verbunden-casino-was-auch-summertime-slot-immer-wichtige-im-ubersicht-2025/ HTTP/1.1" 200 55574 "-" "Mozilla/5.0 (compatible; SemrushBot/7~bl; +http://www.semrush.com/bot.html)"
45.154.98.78 - - [21/Mar/2026:12:38:33 -0300] "POST //xmlrpc.php HTTP/1.1" 200 407 "-" "Mozilla/5.0 (Windows NT 10.0; Win64; x64) AppleWebKit/537.36 (KHTML, like Gecko) Chrome/78.0.3904.108 Safari/537.36"
216.73.216.20 - - [21/Mar/2026:12:38:34 -0300] "GET /shopdetail/3602599129 HTTP/1.1" 404 41416 "-" "Mozilla/5.0 AppleWebKit/537.36 (KHTML, like Gecko; compatible; ClaudeBot/1.0; +claudebot@anthropic.com)"
45.154.98.78 - - [21/Mar/2026:12:38:34 -0300] "POST //xmlrpc.php HTTP/1.1" 200 407 "-" "Mozilla/5.0 (Windows NT 10.0; Win64; x64) AppleWebKit/537.36 (KHTML, like Gecko) Chrome/78.0.3904.108 Safari/537.36"
209.145.58.97 - - [21/Mar/2026:12:38:34 -0300] "POST /wp-cron.php?doing_wp_cron=1774107514.9028189182281494140625 HTTP/1.1" 200 - "-" "WordPress/6.9.4; https://www.casadasbombasdeassis.com.br"
194.165.16.5 - - [21/Mar/2026:12:38:33 -0300] "POST /xmlrpc.php HTTP/1.1" 200 181 "-" "Mozilla/5.0 (Windows NT 10.0; Win64; x64; rv:127.0) Gecko/20100101 Firefox/127.0"
45.154.98.78 - - [21/Mar/2026:12:38:35 -0300] "POST //xmlrpc.php HTTP/1.1" 200 407 "-" "Mozilla/5.0 (Windows NT 10.0; Win64; x64) AppleWebKit/537.36 (KHTML, like Gecko) Chrome/78.0.3904.108 Safari/537.36"
194.165.16.5 - - [21/Mar/2026:12:38:35 -0300] "POST /xmlrpc.php HTTP/1.1" 200 6278 "-" "Mozilla/5.0 (Windows NT 10.0; Win64; x64; rv:127.0) Gecko/20100101 Firefox/127.0"
45.154.98.78 - - [21/Mar/2026:12:38:35 -0300] "POST //xmlrpc.php HTTP/1.1" 200 407 "-" "Mozilla/5.0 (Windows NT 10.0; Win64; x64) AppleWebKit/537.36 (KHTML, like Gecko) Chrome/78.0.3904.108 Safari/537.36"
45.154.98.78 - - [21/Mar/2026:12:38:36 -0300] "POST //xmlrpc.php HTTP/1.1" 200 407 "-" "Mozilla/5.0 (Windows NT 10.0; Win64; x64) AppleWebKit/537.36 (KHTML, like Gecko) Chrome/78.0.3904.108 Safari/537.36"
45.154.98.78 - - [21/Mar/2026:12:38:37 -0300] "POST //xmlrpc.php HTTP/1.1" 200 407 "-" "Mozilla/5.0 (Windows NT 10.0; Win64; x64) AppleWebKit/537.36 (KHTML, like Gecko) Chrome/78.0.3904.108 Safari/537.36"
216.73.216.20 - - [21/Mar/2026:12:38:37 -0300] "GET /shopdetail/2045858962 HTTP/1.1" 404 41416 "-" "Mozilla/5.0 AppleWebKit/537.36 (KHTML, like Gecko; compatible; ClaudeBot/1.0; +claudebot@anthropic.com)"
45.154.98.78 - - [21/Mar/2026:12:38:37 -0300] "POST //xmlrpc.php HTTP/1.1" 200 407 "-" "Mozilla/5.0 (Windows NT 10.0; Win64; x64) AppleWebKit/537.36 (KHTML, like Gecko) Chrome/78.0.3904.108 Safari/537.36"
45.154.98.78 - - [21/Mar/2026:12:38:38 -0300] "POST //xmlrpc.php HTTP/1.1" 200 407 "-" "Mozilla/5.0 (Windows NT 10.0; Win64; x64) AppleWebKit/537.36 (KHTML, like Gecko) Chrome/78.0.3904.108 Safari/537.36"
45.154.98.78 - - [21/Mar/2026:12:38:38 -0300] "POST //xmlrpc.php HTTP/1.1" 200 407 "-" "Mozilla/5.0 (Windows NT 10.0; Win64; x64) AppleWebKit/537.36 (KHTML, like Gecko) Chrome/78.0.3904.108 Safari/537.36"
198.244.226.30 - - [21/Mar/2026:12:38:39 -0300] "GET /2025/10/10/rainbow-money-100-free-dazzle-50-spins-no-deposit-percent-free-enjoy-demonstration-slot/ HTTP/1.1" 200 50486 "-" "Mozilla/5.0 (compatible; AhrefsBot/7.0; +http://ahrefs.com/robot/)"
45.154.98.78 - - [21/Mar/2026:12:38:39 -0300] "POST //xmlrpc.php HTTP/1.1" 200 407 "-" "Mozilla/5.0 (Windows NT 10.0; Win64; x64) AppleWebKit/537.36 (KHTML, like Gecko) Chrome/78.0.3904.108 Safari/537.36"
216.73.216.20 - - [21/Mar/2026:12:38:40 -0300] "GET /shopdetail/2571698366 HTTP/1.1" 404 41416 "-" "Mozilla/5.0 AppleWebKit/537.36 (KHTML, like Gecko; compatible; ClaudeBot/1.0; +claudebot@anthropic.com)"
45.154.98.78 - - [21/Mar/2026:12:38:40 -0300] "POST //xmlrpc.php HTTP/1.1" 200 407 "-" "Mozilla/5.0 (Windows NT 10.0; Win64; x64) AppleWebKit/537.36 (KHTML, like Gecko) Chrome/78.0.3904.108 Safari/537.36"
45.154.98.78 - - [21/Mar/2026:12:38:40 -0300] "POST //xmlrpc.php HTTP/1.1" 200 407 "-" "Mozilla/5.0 (Windows NT 10.0; Win64; x64) AppleWebKit/537.36 (KHTML, like Gecko) Chrome/78.0.3904.108 Safari/537.36"
45.154.98.78 - - [21/Mar/2026:12:38:41 -0300] "POST //xmlrpc.php HTTP/1.1" 200 407 "-" "Mozilla/5.0 (Windows NT 10.0; Win64; x64) AppleWebKit/537.36 (KHTML, like Gecko) Chrome/78.0.3904.108 Safari/537.36"
45.154.98.78 - - [21/Mar/2026:12:38:42 -0300] "POST //xmlrpc.php HTTP/1.1" 200 407 "-" "Mozilla/5.0 (Windows NT 10.0; Win64; x64) AppleWebKit/537.36 (KHTML, like Gecko) Chrome/78.0.3904.108 Safari/537.36"
45.154.98.78 - - [21/Mar/2026:12:38:42 -0300] "POST //xmlrpc.php HTTP/1.1" 200 407 "-" "Mozilla/5.0 (Windows NT 10.0; Win64; x64) AppleWebKit/537.36 (KHTML, like Gecko) Chrome/78.0.3904.108 Safari/537.36"
45.154.98.78 - - [21/Mar/2026:12:38:43 -0300] "POST //xmlrpc.php HTTP/1.1" 200 407 "-" "Mozilla/5.0 (Windows NT 10.0; Win64; x64) AppleWebKit/537.36 (KHTML, like Gecko) Chrome/78.0.3904.108 Safari/537.36"
45.154.98.78 - - [21/Mar/2026:12:38:46 -0300] "POST //xmlrpc.php HTTP/1.1" 200 407 "-" "Mozilla/5.0 (Windows NT 10.0; Win64; x64) AppleWebKit/537.36 (KHTML, like Gecko) Chrome/78.0.3904.108 Safari/537.36"
216.73.216.20 - - [21/Mar/2026:12:38:47 -0300] "GET /shopdetail/790160059 HTTP/1.1" 404 41416 "-" "Mozilla/5.0 AppleWebKit/537.36 (KHTML, like Gecko; compatible; ClaudeBot/1.0; +claudebot@anthropic.com)"
45.154.98.78 - - [21/Mar/2026:12:38:48 -0300] "POST //xmlrpc.php HTTP/1.1" 200 407 "-" "Mozilla/5.0 (Windows NT 10.0; Win64; x64) AppleWebKit/537.36 (KHTML, like Gecko) Chrome/78.0.3904.108 Safari/537.36"
45.154.98.78 - - [21/Mar/2026:12:38:48 -0300] "POST //xmlrpc.php HTTP/1.1" 200 407 "-" "Mozilla/5.0 (Windows NT 10.0; Win64; x64) AppleWebKit/537.36 (KHTML, like Gecko) Chrome/78.0.3904.108 Safari/537.36"
45.154.98.78 - - [21/Mar/2026:12:38:49 -0300] "POST //xmlrpc.php HTTP/1.1" 200 407 "-" "Mozilla/5.0 (Windows NT 10.0; Win64; x64) AppleWebKit/537.36 (KHTML, like Gecko) Chrome/78.0.3904.108 Safari/537.36"
216.73.216.20 - - [21/Mar/2026:12:38:49 -0300] "GET /shopdetail/3461228398 HTTP/1.1" 404 41416 "-" "Mozilla/5.0 AppleWebKit/537.36 (KHTML, like Gecko; compatible; ClaudeBot/1.0; +claudebot@anthropic.com)"
45.154.98.78 - - [21/Mar/2026:12:38:50 -0300] "POST //xmlrpc.php HTTP/1.1" 200 407 "-" "Mozilla/5.0 (Windows NT 10.0; Win64; x64) AppleWebKit/537.36 (KHTML, like Gecko) Chrome/78.0.3904.108 Safari/537.36"
45.154.98.78 - - [21/Mar/2026:12:38:50 -0300] "POST //xmlrpc.php HTTP/1.1" 200 407 "-" "Mozilla/5.0 (Windows NT 10.0; Win64; x64) AppleWebKit/537.36 (KHTML, like Gecko) Chrome/78.0.3904.108 Safari/537.36"
95.5.106.126 - - [21/Mar/2026:12:38:49 -0300] "GET /2025/10/06/alpenbets-online-casino/ HTTP/1.1" 200 790439 "https://www.casadasbombasdeassis.com.br/" "Mozilla/5.0 (Windows NT 10.0; WOW64) AppleWebKit/537.36 (KHTML, like Gecko) Chrome/114.0.0.0 YaBrowser/22.7.0 Yowser/2.5 Safari/537.36"
45.154.98.78 - - [21/Mar/2026:12:38:51 -0300] "POST //xmlrpc.php HTTP/1.1" 200 407 "-" "Mozilla/5.0 (Windows NT 10.0; Win64; x64) AppleWebKit/537.36 (KHTML, like Gecko) Chrome/78.0.3904.108 Safari/537.36"
216.73.216.20 - - [21/Mar/2026:12:38:51 -0300] "GET /shopdetail/433276482 HTTP/1.1" 404 41416 "-" "Mozilla/5.0 AppleWebKit/537.36 (KHTML, like Gecko; compatible; ClaudeBot/1.0; +claudebot@anthropic.com)"
45.154.98.78 - - [21/Mar/2026:12:38:51 -0300] "POST //xmlrpc.php HTTP/1.1" 200 407 "-" "Mozilla/5.0 (Windows NT 10.0; Win64; x64) AppleWebKit/537.36 (KHTML, like Gecko) Chrome/78.0.3904.108 Safari/537.36"
198.244.242.210 - - [21/Mar/2026:12:38:52 -0300] "GET /2025/08/07/regal-mermaid-slot-remark-lock-and-you-will-weight-7-sultans-casino-no-deposit-code-element-cash-perks/ HTTP/1.1" 200 50933 "-" "Mozilla/5.0 (compatible; AhrefsBot/7.0; +http://ahrefs.com/robot/)"
45.154.98.78 - - [21/Mar/2026:12:38:52 -0300] "POST //xmlrpc.php HTTP/1.1" 200 407 "-" "Mozilla/5.0 (Windows NT 10.0; Win64; x64) AppleWebKit/537.36 (KHTML, like Gecko) Chrome/78.0.3904.108 Safari/537.36"
95.5.106.126 - - [21/Mar/2026:12:38:53 -0300] "POST /wp-comments-post.php HTTP/1.1" 302 - "https://www.casadasbombasdeassis.com.br/2025/10/06/alpenbets-online-casino/" "Mozilla/5.0 (Windows NT 10.0; WOW64) AppleWebKit/537.36 (KHTML, like Gecko) Chrome/114.0.0.0 YaBrowser/22.7.0 Yowser/2.5 Safari/537.36"
45.154.98.78 - - [21/Mar/2026:12:38:53 -0300] "POST //xmlrpc.php HTTP/1.1" 200 407 "-" "Mozilla/5.0 (Windows NT 10.0; Win64; x64) AppleWebKit/537.36 (KHTML, like Gecko) Chrome/78.0.3904.108 Safari/537.36"
45.154.98.78 - - [21/Mar/2026:12:38:53 -0300] "POST //xmlrpc.php HTTP/1.1" 200 407 "-" "Mozilla/5.0 (Windows NT 10.0; Win64; x64) AppleWebKit/537.36 (KHTML, like Gecko) Chrome/78.0.3904.108 Safari/537.36"
216.73.216.20 - - [21/Mar/2026:12:38:54 -0300] "GET /shopdetail/3926414685 HTTP/1.1" 404 41416 "-" "Mozilla/5.0 AppleWebKit/537.36 (KHTML, like Gecko; compatible; ClaudeBot/1.0; +claudebot@anthropic.com)"
45.154.98.78 - - [21/Mar/2026:12:38:54 -0300] "POST //xmlrpc.php HTTP/1.1" 200 407 "-" "Mozilla/5.0 (Windows NT 10.0; Win64; x64) AppleWebKit/537.36 (KHTML, like Gecko) Chrome/78.0.3904.108 Safari/537.36"
95.5.106.126 - - [21/Mar/2026:12:38:53 -0300] "GET /2025/10/06/alpenbets-online-casino/ HTTP/1.1" 200 792348 "https://www.casadasbombasdeassis.com.br/wp-comments-post.php" "Mozilla/5.0 (Windows NT 10.0; WOW64) AppleWebKit/537.36 (KHTML, like Gecko) Chrome/114.0.0.0 YaBrowser/22.7.0 Yowser/2.5 Safari/537.36"
45.154.98.78 - - [21/Mar/2026:12:38:55 -0300] "POST //xmlrpc.php HTTP/1.1" 200 407 "-" "Mozilla/5.0 (Windows NT 10.0; Win64; x64) AppleWebKit/537.36 (KHTML, like Gecko) Chrome/78.0.3904.108 Safari/537.36"
45.154.98.78 - - [21/Mar/2026:12:38:55 -0300] "POST //xmlrpc.php HTTP/1.1" 200 407 "-" "Mozilla/5.0 (Windows NT 10.0; Win64; x64) AppleWebKit/537.36 (KHTML, like Gecko) Chrome/78.0.3904.108 Safari/537.36"
194.165.16.5 - - [21/Mar/2026:12:38:56 -0300] "GET /wp-login.php HTTP/1.1" 200 9622 "-" "Mozilla/5.0 (Macintosh; Intel Mac OS X 13_5) AppleWebKit/605.1.15 (KHTML, like Gecko) Version/17.5 Safari/605.1.15"
45.154.98.78 - - [21/Mar/2026:12:38:56 -0300] "POST //xmlrpc.php HTTP/1.1" 200 407 "-" "Mozilla/5.0 (Windows NT 10.0; Win64; x64) AppleWebKit/537.36 (KHTML, like Gecko) Chrome/78.0.3904.108 Safari/537.36"
45.154.98.78 - - [21/Mar/2026:12:38:56 -0300] "POST //xmlrpc.php HTTP/1.1" 200 407 "-" "Mozilla/5.0 (Windows NT 10.0; Win64; x64) AppleWebKit/537.36 (KHTML, like Gecko) Chrome/78.0.3904.108 Safari/537.36"
216.73.216.20 - - [21/Mar/2026:12:38:57 -0300] "GET /shopdetail/3213538077 HTTP/1.1" 404 41416 "-" "Mozilla/5.0 AppleWebKit/537.36 (KHTML, like Gecko; compatible; ClaudeBot/1.0; +claudebot@anthropic.com)"
45.154.98.78 - - [21/Mar/2026:12:38:57 -0300] "POST //xmlrpc.php HTTP/1.1" 200 407 "-" "Mozilla/5.0 (Windows NT 10.0; Win64; x64) AppleWebKit/537.36 (KHTML, like Gecko) Chrome/78.0.3904.108 Safari/537.36"
209.145.58.97 - - [21/Mar/2026:12:38:57 -0300] "POST /wp-cron.php?doing_wp_cron=1774107537.9069099426269531250000 HTTP/1.1" 200 - "-" "WordPress/6.9.4; https://www.casadasbombasdeassis.com.br"
194.165.16.5 - - [21/Mar/2026:12:38:56 -0300] "POST /xmlrpc.php HTTP/1.1" 200 181 "-" "Mozilla/5.0 (Windows NT 10.0; Win64; x64; rv:127.0) Gecko/20100101 Firefox/127.0"
95.5.106.126 - - [21/Mar/2026:12:38:55 -0300] "GET /2025/10/06/alpenbets-online-casino/ HTTP/1.1" 200 792348 "-" "Mozilla/5.0 (Windows NT 10.0; WOW64) AppleWebKit/537.36 (KHTML, like Gecko) Chrome/114.0.0.0 YaBrowser/22.7.0 Yowser/2.5 Safari/537.36"
45.154.98.78 - - [21/Mar/2026:12:38:58 -0300] "POST //xmlrpc.php HTTP/1.1" 200 407 "-" "Mozilla/5.0 (Windows NT 10.0; Win64; x64) AppleWebKit/537.36 (KHTML, like Gecko) Chrome/78.0.3904.108 Safari/537.36"
194.165.16.5 - - [21/Mar/2026:12:38:58 -0300] "POST /xmlrpc.php HTTP/1.1" 200 6754 "-" "Mozilla/5.0 (Windows NT 10.0; Win64; x64) AppleWebKit/537.36 (KHTML, like Gecko) Chrome/124.0.6367.207 Safari/537.36"
45.154.98.78 - - [21/Mar/2026:12:38:58 -0300] "POST //xmlrpc.php HTTP/1.1" 200 407 "-" "Mozilla/5.0 (Windows NT 10.0; Win64; x64) AppleWebKit/537.36 (KHTML, like Gecko) Chrome/78.0.3904.108 Safari/537.36"
45.154.98.78 - - [21/Mar/2026:12:38:59 -0300] "POST //xmlrpc.php HTTP/1.1" 200 407 "-" "Mozilla/5.0 (Windows NT 10.0; Win64; x64) AppleWebKit/537.36 (KHTML, like Gecko) Chrome/78.0.3904.108 Safari/537.36"
45.154.98.78 - - [21/Mar/2026:12:39:00 -0300] "POST //xmlrpc.php HTTP/1.1" 200 407 "-" "Mozilla/5.0 (Windows NT 10.0; Win64; x64) AppleWebKit/537.36 (KHTML, like Gecko) Chrome/78.0.3904.108 Safari/537.36"
216.73.216.20 - - [21/Mar/2026:12:39:00 -0300] "GET /shopdetail/819839952 HTTP/1.1" 404 41416 "-" "Mozilla/5.0 AppleWebKit/537.36 (KHTML, like Gecko; compatible; ClaudeBot/1.0; +claudebot@anthropic.com)"
45.154.98.78 - - [21/Mar/2026:12:39:00 -0300] "POST //xmlrpc.php HTTP/1.1" 200 407 "-" "Mozilla/5.0 (Windows NT 10.0; Win64; x64) AppleWebKit/537.36 (KHTML, like Gecko) Chrome/78.0.3904.108 Safari/537.36"
45.154.98.78 - - [21/Mar/2026:12:39:01 -0300] "POST //xmlrpc.php HTTP/1.1" 200 407 "-" "Mozilla/5.0 (Windows NT 10.0; Win64; x64) AppleWebKit/537.36 (KHTML, like Gecko) Chrome/78.0.3904.108 Safari/537.36"
45.154.98.78 - - [21/Mar/2026:12:39:02 -0300] "POST //xmlrpc.php HTTP/1.1" 200 407 "-" "Mozilla/5.0 (Windows NT 10.0; Win64; x64) AppleWebKit/537.36 (KHTML, like Gecko) Chrome/78.0.3904.108 Safari/537.36"
45.154.98.78 - - [21/Mar/2026:12:39:03 -0300] "POST //xmlrpc.php HTTP/1.1" 200 407 "-" "Mozilla/5.0 (Windows NT 10.0; Win64; x64) AppleWebKit/537.36 (KHTML, like Gecko) Chrome/78.0.3904.108 Safari/537.36"
216.73.216.20 - - [21/Mar/2026:12:39:03 -0300] "GET /shopdetail/540478769 HTTP/1.1" 404 41416 "-" "Mozilla/5.0 AppleWebKit/537.36 (KHTML, like Gecko; compatible; ClaudeBot/1.0; +claudebot@anthropic.com)"
198.244.242.134 - - [21/Mar/2026:12:39:03 -0300] "GET /2025/10/07/doubledown-casino-santa-paws-gambling-enterprise-totally-free-potato-chips-sep-2025/ HTTP/1.1" 200 52326 "-" "Mozilla/5.0 (compatible; AhrefsBot/7.0; +http://ahrefs.com/robot/)"
45.154.98.78 - - [21/Mar/2026:12:39:03 -0300] "POST //xmlrpc.php HTTP/1.1" 200 407 "-" "Mozilla/5.0 (Windows NT 10.0; Win64; x64) AppleWebKit/537.36 (KHTML, like Gecko) Chrome/78.0.3904.108 Safari/537.36"
45.154.98.78 - - [21/Mar/2026:12:39:04 -0300] "POST //xmlrpc.php HTTP/1.1" 200 407 "-" "Mozilla/5.0 (Windows NT 10.0; Win64; x64) AppleWebKit/537.36 (KHTML, like Gecko) Chrome/78.0.3904.108 Safari/537.36"
45.154.98.78 - - [21/Mar/2026:12:39:05 -0300] "POST //xmlrpc.php HTTP/1.1" 200 407 "-" "Mozilla/5.0 (Windows NT 10.0; Win64; x64) AppleWebKit/537.36 (KHTML, like Gecko) Chrome/78.0.3904.108 Safari/537.36"
45.154.98.78 - - [21/Mar/2026:12:39:05 -0300] "POST //xmlrpc.php HTTP/1.1" 200 407 "-" "Mozilla/5.0 (Windows NT 10.0; Win64; x64) AppleWebKit/537.36 (KHTML, like Gecko) Chrome/78.0.3904.108 Safari/537.36"
216.73.216.20 - - [21/Mar/2026:12:39:06 -0300] "GET /shopdetail/284938784 HTTP/1.1" 404 41416 "-" "Mozilla/5.0 AppleWebKit/537.36 (KHTML, like Gecko; compatible; ClaudeBot/1.0; +claudebot@anthropic.com)"
45.154.98.78 - - [21/Mar/2026:12:39:06 -0300] "POST //xmlrpc.php HTTP/1.1" 200 407 "-" "Mozilla/5.0 (Windows NT 10.0; Win64; x64) AppleWebKit/537.36 (KHTML, like Gecko) Chrome/78.0.3904.108 Safari/537.36"
45.154.98.78 - - [21/Mar/2026:12:39:07 -0300] "POST //xmlrpc.php HTTP/1.1" 200 407 "-" "Mozilla/5.0 (Windows NT 10.0; Win64; x64) AppleWebKit/537.36 (KHTML, like Gecko) Chrome/78.0.3904.108 Safari/537.36"
45.154.98.78 - - [21/Mar/2026:12:39:07 -0300] "POST //xmlrpc.php HTTP/1.1" 200 407 "-" "Mozilla/5.0 (Windows NT 10.0; Win64; x64) AppleWebKit/537.36 (KHTML, like Gecko) Chrome/78.0.3904.108 Safari/537.36"
45.154.98.78 - - [21/Mar/2026:12:39:08 -0300] "POST //xmlrpc.php HTTP/1.1" 200 407 "-" "Mozilla/5.0 (Windows NT 10.0; Win64; x64) AppleWebKit/537.36 (KHTML, like Gecko) Chrome/78.0.3904.108 Safari/537.36"
216.73.216.20 - - [21/Mar/2026:12:39:09 -0300] "GET /shopdetail/2226406465 HTTP/1.1" 404 41416 "-" "Mozilla/5.0 AppleWebKit/537.36 (KHTML, like Gecko; compatible; ClaudeBot/1.0; +claudebot@anthropic.com)"
45.154.98.78 - - [21/Mar/2026:12:39:09 -0300] "POST //xmlrpc.php HTTP/1.1" 200 407 "-" "Mozilla/5.0 (Windows NT 10.0; Win64; x64) AppleWebKit/537.36 (KHTML, like Gecko) Chrome/78.0.3904.108 Safari/537.36"
45.154.98.78 - - [21/Mar/2026:12:39:09 -0300] "POST //xmlrpc.php HTTP/1.1" 200 407 "-" "Mozilla/5.0 (Windows NT 10.0; Win64; x64) AppleWebKit/537.36 (KHTML, like Gecko) Chrome/78.0.3904.108 Safari/537.36"
45.154.98.78 - - [21/Mar/2026:12:39:10 -0300] "POST //xmlrpc.php HTTP/1.1" 200 407 "-" "Mozilla/5.0 (Windows NT 10.0; Win64; x64) AppleWebKit/537.36 (KHTML, like Gecko) Chrome/78.0.3904.108 Safari/537.36"
45.154.98.78 - - [21/Mar/2026:12:39:11 -0300] "POST //xmlrpc.php HTTP/1.1" 200 407 "-" "Mozilla/5.0 (Windows NT 10.0; Win64; x64) AppleWebKit/537.36 (KHTML, like Gecko) Chrome/78.0.3904.108 Safari/537.36"
45.154.98.78 - - [21/Mar/2026:12:39:11 -0300] "POST //xmlrpc.php HTTP/1.1" 200 407 "-" "Mozilla/5.0 (Windows NT 10.0; Win64; x64) AppleWebKit/537.36 (KHTML, like Gecko) Chrome/78.0.3904.108 Safari/537.36"
45.154.98.78 - - [21/Mar/2026:12:39:12 -0300] "POST //xmlrpc.php HTTP/1.1" 200 407 "-" "Mozilla/5.0 (Windows NT 10.0; Win64; x64) AppleWebKit/537.36 (KHTML, like Gecko) Chrome/78.0.3904.108 Safari/537.36"
216.73.216.20 - - [21/Mar/2026:12:39:12 -0300] "GET /shopdetail/3973602676 HTTP/1.1" 404 41416 "-" "Mozilla/5.0 AppleWebKit/537.36 (KHTML, like Gecko; compatible; ClaudeBot/1.0; +claudebot@anthropic.com)"
45.154.98.78 - - [21/Mar/2026:12:39:13 -0300] "POST //xmlrpc.php HTTP/1.1" 200 407 "-" "Mozilla/5.0 (Windows NT 10.0; Win64; x64) AppleWebKit/537.36 (KHTML, like Gecko) Chrome/78.0.3904.108 Safari/537.36"
45.154.98.78 - - [21/Mar/2026:12:39:13 -0300] "POST //xmlrpc.php HTTP/1.1" 200 407 "-" "Mozilla/5.0 (Windows NT 10.0; Win64; x64) AppleWebKit/537.36 (KHTML, like Gecko) Chrome/78.0.3904.108 Safari/537.36"
45.154.98.78 - - [21/Mar/2026:12:39:14 -0300] "POST //xmlrpc.php HTTP/1.1" 200 407 "-" "Mozilla/5.0 (Windows NT 10.0; Win64; x64) AppleWebKit/537.36 (KHTML, like Gecko) Chrome/78.0.3904.108 Safari/537.36"
45.154.98.78 - - [21/Mar/2026:12:39:14 -0300] "POST //xmlrpc.php HTTP/1.1" 200 407 "-" "Mozilla/5.0 (Windows NT 10.0; Win64; x64) AppleWebKit/537.36 (KHTML, like Gecko) Chrome/78.0.3904.108 Safari/537.36"
