HEX
Server: Apache
System: Linux vs7.ycorn.net 4.18.0-553.105.1.el8_10.x86_64 #1 SMP Tue Feb 17 05:17:39 EST 2026 x86_64
User: casadasb (1586)
PHP: 7.4.33
Disabled: exec,passthru,shell_exec,system
Upload Files
File: /home/casadasb/access-logs/casadasbombasdeassis.com.br-ssl_log
198.244.168.198 - - [21/Mar/2026:09:02:01 -0300] "GET /2025/10/19/fuero-promocional-luckia-st200-200-ofrecidos-acerca-de-octubre-2025/ HTTP/1.1" 200 58941 "-" "Mozilla/5.0 (compatible; AhrefsBot/7.0; +http://ahrefs.com/robot/)"
54.38.147.111 - - [21/Mar/2026:09:02:10 -0300] "GET /2025/05/18/a-na-aberta-criancice-aparelhar-melhor-site-puerilidade-apostas-esfogiteado-emporio-pix-be-esportesesportes-e-afinar-pix-be-jogos/ HTTP/1.1" 200 54971 "-" "Mozilla/5.0 (compatible; AhrefsBot/7.0; +http://ahrefs.com/robot/)"
185.191.171.8 - - [21/Mar/2026:09:02:17 -0300] "GET /2025/10/23/diese-sicherheit-intimsphare-sind-hier-ebenso-gewahrleistet-genau-so-wie-inside-echtgeld-casinos/ HTTP/1.1" 200 50815 "-" "Mozilla/5.0 (compatible; SemrushBot/7~bl; +http://www.semrush.com/bot.html)"
198.244.226.52 - - [21/Mar/2026:09:02:24 -0300] "GET /2025/01/14/activeaza-blackjack-casino-online-4615-rotiri-gratuite-fara-plata-pe-noiembrie-2024/ HTTP/1.1" 200 48369 "-" "Mozilla/5.0 (compatible; AhrefsBot/7.0; +http://ahrefs.com/robot/)"
17.22.237.53 - - [21/Mar/2026:09:02:28 -0300] "GET /2025/01/21/1001-arabian-nights-slot-demo-mermaids-pearl-dinero-real-entretenimiento-tragamonedas-gratuito/ HTTP/1.1" 200 54096 "-" "Mozilla/5.0 (Macintosh; Intel Mac OS X 10_15_7) AppleWebKit/605.1.15 (KHTML, like Gecko) Version/17.4 Safari/605.1.15 (Applebot/0.1; +http://www.apple.com/go/applebot)"
51.89.129.48 - - [21/Mar/2026:09:02:35 -0300] "GET /2024/08/20/%D0%BA%D0%B0%D0%BA%D0%BE%D0%B9-%D1%81%D0%BB%D0%BE%D1%82-%D0%B2%D1%8B%D0%B8%D0%B3%D1%80%D1%8B%D1%88%D0%BD%D1%8B%D0%B9-%D0%BA%D0%BE%D0%BC%D0%B5%D1%82%D0%B0-%D0%BA%D0%B0%D0%B7%D0%B8%D0%BD%D0%BE/ HTTP/1.1" 200 57948 "-" "Mozilla/5.0 (compatible; AhrefsBot/7.0; +http://ahrefs.com/robot/)"
51.89.129.102 - - [21/Mar/2026:09:02:48 -0300] "GET /2025/10/10/dragon-horn-slot-50-free-spins-no-deposit-bobby-7s-by-the-thunderkick-review-demonstration-online-game/ HTTP/1.1" 200 55443 "-" "Mozilla/5.0 (compatible; AhrefsBot/7.0; +http://ahrefs.com/robot/)"
216.73.216.20 - - [21/Mar/2026:09:02:50 -0300] "GET /shopdetail/396043752 HTTP/1.1" 404 41416 "-" "Mozilla/5.0 AppleWebKit/537.36 (KHTML, like Gecko; compatible; ClaudeBot/1.0; +claudebot@anthropic.com)"
216.73.216.20 - - [21/Mar/2026:09:02:52 -0300] "GET /shopdetail/572897232 HTTP/1.1" 404 41416 "-" "Mozilla/5.0 AppleWebKit/537.36 (KHTML, like Gecko; compatible; ClaudeBot/1.0; +claudebot@anthropic.com)"
216.73.216.20 - - [21/Mar/2026:09:02:56 -0300] "GET /shopdetail/3167647148 HTTP/1.1" 404 41416 "-" "Mozilla/5.0 AppleWebKit/537.36 (KHTML, like Gecko; compatible; ClaudeBot/1.0; +claudebot@anthropic.com)"
216.73.216.20 - - [21/Mar/2026:09:03:01 -0300] "GET /shopdetail/7270682 HTTP/1.1" 404 41416 "-" "Mozilla/5.0 AppleWebKit/537.36 (KHTML, like Gecko; compatible; ClaudeBot/1.0; +claudebot@anthropic.com)"
51.89.129.88 - - [21/Mar/2026:09:03:03 -0300] "GET /2023/03/09/pin-up-azerbayjan-top-online-casino-with-exciting-games/ HTTP/1.1" 200 52421 "-" "Mozilla/5.0 (compatible; AhrefsBot/7.0; +http://ahrefs.com/robot/)"
216.73.216.20 - - [21/Mar/2026:09:03:04 -0300] "GET /shopdetail/1007888571 HTTP/1.1" 404 41416 "-" "Mozilla/5.0 AppleWebKit/537.36 (KHTML, like Gecko; compatible; ClaudeBot/1.0; +claudebot@anthropic.com)"
216.73.216.20 - - [21/Mar/2026:09:03:07 -0300] "GET /shopdetail/3170234853 HTTP/1.1" 404 41416 "-" "Mozilla/5.0 AppleWebKit/537.36 (KHTML, like Gecko; compatible; ClaudeBot/1.0; +claudebot@anthropic.com)"
17.246.15.64 - - [21/Mar/2026:09:03:07 -0300] "GET /2025/01/03/50-freispiele-blos-einzahlung-auf-anhieb-zuganglich-kostenfrei-spins/ HTTP/1.1" 200 50227 "-" "Mozilla/5.0 (Macintosh; Intel Mac OS X 10_15_7) AppleWebKit/605.1.15 (KHTML, like Gecko) Version/17.4 Safari/605.1.15 (Applebot/0.1; +http://www.apple.com/go/applebot)"
216.73.216.20 - - [21/Mar/2026:09:03:11 -0300] "GET /shopdetail/3989019740 HTTP/1.1" 404 41416 "-" "Mozilla/5.0 AppleWebKit/537.36 (KHTML, like Gecko; compatible; ClaudeBot/1.0; +claudebot@anthropic.com)"
216.73.216.20 - - [21/Mar/2026:09:03:15 -0300] "GET /shopdetail/3489896403 HTTP/1.1" 404 41416 "-" "Mozilla/5.0 AppleWebKit/537.36 (KHTML, like Gecko; compatible; ClaudeBot/1.0; +claudebot@anthropic.com)"
216.73.216.20 - - [21/Mar/2026:09:03:18 -0300] "GET /shopdetail/1287624229 HTTP/1.1" 404 41416 "-" "Mozilla/5.0 AppleWebKit/537.36 (KHTML, like Gecko; compatible; ClaudeBot/1.0; +claudebot@anthropic.com)"
170.106.163.84 - - [21/Mar/2026:09:03:20 -0300] "GET / HTTP/1.1" 200 275808 "http://casadasbombasdeassis.com.br" "Mozilla/5.0 (iPhone; CPU iPhone OS 13_2_3 like Mac OS X) AppleWebKit/605.1.15 (KHTML, like Gecko) Version/13.0.3 Mobile/15E148 Safari/604.1"
198.244.240.78 - - [21/Mar/2026:09:03:22 -0300] "GET /2025/08/19/schlager-of-numerous-position-comment-2025-totally-free-enjoy-trial/ HTTP/1.1" 200 55713 "-" "Mozilla/5.0 (compatible; AhrefsBot/7.0; +http://ahrefs.com/robot/)"
216.73.216.20 - - [21/Mar/2026:09:03:29 -0300] "GET /shopdetail/1320005988 HTTP/1.1" 404 41416 "-" "Mozilla/5.0 AppleWebKit/537.36 (KHTML, like Gecko; compatible; ClaudeBot/1.0; +claudebot@anthropic.com)"
78.138.127.62 - - [21/Mar/2026:09:03:27 -0300] "GET /2025/10/06/amerikanische-buchmacher/ HTTP/1.1" 200 881097 "-" "Mozilla/5.0 (Windows NT 10.0; Win64; x64) AppleWebKit/537.36 (KHTML, like Gecko) Chrome/114.0.0.0 Safari/537.36 Vivaldi/5.3.2679.68"
43.153.71.132 - - [21/Mar/2026:09:03:33 -0300] "GET / HTTP/1.1" 200 275808 "http://www.casadasbombasdeassis.com.br" "Mozilla/5.0 (iPhone; CPU iPhone OS 13_2_3 like Mac OS X) AppleWebKit/605.1.15 (KHTML, like Gecko) Version/13.0.3 Mobile/15E148 Safari/604.1"
216.73.216.20 - - [21/Mar/2026:09:03:34 -0300] "GET /shopdetail/438164449 HTTP/1.1" 404 41416 "-" "Mozilla/5.0 AppleWebKit/537.36 (KHTML, like Gecko; compatible; ClaudeBot/1.0; +claudebot@anthropic.com)"
51.89.129.60 - - [21/Mar/2026:09:03:35 -0300] "GET /2025/10/08/habanero-slots-enjoy-position-games-from-the-habanero-internet-sakura-fortune-slot-for-money-casino-software-seller/ HTTP/1.1" 200 52683 "-" "Mozilla/5.0 (compatible; AhrefsBot/7.0; +http://ahrefs.com/robot/)"
216.73.216.20 - - [21/Mar/2026:09:03:44 -0300] "GET /shopdetail/1424316596 HTTP/1.1" 404 41416 "-" "Mozilla/5.0 AppleWebKit/537.36 (KHTML, like Gecko; compatible; ClaudeBot/1.0; +claudebot@anthropic.com)"
216.73.216.20 - - [21/Mar/2026:09:03:48 -0300] "GET /shopdetail/3576996333 HTTP/1.1" 404 41416 "-" "Mozilla/5.0 AppleWebKit/537.36 (KHTML, like Gecko; compatible; ClaudeBot/1.0; +claudebot@anthropic.com)"
216.73.216.20 - - [21/Mar/2026:09:03:51 -0300] "GET /shopdetail/6058583 HTTP/1.1" 404 41416 "-" "Mozilla/5.0 AppleWebKit/537.36 (KHTML, like Gecko; compatible; ClaudeBot/1.0; +claudebot@anthropic.com)"
51.195.215.100 - - [21/Mar/2026:09:03:52 -0300] "GET /2025/08/13/gaming-handhelds-inoffizieller-mitarbeiter-test-nachfolgende-modelle-50-keine-einzahlung-spins-bejeweled-2-erwirtschaften-spielspas-positiv-kaufberater/ HTTP/1.1" 200 49303 "-" "Mozilla/5.0 (compatible; AhrefsBot/7.0; +http://ahrefs.com/robot/)"
216.73.216.20 - - [21/Mar/2026:09:03:54 -0300] "GET /shopdetail/7434221 HTTP/1.1" 404 41416 "-" "Mozilla/5.0 AppleWebKit/537.36 (KHTML, like Gecko; compatible; ClaudeBot/1.0; +claudebot@anthropic.com)"
198.244.242.103 - - [21/Mar/2026:09:03:56 -0300] "GET /2025/08/25/the-fresh-slot-red-box-free-spins-no-deposit-casino-2023-web-sites-greatest-the-new-online-slots-july-2025/ HTTP/1.1" 200 54386 "-" "Mozilla/5.0 (compatible; AhrefsBot/7.0; +http://ahrefs.com/robot/)"
198.244.240.149 - - [21/Mar/2026:09:04:06 -0300] "GET /2025/10/14/10-euroletten-maklercourtage-blos-einzahlung-lediglich-fortschrittlich/ HTTP/1.1" 200 51881 "-" "Mozilla/5.0 (compatible; AhrefsBot/7.0; +http://ahrefs.com/robot/)"
17.241.227.60 - - [21/Mar/2026:09:04:07 -0300] "GET /2025/10/28/lataa-electronia-nettikasinoilla-goldbet-casino-bonus-opas-2025-sivun-omistamiseen-2/ HTTP/1.1" 200 49659 "-" "Mozilla/5.0 (Macintosh; Intel Mac OS X 10_15_7) AppleWebKit/605.1.15 (KHTML, like Gecko) Version/17.4 Safari/605.1.15 (Applebot/0.1; +http://www.apple.com/go/applebot)"
198.244.226.103 - - [21/Mar/2026:09:04:20 -0300] "GET /2025/10/07/liefste-beste-online-casino-gokkasten-bank-toeslag-2024-uitgelezene-offlin-casino-bonussen-nederland/ HTTP/1.1" 200 51902 "-" "Mozilla/5.0 (compatible; AhrefsBot/7.0; +http://ahrefs.com/robot/)"
104.194.132.199 - - [21/Mar/2026:09:04:20 -0300] "GET /2025/10/20/games-like-lightning-link/ HTTP/1.1" 200 308725 "-" "Mozilla/5.0 (Windows NT 10.0; Win64; x64) AppleWebKit/537.36 (KHTML, like Gecko) Chrome/114.0.0.0 Safari/537.36 Vivaldi/5.3.2679.68"
216.73.216.20 - - [21/Mar/2026:09:04:21 -0300] "GET /shopdetail/922046148 HTTP/1.1" 404 41416 "-" "Mozilla/5.0 AppleWebKit/537.36 (KHTML, like Gecko; compatible; ClaudeBot/1.0; +claudebot@anthropic.com)"
216.73.216.20 - - [21/Mar/2026:09:04:24 -0300] "GET /shopdetail/2846980140 HTTP/1.1" 404 41416 "-" "Mozilla/5.0 AppleWebKit/537.36 (KHTML, like Gecko; compatible; ClaudeBot/1.0; +claudebot@anthropic.com)"
51.89.129.156 - - [21/Mar/2026:09:04:25 -0300] "GET /2025/05/13/twice-diamond-ports-play-double-diamond-position-online-100-percent-free/ HTTP/1.1" 200 51723 "-" "Mozilla/5.0 (compatible; AhrefsBot/7.0; +http://ahrefs.com/robot/)"
216.73.216.20 - - [21/Mar/2026:09:04:26 -0300] "GET /shopdetail/3530666786 HTTP/1.1" 404 41416 "-" "Mozilla/5.0 AppleWebKit/537.36 (KHTML, like Gecko; compatible; ClaudeBot/1.0; +claudebot@anthropic.com)"
216.73.216.20 - - [21/Mar/2026:09:04:29 -0300] "GET /shopdetail/1997747556 HTTP/1.1" 404 41416 "-" "Mozilla/5.0 AppleWebKit/537.36 (KHTML, like Gecko; compatible; ClaudeBot/1.0; +claudebot@anthropic.com)"
195.178.110.159 - - [21/Mar/2026:09:04:29 -0300] "GET /.git/config HTTP/1.1" 404 3418 "-" "Mozilla/5.0 (Windows NT 6.2; rv:140.) Gecko/20100101 Firefox/140."
216.73.216.20 - - [21/Mar/2026:09:04:33 -0300] "GET /shopdetail/516497315 HTTP/1.1" 404 41416 "-" "Mozilla/5.0 AppleWebKit/537.36 (KHTML, like Gecko; compatible; ClaudeBot/1.0; +claudebot@anthropic.com)"
17.246.23.40 - - [21/Mar/2026:09:04:34 -0300] "GET /wp-content/plugins/contact-form-7/includes/css/styles.css?ver=5.1.6 HTTP/1.1" 200 1645 "https://www.casadasbombasdeassis.com.br/2025/01/20/publication-away-from-ra-deluxe-6-juega-gratis-y-sin-starburst-80-free-spins-bajar/" "Mozilla/5.0 (Macintosh; Intel Mac OS X 10_15_7) AppleWebKit/605.1.15 (KHTML, like Gecko) Version/17.4 Safari/605.1.15 (Applebot/0.1; +http://www.apple.com/go/applebot)"
216.73.216.20 - - [21/Mar/2026:09:04:35 -0300] "GET /shopdetail/2256754369 HTTP/1.1" 404 41416 "-" "Mozilla/5.0 AppleWebKit/537.36 (KHTML, like Gecko; compatible; ClaudeBot/1.0; +claudebot@anthropic.com)"
198.244.183.23 - - [21/Mar/2026:09:04:36 -0300] "GET /2025/05/12/igra-aeroklub-ofitsialnyy-sayt-onlayn-kazino-v-strane-kazakhstane/ HTTP/1.1" 200 57538 "-" "Mozilla/5.0 (compatible; AhrefsBot/7.0; +http://ahrefs.com/robot/)"
216.73.216.20 - - [21/Mar/2026:09:04:38 -0300] "GET /shopdetail/136178723 HTTP/1.1" 404 41416 "-" "Mozilla/5.0 AppleWebKit/537.36 (KHTML, like Gecko; compatible; ClaudeBot/1.0; +claudebot@anthropic.com)"
216.73.216.20 - - [21/Mar/2026:09:04:41 -0300] "GET /shopdetail/897101585 HTTP/1.1" 404 41416 "-" "Mozilla/5.0 AppleWebKit/537.36 (KHTML, like Gecko; compatible; ClaudeBot/1.0; +claudebot@anthropic.com)"
216.73.216.20 - - [21/Mar/2026:09:04:44 -0300] "GET /shopdetail/48454081 HTTP/1.1" 404 41416 "-" "Mozilla/5.0 AppleWebKit/537.36 (KHTML, like Gecko; compatible; ClaudeBot/1.0; +claudebot@anthropic.com)"
198.244.226.156 - - [21/Mar/2026:09:04:46 -0300] "GET /2025/08/17/ranks-all-of-the-cleopatra-plus-rtp-online-casino-family-son-online-game-ever-made-from-bad-so-you-can-finest/ HTTP/1.1" 200 55424 "-" "Mozilla/5.0 (compatible; AhrefsBot/7.0; +http://ahrefs.com/robot/)"
216.73.216.20 - - [21/Mar/2026:09:04:48 -0300] "GET /shopdetail/2864942995 HTTP/1.1" 404 41416 "-" "Mozilla/5.0 AppleWebKit/537.36 (KHTML, like Gecko; compatible; ClaudeBot/1.0; +claudebot@anthropic.com)"
216.73.216.20 - - [21/Mar/2026:09:04:51 -0300] "GET /shopdetail/4157669656 HTTP/1.1" 404 41416 "-" "Mozilla/5.0 AppleWebKit/537.36 (KHTML, like Gecko; compatible; ClaudeBot/1.0; +claudebot@anthropic.com)"
198.244.168.81 - - [21/Mar/2026:09:04:56 -0300] "GET /2025/05/12/igra-aeroklub-tantsevat-v-sloty-a-takzhe-batsat-stavki-poluchite-i-raspishites-sport-v-kazakhstane/ HTTP/1.1" 200 54160 "-" "Mozilla/5.0 (compatible; AhrefsBot/7.0; +http://ahrefs.com/robot/)"
51.89.129.221 - - [21/Mar/2026:09:05:04 -0300] "GET /2025/01/14/kostenlose-startseite-produzieren-eigene-internetseite-anfertigen-site123/ HTTP/1.1" 200 51595 "-" "Mozilla/5.0 (compatible; AhrefsBot/7.0; +http://ahrefs.com/robot/)"
194.165.16.5 - - [21/Mar/2026:09:05:05 -0300] "GET /wp-login.php HTTP/1.1" 200 9622 "-" "Mozilla/5.0 (Windows NT 10.0; Win64; x64; rv:127.0) Gecko/20100101 Firefox/127.0"
216.73.216.20 - - [21/Mar/2026:09:05:05 -0300] "GET /shopdetail/3556592267 HTTP/1.1" 404 41416 "-" "Mozilla/5.0 AppleWebKit/537.36 (KHTML, like Gecko; compatible; ClaudeBot/1.0; +claudebot@anthropic.com)"
209.145.58.97 - - [21/Mar/2026:09:05:07 -0300] "POST /wp-cron.php?doing_wp_cron=1774094707.5713860988616943359375 HTTP/1.1" 200 - "-" "WordPress/6.9.4; https://www.casadasbombasdeassis.com.br"
194.165.16.5 - - [21/Mar/2026:09:05:06 -0300] "POST /xmlrpc.php HTTP/1.1" 200 181 "-" "Mozilla/5.0 (Macintosh; Intel Mac OS X 13_5) AppleWebKit/605.1.15 (KHTML, like Gecko) Version/17.5 Safari/605.1.15"
194.165.16.5 - - [21/Mar/2026:09:05:08 -0300] "POST /xmlrpc.php HTTP/1.1" 200 4991 "-" "Mozilla/5.0 (Windows NT 10.0; Win64; x64; rv:127.0) Gecko/20100101 Firefox/127.0"
216.73.216.20 - - [21/Mar/2026:09:05:09 -0300] "GET /shopdetail/913408063 HTTP/1.1" 404 41416 "-" "Mozilla/5.0 AppleWebKit/537.36 (KHTML, like Gecko; compatible; ClaudeBot/1.0; +claudebot@anthropic.com)"
216.73.216.20 - - [21/Mar/2026:09:05:11 -0300] "GET /shopdetail/2244313581 HTTP/1.1" 404 41416 "-" "Mozilla/5.0 AppleWebKit/537.36 (KHTML, like Gecko; compatible; ClaudeBot/1.0; +claudebot@anthropic.com)"
198.244.240.70 - - [21/Mar/2026:09:05:14 -0300] "GET /2025/05/14/aztec-silver-megaways-slot-aztec-gold-megaways-cold-as-ice-slot-jackpot-online-vortragen/ HTTP/1.1" 200 51669 "-" "Mozilla/5.0 (compatible; AhrefsBot/7.0; +http://ahrefs.com/robot/)"
216.73.216.20 - - [21/Mar/2026:09:05:14 -0300] "GET /shopdetail/4285461683 HTTP/1.1" 404 41416 "-" "Mozilla/5.0 AppleWebKit/537.36 (KHTML, like Gecko; compatible; ClaudeBot/1.0; +claudebot@anthropic.com)"
216.73.216.20 - - [21/Mar/2026:09:05:18 -0300] "GET /shopdetail/818998096 HTTP/1.1" 404 41416 "-" "Mozilla/5.0 AppleWebKit/537.36 (KHTML, like Gecko; compatible; ClaudeBot/1.0; +claudebot@anthropic.com)"
216.73.216.20 - - [21/Mar/2026:09:05:23 -0300] "GET /shopdetail/2859968086 HTTP/1.1" 404 41416 "-" "Mozilla/5.0 AppleWebKit/537.36 (KHTML, like Gecko; compatible; ClaudeBot/1.0; +claudebot@anthropic.com)"
198.244.242.141 - - [21/Mar/2026:09:05:28 -0300] "GET /2025/05/13/firestorm-casino-vegas-spins-50-free-spins-position-for-us-players/ HTTP/1.1" 200 52819 "-" "Mozilla/5.0 (compatible; AhrefsBot/7.0; +http://ahrefs.com/robot/)"
216.73.216.20 - - [21/Mar/2026:09:05:30 -0300] "GET /shopdetail/2949076780 HTTP/1.1" 404 41416 "-" "Mozilla/5.0 AppleWebKit/537.36 (KHTML, like Gecko; compatible; ClaudeBot/1.0; +claudebot@anthropic.com)"
194.165.16.5 - - [21/Mar/2026:09:05:33 -0300] "GET /wp-login.php HTTP/1.1" 200 9622 "-" "Mozilla/5.0 (Windows NT 10.0; Win64; x64; rv:127.0) Gecko/20100101 Firefox/127.0"
209.145.58.97 - - [21/Mar/2026:09:05:34 -0300] "POST /wp-cron.php?doing_wp_cron=1774094734.8154890537261962890625 HTTP/1.1" 200 - "-" "WordPress/6.9.4; https://www.casadasbombasdeassis.com.br"
194.165.16.5 - - [21/Mar/2026:09:05:33 -0300] "POST /xmlrpc.php HTTP/1.1" 200 181 "-" "Mozilla/5.0 (Windows NT 10.0; Win64; x64; rv:127.0) Gecko/20100101 Firefox/127.0"
194.165.16.5 - - [21/Mar/2026:09:05:36 -0300] "POST /xmlrpc.php HTTP/1.1" 200 6162 "-" "Mozilla/5.0 (Windows NT 10.0; Win64; x64; rv:127.0) Gecko/20100101 Firefox/127.0"
216.73.216.20 - - [21/Mar/2026:09:05:37 -0300] "GET /shopdetail/3261246442 HTTP/1.1" 404 41416 "-" "Mozilla/5.0 AppleWebKit/537.36 (KHTML, like Gecko; compatible; ClaudeBot/1.0; +claudebot@anthropic.com)"
216.73.216.20 - - [21/Mar/2026:09:05:38 -0300] "GET /shopdetail/108923028 HTTP/1.1" 404 41416 "-" "Mozilla/5.0 AppleWebKit/537.36 (KHTML, like Gecko; compatible; ClaudeBot/1.0; +claudebot@anthropic.com)"
216.73.216.20 - - [21/Mar/2026:09:05:41 -0300] "GET /shopdetail/446618927 HTTP/1.1" 404 41416 "-" "Mozilla/5.0 AppleWebKit/537.36 (KHTML, like Gecko; compatible; ClaudeBot/1.0; +claudebot@anthropic.com)"
216.73.216.20 - - [21/Mar/2026:09:05:44 -0300] "GET /shopdetail/2853272895 HTTP/1.1" 404 41416 "-" "Mozilla/5.0 AppleWebKit/537.36 (KHTML, like Gecko; compatible; ClaudeBot/1.0; +claudebot@anthropic.com)"
51.195.215.248 - - [21/Mar/2026:09:05:46 -0300] "GET /2025/01/20/joker-cover-vector-photos-over-pelican-pete-1-deposit-2400/ HTTP/1.1" 200 49267 "-" "Mozilla/5.0 (compatible; AhrefsBot/7.0; +http://ahrefs.com/robot/)"
216.73.216.20 - - [21/Mar/2026:09:05:47 -0300] "GET /shopdetail/2417766485 HTTP/1.1" 404 41416 "-" "Mozilla/5.0 AppleWebKit/537.36 (KHTML, like Gecko; compatible; ClaudeBot/1.0; +claudebot@anthropic.com)"
185.229.32.15 - - [21/Mar/2026:09:05:47 -0300] "GET /2025/10/06/alpenbets-online-casino/ HTTP/1.1" 200 379813 "-" "Mozilla/5.0 (compatible; Googlebot/2.1; +http://www.google.com/bot.html)"
57.141.4.68 - - [21/Mar/2026:09:05:47 -0300] "GET /?p=651881 HTTP/1.1" 301 - "-" "meta-externalagent/1.1 (+https://developers.facebook.com/docs/sharing/webmasters/crawler)"
216.73.216.20 - - [21/Mar/2026:09:05:50 -0300] "GET /shopdetail/253041397 HTTP/1.1" 404 41416 "-" "Mozilla/5.0 AppleWebKit/537.36 (KHTML, like Gecko; compatible; ClaudeBot/1.0; +claudebot@anthropic.com)"
216.73.216.20 - - [21/Mar/2026:09:05:53 -0300] "GET /shopdetail/642612113 HTTP/1.1" 404 41416 "-" "Mozilla/5.0 AppleWebKit/537.36 (KHTML, like Gecko; compatible; ClaudeBot/1.0; +claudebot@anthropic.com)"
198.244.168.165 - - [21/Mar/2026:09:05:54 -0300] "GET /2024/09/10/kazino-olymp-bolshoj-katalog-igr-v-kazino-avtomaty/ HTTP/1.1" 200 68385 "-" "Mozilla/5.0 (compatible; AhrefsBot/7.0; +http://ahrefs.com/robot/)"
216.73.216.20 - - [21/Mar/2026:09:05:56 -0300] "GET /shopdetail/1348637305 HTTP/1.1" 404 41416 "-" "Mozilla/5.0 AppleWebKit/537.36 (KHTML, like Gecko; compatible; ClaudeBot/1.0; +claudebot@anthropic.com)"
45.66.210.68 - - [21/Mar/2026:09:05:58 -0300] "GET /2025/10/16/fuball-hsv-nurnberg/ HTTP/1.1" 200 82472 "https://www.casadasbombasdeassis.com.br/" "Mozilla/5.0 (X11; Linux x86_64) AppleWebKit/537.36 (KHTML, like Gecko) Chrome/114.0.0.0 Safari/537.36 Vivaldi/5.3.2679.68"
45.66.210.68 - - [21/Mar/2026:09:06:00 -0300] "GET /wp-login.php?action=register HTTP/1.1" 302 - "https://www.casadasbombasdeassis.com.br/2025/10/16/fuball-hsv-nurnberg/" "Mozilla/5.0 (Windows NT 6.3; Win64; x64) AppleWebKit/537.36 (KHTML, like Gecko) Chrome/103.0.0.0 Safari/537.36"
45.66.210.68 - - [21/Mar/2026:09:06:00 -0300] "GET /wp-login.php?registration=disabled HTTP/1.1" 200 9826 "https://www.casadasbombasdeassis.com.br/wp-login.php?action=register" "Mozilla/5.0 (Windows NT 6.3; Win64; x64) AppleWebKit/537.36 (KHTML, like Gecko) Chrome/103.0.0.0 Safari/537.36"
216.73.216.20 - - [21/Mar/2026:09:06:02 -0300] "GET /shopdetail/2964115171 HTTP/1.1" 404 41416 "-" "Mozilla/5.0 AppleWebKit/537.36 (KHTML, like Gecko; compatible; ClaudeBot/1.0; +claudebot@anthropic.com)"
216.73.216.20 - - [21/Mar/2026:09:06:03 -0300] "GET /shopdetail/91567974 HTTP/1.1" 404 41416 "-" "Mozilla/5.0 AppleWebKit/537.36 (KHTML, like Gecko; compatible; ClaudeBot/1.0; +claudebot@anthropic.com)"
216.73.216.20 - - [21/Mar/2026:09:06:05 -0300] "GET /shopdetail/946464629 HTTP/1.1" 404 41416 "-" "Mozilla/5.0 AppleWebKit/537.36 (KHTML, like Gecko; compatible; ClaudeBot/1.0; +claudebot@anthropic.com)"
216.73.216.20 - - [21/Mar/2026:09:06:08 -0300] "GET /shopdetail/560861747 HTTP/1.1" 404 41416 "-" "Mozilla/5.0 AppleWebKit/537.36 (KHTML, like Gecko; compatible; ClaudeBot/1.0; +claudebot@anthropic.com)"
198.244.168.233 - - [21/Mar/2026:09:06:10 -0300] "GET /2025/10/10/the-newest-50-100-percent-free-spins-no-deposit-2025-%EF%B8%8F-complete-checklist/ HTTP/1.1" 200 54743 "-" "Mozilla/5.0 (compatible; AhrefsBot/7.0; +http://ahrefs.com/robot/)"
216.73.216.20 - - [21/Mar/2026:09:06:11 -0300] "GET /shopdetail/1198340326 HTTP/1.1" 404 41416 "-" "Mozilla/5.0 AppleWebKit/537.36 (KHTML, like Gecko; compatible; ClaudeBot/1.0; +claudebot@anthropic.com)"
216.73.216.20 - - [21/Mar/2026:09:06:14 -0300] "GET /shopdetail/2423249593 HTTP/1.1" 404 41416 "-" "Mozilla/5.0 AppleWebKit/537.36 (KHTML, like Gecko; compatible; ClaudeBot/1.0; +claudebot@anthropic.com)"
216.73.216.20 - - [21/Mar/2026:09:06:17 -0300] "GET /shopdetail/3224334068 HTTP/1.1" 404 41416 "-" "Mozilla/5.0 AppleWebKit/537.36 (KHTML, like Gecko; compatible; ClaudeBot/1.0; +claudebot@anthropic.com)"
216.73.216.20 - - [21/Mar/2026:09:06:20 -0300] "GET /shopdetail/165326653 HTTP/1.1" 404 41416 "-" "Mozilla/5.0 AppleWebKit/537.36 (KHTML, like Gecko; compatible; ClaudeBot/1.0; +claudebot@anthropic.com)"
198.244.242.28 - - [21/Mar/2026:09:06:22 -0300] "GET /2025/10/07/herunterladen-vortragen-bei-gigant-quest-ultimate-druck-auf-pc-mac-nachmacher/ HTTP/1.1" 200 51452 "-" "Mozilla/5.0 (compatible; AhrefsBot/7.0; +http://ahrefs.com/robot/)"
216.73.216.20 - - [21/Mar/2026:09:06:25 -0300] "GET /shopdetail/400796079 HTTP/1.1" 404 41416 "-" "Mozilla/5.0 AppleWebKit/537.36 (KHTML, like Gecko; compatible; ClaudeBot/1.0; +claudebot@anthropic.com)"
216.73.216.20 - - [21/Mar/2026:09:06:29 -0300] "GET /shopdetail/3929260790 HTTP/1.1" 404 41416 "-" "Mozilla/5.0 AppleWebKit/537.36 (KHTML, like Gecko; compatible; ClaudeBot/1.0; +claudebot@anthropic.com)"
216.73.216.20 - - [21/Mar/2026:09:06:31 -0300] "GET /shopdetail/2409423285 HTTP/1.1" 404 41416 "-" "Mozilla/5.0 AppleWebKit/537.36 (KHTML, like Gecko; compatible; ClaudeBot/1.0; +claudebot@anthropic.com)"
198.244.226.19 - - [21/Mar/2026:09:06:32 -0300] "GET /2025/10/14/beste-echtgeld-umsetzbar-online-casino-ohne-deutsche-lizenz-betrugstest-casinos-book-of-ra-rtp-quote-in-teutonia-2024/ HTTP/1.1" 200 55055 "-" "Mozilla/5.0 (compatible; AhrefsBot/7.0; +http://ahrefs.com/robot/)"
216.73.216.20 - - [21/Mar/2026:09:06:34 -0300] "GET /shopdetail/1889339376 HTTP/1.1" 404 41416 "-" "Mozilla/5.0 AppleWebKit/537.36 (KHTML, like Gecko; compatible; ClaudeBot/1.0; +claudebot@anthropic.com)"
216.73.216.20 - - [21/Mar/2026:09:06:35 -0300] "GET /shopdetail/2299159733 HTTP/1.1" 404 41416 "-" "Mozilla/5.0 AppleWebKit/537.36 (KHTML, like Gecko; compatible; ClaudeBot/1.0; +claudebot@anthropic.com)"
216.73.216.20 - - [21/Mar/2026:09:06:39 -0300] "GET /shopdetail/3104693344 HTTP/1.1" 404 41416 "-" "Mozilla/5.0 AppleWebKit/537.36 (KHTML, like Gecko; compatible; ClaudeBot/1.0; +claudebot@anthropic.com)"
216.73.216.20 - - [21/Mar/2026:09:06:42 -0300] "GET /shopdetail/600669508 HTTP/1.1" 404 41416 "-" "Mozilla/5.0 AppleWebKit/537.36 (KHTML, like Gecko; compatible; ClaudeBot/1.0; +claudebot@anthropic.com)"
198.244.242.57 - - [21/Mar/2026:09:06:44 -0300] "GET /2025/10/07/age-the-newest-gods-king-out-of-olympus-red-chilli-wins-1-deposit-totally-free-video-slot-playtech/ HTTP/1.1" 200 50943 "-" "Mozilla/5.0 (compatible; AhrefsBot/7.0; +http://ahrefs.com/robot/)"
216.73.216.20 - - [21/Mar/2026:09:06:46 -0300] "GET /shopdetail/3230521076 HTTP/1.1" 404 41416 "-" "Mozilla/5.0 AppleWebKit/537.36 (KHTML, like Gecko; compatible; ClaudeBot/1.0; +claudebot@anthropic.com)"
216.73.216.20 - - [21/Mar/2026:09:06:48 -0300] "GET /shopdetail/2112936840 HTTP/1.1" 404 41416 "-" "Mozilla/5.0 AppleWebKit/537.36 (KHTML, like Gecko; compatible; ClaudeBot/1.0; +claudebot@anthropic.com)"
198.244.242.172 - - [21/Mar/2026:09:06:50 -0300] "GET /2025/10/10/spartacus-gladiator-away-slots-loki-free-spins-no-deposit-from-rome-slot-from-wms-review/ HTTP/1.1" 200 50569 "-" "Mozilla/5.0 (compatible; AhrefsBot/7.0; +http://ahrefs.com/robot/)"
216.73.216.20 - - [21/Mar/2026:09:06:50 -0300] "GET /shopdetail/4096687157 HTTP/1.1" 404 41416 "-" "Mozilla/5.0 AppleWebKit/537.36 (KHTML, like Gecko; compatible; ClaudeBot/1.0; +claudebot@anthropic.com)"
216.73.216.20 - - [21/Mar/2026:09:06:54 -0300] "GET /shopdetail/682690932 HTTP/1.1" 404 41416 "-" "Mozilla/5.0 AppleWebKit/537.36 (KHTML, like Gecko; compatible; ClaudeBot/1.0; +claudebot@anthropic.com)"
216.73.216.20 - - [21/Mar/2026:09:06:56 -0300] "GET /shopdetail/2864556874 HTTP/1.1" 404 41416 "-" "Mozilla/5.0 AppleWebKit/537.36 (KHTML, like Gecko; compatible; ClaudeBot/1.0; +claudebot@anthropic.com)"
216.73.216.20 - - [21/Mar/2026:09:06:59 -0300] "GET /shopdetail/3552003463 HTTP/1.1" 404 41416 "-" "Mozilla/5.0 AppleWebKit/537.36 (KHTML, like Gecko; compatible; ClaudeBot/1.0; +claudebot@anthropic.com)"
17.22.253.242 - - [21/Mar/2026:09:07:01 -0300] "GET /2025/01/04/hot-shot-position-online-100-percent-free-demo-a-real-income-opinion-2024/ HTTP/1.1" 200 50260 "-" "Mozilla/5.0 (Macintosh; Intel Mac OS X 10_15_7) AppleWebKit/605.1.15 (KHTML, like Gecko) Version/17.4 Safari/605.1.15 (Applebot/0.1; +http://www.apple.com/go/applebot)"
51.195.215.39 - - [21/Mar/2026:09:07:05 -0300] "GET /2025/05/16/druckgluck-spielsaal-registration-gutscheincode-neueste-freispielboni-fur-deutsche-zocker-im-april-2025/ HTTP/1.1" 200 55354 "-" "Mozilla/5.0 (compatible; AhrefsBot/7.0; +http://ahrefs.com/robot/)"
216.73.216.20 - - [21/Mar/2026:09:07:05 -0300] "GET /shopdetail/651635417 HTTP/1.1" 404 41416 "-" "Mozilla/5.0 AppleWebKit/537.36 (KHTML, like Gecko; compatible; ClaudeBot/1.0; +claudebot@anthropic.com)"
216.73.216.20 - - [21/Mar/2026:09:07:09 -0300] "GET /shopdetail/2918128816 HTTP/1.1" 404 41416 "-" "Mozilla/5.0 AppleWebKit/537.36 (KHTML, like Gecko; compatible; ClaudeBot/1.0; +claudebot@anthropic.com)"
216.73.216.20 - - [21/Mar/2026:09:07:11 -0300] "GET /shopdetail/4222182417 HTTP/1.1" 404 41416 "-" "Mozilla/5.0 AppleWebKit/537.36 (KHTML, like Gecko; compatible; ClaudeBot/1.0; +claudebot@anthropic.com)"
216.73.216.20 - - [21/Mar/2026:09:07:15 -0300] "GET /shopdetail/2134562903 HTTP/1.1" 404 41416 "-" "Mozilla/5.0 AppleWebKit/537.36 (KHTML, like Gecko; compatible; ClaudeBot/1.0; +claudebot@anthropic.com)"
216.73.216.20 - - [21/Mar/2026:09:07:17 -0300] "GET /shopdetail/1164968164 HTTP/1.1" 404 41416 "-" "Mozilla/5.0 AppleWebKit/537.36 (KHTML, like Gecko; compatible; ClaudeBot/1.0; +claudebot@anthropic.com)"
66.249.70.37 - - [21/Mar/2026:09:07:18 -0300] "GET /?spe_id=mm_faq HTTP/1.1" 200 390481 "-" "Mozilla/5.0 (Linux; Android 6.0.1; Nexus 5X Build/MMB29P) AppleWebKit/537.36 (KHTML, like Gecko) Chrome/145.0.7632.159 Mobile Safari/537.36 (compatible; Googlebot/2.1; +http://www.google.com/bot.html)"
203.176.137.72 - - [21/Mar/2026:09:07:20 -0300] "GET /2025/10/06/karamba-willkommensbonus/ HTTP/1.1" 301 - "https://casadasbombasdeassis.com.br/" "Mozilla/5.0 (Windows NT 10.0; WOW64) AppleWebKit/537.36 (KHTML, like Gecko) Chrome/114.0.0.0 YaBrowser/22.7.0 Yowser/2.5 Safari/537.36"
216.73.216.20 - - [21/Mar/2026:09:07:21 -0300] "GET /shopdetail/1717387909 HTTP/1.1" 404 41416 "-" "Mozilla/5.0 AppleWebKit/537.36 (KHTML, like Gecko; compatible; ClaudeBot/1.0; +claudebot@anthropic.com)"
198.244.168.212 - - [21/Mar/2026:09:07:22 -0300] "GET /2025/08/05/step-1-guide-to-own-new-iphone-position-online-game-apps/ HTTP/1.1" 200 56379 "-" "Mozilla/5.0 (compatible; AhrefsBot/7.0; +http://ahrefs.com/robot/)"
203.176.137.72 - - [21/Mar/2026:09:07:22 -0300] "GET /2025/10/06/karamba-willkommensbonus/ HTTP/1.1" 200 386219 "https://casadasbombasdeassis.com.br/2025/10/06/karamba-willkommensbonus/" "Mozilla/5.0 (Windows NT 10.0; WOW64) AppleWebKit/537.36 (KHTML, like Gecko) Chrome/114.0.0.0 YaBrowser/22.7.0 Yowser/2.5 Safari/537.36"
51.195.244.251 - - [21/Mar/2026:09:07:23 -0300] "GET /2025/10/10/loto-club-skachat-dopolnenie-loterey-igra-aeroklub-dialogovyy-beauty-worthen/ HTTP/1.1" 200 53836 "-" "Mozilla/5.0 (compatible; AhrefsBot/7.0; +http://ahrefs.com/robot/)"
216.73.216.20 - - [21/Mar/2026:09:07:24 -0300] "GET /shopdetail/2606541011 HTTP/1.1" 404 41416 "-" "Mozilla/5.0 AppleWebKit/537.36 (KHTML, like Gecko; compatible; ClaudeBot/1.0; +claudebot@anthropic.com)"
203.176.137.72 - - [21/Mar/2026:09:07:27 -0300] "GET /wp-login.php?action=register HTTP/1.1" 302 - "https://www.casadasbombasdeassis.com.br/2025/10/06/karamba-willkommensbonus/" "Mozilla/5.0 (Windows NT 6.3; Win64; x64) AppleWebKit/537.36 (KHTML, like Gecko) Chrome/103.0.0.0 Safari/537.36"
216.73.216.20 - - [21/Mar/2026:09:07:28 -0300] "GET /shopdetail/2446914415 HTTP/1.1" 404 41416 "-" "Mozilla/5.0 AppleWebKit/537.36 (KHTML, like Gecko; compatible; ClaudeBot/1.0; +claudebot@anthropic.com)"
203.176.137.72 - - [21/Mar/2026:09:07:29 -0300] "GET /wp-login.php?registration=disabled HTTP/1.1" 200 9826 "https://www.casadasbombasdeassis.com.br/wp-login.php?action=register" "Mozilla/5.0 (Windows NT 6.3; Win64; x64) AppleWebKit/537.36 (KHTML, like Gecko) Chrome/103.0.0.0 Safari/537.36"
216.73.216.20 - - [21/Mar/2026:09:07:32 -0300] "GET /shopdetail/1324758315 HTTP/1.1" 404 41416 "-" "Mozilla/5.0 AppleWebKit/537.36 (KHTML, like Gecko; compatible; ClaudeBot/1.0; +claudebot@anthropic.com)"
198.244.183.23 - - [21/Mar/2026:09:07:34 -0300] "GET /2025/08/25/jammin-jars-position-move-so-you-can-seventies-beats-win-about-casino-big-bad-wolf-cheats-slot-this-slot-today/ HTTP/1.1" 200 50910 "-" "Mozilla/5.0 (compatible; AhrefsBot/7.0; +http://ahrefs.com/robot/)"
216.73.216.20 - - [21/Mar/2026:09:07:36 -0300] "GET /shopdetail/1253350033 HTTP/1.1" 404 41416 "-" "Mozilla/5.0 AppleWebKit/537.36 (KHTML, like Gecko; compatible; ClaudeBot/1.0; +claudebot@anthropic.com)"
216.73.216.20 - - [21/Mar/2026:09:07:41 -0300] "GET /shopdetail/687279720 HTTP/1.1" 404 41416 "-" "Mozilla/5.0 AppleWebKit/537.36 (KHTML, like Gecko; compatible; ClaudeBot/1.0; +claudebot@anthropic.com)"
216.73.216.20 - - [21/Mar/2026:09:07:43 -0300] "GET /shopdetail/3711387466 HTTP/1.1" 404 41416 "-" "Mozilla/5.0 AppleWebKit/537.36 (KHTML, like Gecko; compatible; ClaudeBot/1.0; +claudebot@anthropic.com)"
216.73.216.20 - - [21/Mar/2026:09:07:45 -0300] "GET /shopdetail/1275349831 HTTP/1.1" 404 41416 "-" "Mozilla/5.0 AppleWebKit/537.36 (KHTML, like Gecko; compatible; ClaudeBot/1.0; +claudebot@anthropic.com)"
195.178.110.159 - - [21/Mar/2026:09:07:46 -0300] "GET /.git/config HTTP/1.1" 401 53 "-" "Mozilla/5.0 (X11; Ubuntu; Linux x86_64; rv:132.0) Gecko/20100101 Firefox/132.0"
216.73.216.20 - - [21/Mar/2026:09:07:48 -0300] "GET /shopdetail/1237043539 HTTP/1.1" 404 41416 "-" "Mozilla/5.0 AppleWebKit/537.36 (KHTML, like Gecko; compatible; ClaudeBot/1.0; +claudebot@anthropic.com)"
216.73.216.20 - - [21/Mar/2026:09:07:52 -0300] "GET /shopdetail/2731443710 HTTP/1.1" 404 41416 "-" "Mozilla/5.0 AppleWebKit/537.36 (KHTML, like Gecko; compatible; ClaudeBot/1.0; +claudebot@anthropic.com)"
51.195.215.219 - - [21/Mar/2026:09:07:52 -0300] "GET /2025/05/18/bet-97-cassino-briga-superior-casino-online-e-abicar-bet-97comece-an-alcancar-hojecassino/ HTTP/1.1" 200 55845 "-" "Mozilla/5.0 (compatible; AhrefsBot/7.0; +http://ahrefs.com/robot/)"
195.178.110.159 - - [21/Mar/2026:09:07:54 -0300] "GET /.git/config HTTP/1.1" 401 53 "-" "Mozilla/5.0 (X11; Linux x86_64; rv:1.9.6.20) Gecko/ Firefox/3.6.7"
216.73.216.20 - - [21/Mar/2026:09:07:55 -0300] "GET /shopdetail/3835078066 HTTP/1.1" 404 41416 "-" "Mozilla/5.0 AppleWebKit/537.36 (KHTML, like Gecko; compatible; ClaudeBot/1.0; +claudebot@anthropic.com)"
216.73.216.20 - - [21/Mar/2026:09:07:57 -0300] "GET /shopdetail/1445942659 HTTP/1.1" 404 41416 "-" "Mozilla/5.0 AppleWebKit/537.36 (KHTML, like Gecko; compatible; ClaudeBot/1.0; +claudebot@anthropic.com)"
198.244.242.75 - - [21/Mar/2026:09:08:00 -0300] "GET /2025/05/14/fresh-online-pokies-25-free-spins-fruit-bonanza-position-remark-trial-free-enjoy-rtp-take-a-look-at/ HTTP/1.1" 200 54371 "-" "Mozilla/5.0 (compatible; AhrefsBot/7.0; +http://ahrefs.com/robot/)"
216.73.216.20 - - [21/Mar/2026:09:08:00 -0300] "GET /shopdetail/2488857004 HTTP/1.1" 404 41416 "-" "Mozilla/5.0 AppleWebKit/537.36 (KHTML, like Gecko; compatible; ClaudeBot/1.0; +claudebot@anthropic.com)"
216.73.216.20 - - [21/Mar/2026:09:08:03 -0300] "GET /shopdetail/1204939448 HTTP/1.1" 404 41416 "-" "Mozilla/5.0 AppleWebKit/537.36 (KHTML, like Gecko; compatible; ClaudeBot/1.0; +claudebot@anthropic.com)"
216.73.216.20 - - [21/Mar/2026:09:08:05 -0300] "GET /shopdetail/1061633918 HTTP/1.1" 404 41416 "-" "Mozilla/5.0 AppleWebKit/537.36 (KHTML, like Gecko; compatible; ClaudeBot/1.0; +claudebot@anthropic.com)"
216.73.216.20 - - [21/Mar/2026:09:08:08 -0300] "GET /shopdetail/3193620203 HTTP/1.1" 404 41416 "-" "Mozilla/5.0 AppleWebKit/537.36 (KHTML, like Gecko; compatible; ClaudeBot/1.0; +claudebot@anthropic.com)"
198.244.226.173 - - [21/Mar/2026:09:08:10 -0300] "GET /2025/10/05/actors-remain-magic-college-bus-headed-to-your-stars-opinion/ HTTP/1.1" 200 52914 "-" "Mozilla/5.0 (compatible; AhrefsBot/7.0; +http://ahrefs.com/robot/)"
216.73.216.20 - - [21/Mar/2026:09:08:12 -0300] "GET /shopdetail/3336925733 HTTP/1.1" 404 41416 "-" "Mozilla/5.0 AppleWebKit/537.36 (KHTML, like Gecko; compatible; ClaudeBot/1.0; +claudebot@anthropic.com)"
139.5.1.175 - - [21/Mar/2026:09:08:14 -0300] "POST /xmlrpc.php HTTP/1.1" 200 409 "-" "Mozilla/5.0 (Macintosh; Intel Mac OS X 10_15_7; arm64) AppleWebKit/537.36 (KHTML, like Gecko) Firefox/84.0.0.0 Safari/537.36"
216.73.216.20 - - [21/Mar/2026:09:08:15 -0300] "GET /shopdetail/867030942 HTTP/1.1" 404 41416 "-" "Mozilla/5.0 AppleWebKit/537.36 (KHTML, like Gecko; compatible; ClaudeBot/1.0; +claudebot@anthropic.com)"
216.73.216.20 - - [21/Mar/2026:09:08:18 -0300] "GET /shopdetail/3289941463 HTTP/1.1" 404 41416 "-" "Mozilla/5.0 AppleWebKit/537.36 (KHTML, like Gecko; compatible; ClaudeBot/1.0; +claudebot@anthropic.com)"
198.244.240.129 - - [21/Mar/2026:09:08:19 -0300] "GET /2025/08/14/fifty-totally-free-revolves-casinos-no-deposit-zero-wager/ HTTP/1.1" 200 50654 "-" "Mozilla/5.0 (compatible; AhrefsBot/7.0; +http://ahrefs.com/robot/)"
66.249.70.36 - - [21/Mar/2026:09:08:19 -0300] "GET /2025/12/24/vladeltsy-postydno-izvestnoy-akhan-1xbet-za-poslednie-chetyre-vozrasta-zarabotali-v-nashey-rodiny-bolee-pyatidesyati-mlrd-tulskie-anonsy-novosti-tuly-a-eshche-tulskoy-oblasti-vazhneyshie/feed/ HTTP/1.1" 200 380317 "-" "Mozilla/5.0 (Linux; Android 6.0.1; Nexus 5X Build/MMB29P) AppleWebKit/537.36 (KHTML, like Gecko) Chrome/145.0.7632.159 Mobile Safari/537.36 (compatible; Googlebot/2.1; +http://www.google.com/bot.html)"
216.73.216.20 - - [21/Mar/2026:09:08:21 -0300] "GET /shopdetail/2984721083 HTTP/1.1" 404 41416 "-" "Mozilla/5.0 AppleWebKit/537.36 (KHTML, like Gecko; compatible; ClaudeBot/1.0; +claudebot@anthropic.com)"
216.73.216.20 - - [21/Mar/2026:09:08:24 -0300] "GET /shopdetail/2559556741 HTTP/1.1" 404 41416 "-" "Mozilla/5.0 AppleWebKit/537.36 (KHTML, like Gecko; compatible; ClaudeBot/1.0; +claudebot@anthropic.com)"
66.249.70.36 - - [21/Mar/2026:09:08:26 -0300] "GET /2025/02/19/immediate-play-online-gambling-establishment-the-future-of-betting/ HTTP/1.1" 200 379942 "-" "Mozilla/5.0 (Linux; Android 6.0.1; Nexus 5X Build/MMB29P) AppleWebKit/537.36 (KHTML, like Gecko) Chrome/145.0.7632.159 Mobile Safari/537.36 (compatible; Googlebot/2.1; +http://www.google.com/bot.html)"
216.73.216.20 - - [21/Mar/2026:09:08:27 -0300] "GET /shopdetail/3408837601 HTTP/1.1" 404 41416 "-" "Mozilla/5.0 AppleWebKit/537.36 (KHTML, like Gecko; compatible; ClaudeBot/1.0; +claudebot@anthropic.com)"
216.73.216.20 - - [21/Mar/2026:09:08:30 -0300] "GET /shopdetail/1937535745 HTTP/1.1" 404 41416 "-" "Mozilla/5.0 AppleWebKit/537.36 (KHTML, like Gecko; compatible; ClaudeBot/1.0; +claudebot@anthropic.com)"
216.73.216.20 - - [21/Mar/2026:09:08:33 -0300] "GET /shopdetail/2836966417 HTTP/1.1" 404 41416 "-" "Mozilla/5.0 AppleWebKit/537.36 (KHTML, like Gecko; compatible; ClaudeBot/1.0; +claudebot@anthropic.com)"
198.244.226.15 - - [21/Mar/2026:09:08:33 -0300] "GET /2025/09/13/flames-88-demonstration-play-totally-free-position-games/ HTTP/1.1" 200 54208 "-" "Mozilla/5.0 (compatible; AhrefsBot/7.0; +http://ahrefs.com/robot/)"
216.73.216.20 - - [21/Mar/2026:09:08:38 -0300] "GET /shopdetail/3705904358 HTTP/1.1" 404 41416 "-" "Mozilla/5.0 AppleWebKit/537.36 (KHTML, like Gecko; compatible; ClaudeBot/1.0; +claudebot@anthropic.com)"
198.244.168.172 - - [21/Mar/2026:09:08:38 -0300] "GET /2025/09/03/sizzling-hot-casinoeuro-25-freie-spins-6-einzeln-silver-fur-nusse-auffuhren-kundgebung-spiele/ HTTP/1.1" 200 51721 "-" "Mozilla/5.0 (compatible; AhrefsBot/7.0; +http://ahrefs.com/robot/)"
216.73.216.20 - - [21/Mar/2026:09:08:39 -0300] "GET /shopdetail/3904094515 HTTP/1.1" 404 41416 "-" "Mozilla/5.0 AppleWebKit/537.36 (KHTML, like Gecko; compatible; ClaudeBot/1.0; +claudebot@anthropic.com)"
216.73.216.20 - - [21/Mar/2026:09:08:42 -0300] "GET /shopdetail/2726854906 HTTP/1.1" 404 41416 "-" "Mozilla/5.0 AppleWebKit/537.36 (KHTML, like Gecko; compatible; ClaudeBot/1.0; +claudebot@anthropic.com)"
216.73.216.20 - - [21/Mar/2026:09:08:45 -0300] "GET /shopdetail/2038306141 HTTP/1.1" 404 41416 "-" "Mozilla/5.0 AppleWebKit/537.36 (KHTML, like Gecko; compatible; ClaudeBot/1.0; +claudebot@anthropic.com)"
216.73.216.20 - - [21/Mar/2026:09:08:48 -0300] "GET /shopdetail/598986236 HTTP/1.1" 404 41416 "-" "Mozilla/5.0 AppleWebKit/537.36 (KHTML, like Gecko; compatible; ClaudeBot/1.0; +claudebot@anthropic.com)"
216.73.216.20 - - [21/Mar/2026:09:08:51 -0300] "GET /shopdetail/2261668635 HTTP/1.1" 404 41416 "-" "Mozilla/5.0 AppleWebKit/537.36 (KHTML, like Gecko; compatible; ClaudeBot/1.0; +claudebot@anthropic.com)"
198.244.183.224 - - [21/Mar/2026:09:08:52 -0300] "GET /2025/08/09/best-bitcoin-casino-incentive-greatest-hyperlink-also-offers-in-the-2025/ HTTP/1.1" 200 53427 "-" "Mozilla/5.0 (compatible; AhrefsBot/7.0; +http://ahrefs.com/robot/)"
216.73.216.20 - - [21/Mar/2026:09:08:54 -0300] "GET /shopdetail/3028510467 HTTP/1.1" 404 41416 "-" "Mozilla/5.0 AppleWebKit/537.36 (KHTML, like Gecko; compatible; ClaudeBot/1.0; +claudebot@anthropic.com)"
216.73.216.20 - - [21/Mar/2026:09:08:57 -0300] "GET /shopdetail/3360641232 HTTP/1.1" 404 41416 "-" "Mozilla/5.0 AppleWebKit/537.36 (KHTML, like Gecko; compatible; ClaudeBot/1.0; +claudebot@anthropic.com)"
216.73.216.20 - - [21/Mar/2026:09:09:01 -0300] "GET /shopdetail/2887932310 HTTP/1.1" 404 41416 "-" "Mozilla/5.0 AppleWebKit/537.36 (KHTML, like Gecko; compatible; ClaudeBot/1.0; +claudebot@anthropic.com)"
51.195.183.18 - - [21/Mar/2026:09:09:02 -0300] "GET /2025/10/14/zero-peacock-expected-you-can-watch-tonights-packers-vs-eagles-games-to-your-nbc-twenty-six/ HTTP/1.1" 200 52290 "-" "Mozilla/5.0 (compatible; AhrefsBot/7.0; +http://ahrefs.com/robot/)"
216.73.216.20 - - [21/Mar/2026:09:09:03 -0300] "GET /shopdetail/2636611654 HTTP/1.1" 404 41416 "-" "Mozilla/5.0 AppleWebKit/537.36 (KHTML, like Gecko; compatible; ClaudeBot/1.0; +claudebot@anthropic.com)"
216.26.231.248 - - [21/Mar/2026:09:09:04 -0300] "GET /2025/11/06/elche-cf-hoy-resultado/ HTTP/1.1" 200 177052 "https://www.casadasbombasdeassis.com.br/" "Mozilla/5.0 (Windows NT 10.0; Win64; x64) AppleWebKit/537.36 (KHTML, like Gecko) Chrome/114.0.0.0 Safari/537.36 OPR/89.0.4447.51"
216.73.216.20 - - [21/Mar/2026:09:09:06 -0300] "GET /shopdetail/2684622947 HTTP/1.1" 404 41416 "-" "Mozilla/5.0 AppleWebKit/537.36 (KHTML, like Gecko; compatible; ClaudeBot/1.0; +claudebot@anthropic.com)"
216.73.216.20 - - [21/Mar/2026:09:09:09 -0300] "GET /shopdetail/1627095541 HTTP/1.1" 404 41416 "-" "Mozilla/5.0 AppleWebKit/537.36 (KHTML, like Gecko; compatible; ClaudeBot/1.0; +claudebot@anthropic.com)"
57.141.4.23 - - [21/Mar/2026:09:09:10 -0300] "GET /wp-json/wp/v2/posts/651881 HTTP/1.1" 200 25613 "-" "meta-externalagent/1.1 (+https://developers.facebook.com/docs/sharing/webmasters/crawler)"
216.73.216.20 - - [21/Mar/2026:09:09:12 -0300] "GET /shopdetail/2980132279 HTTP/1.1" 404 41416 "-" "Mozilla/5.0 AppleWebKit/537.36 (KHTML, like Gecko; compatible; ClaudeBot/1.0; +claudebot@anthropic.com)"
198.244.240.240 - - [21/Mar/2026:09:09:15 -0300] "GET /2025/05/16/a-lot-more-chilli-slot-a-spicy-megaways-slot/ HTTP/1.1" 200 50232 "-" "Mozilla/5.0 (compatible; AhrefsBot/7.0; +http://ahrefs.com/robot/)"
216.73.216.20 - - [21/Mar/2026:09:09:19 -0300] "GET /shopdetail/481441865 HTTP/1.1" 404 41416 "-" "Mozilla/5.0 AppleWebKit/537.36 (KHTML, like Gecko; compatible; ClaudeBot/1.0; +claudebot@anthropic.com)"
216.73.216.20 - - [21/Mar/2026:09:09:22 -0300] "GET /shopdetail/841105445 HTTP/1.1" 404 41416 "-" "Mozilla/5.0 AppleWebKit/537.36 (KHTML, like Gecko; compatible; ClaudeBot/1.0; +claudebot@anthropic.com)"
57.141.4.19 - - [21/Mar/2026:09:09:24 -0300] "GET /wp-json/oembed/1.0/embed?url=https%3A%2F%2Fwww.casadasbombasdeassis.com.br%2F2025%2F10%2F11%2Fde-10-bedste-hoteller-inden-for-montecatini-terme-italien-siden-casino-stars-partner-app-download-mdl-867%2F HTTP/1.1" 200 2761 "-" "meta-externalagent/1.1 (+https://developers.facebook.com/docs/sharing/webmasters/crawler)"
216.73.216.20 - - [21/Mar/2026:09:09:25 -0300] "GET /shopdetail/2808498623 HTTP/1.1" 404 41416 "-" "Mozilla/5.0 AppleWebKit/537.36 (KHTML, like Gecko; compatible; ClaudeBot/1.0; +claudebot@anthropic.com)"
216.73.216.20 - - [21/Mar/2026:09:09:28 -0300] "GET /shopdetail/868243041 HTTP/1.1" 404 41416 "-" "Mozilla/5.0 AppleWebKit/537.36 (KHTML, like Gecko; compatible; ClaudeBot/1.0; +claudebot@anthropic.com)"
51.89.129.61 - - [21/Mar/2026:09:09:30 -0300] "GET /2025/05/06/greatest-habanero-harbors-and-gambling-best-online-casino-slots-enterprises-to-own-2025/ HTTP/1.1" 200 51629 "-" "Mozilla/5.0 (compatible; AhrefsBot/7.0; +http://ahrefs.com/robot/)"
216.73.216.20 - - [21/Mar/2026:09:09:31 -0300] "GET /shopdetail/107710945 HTTP/1.1" 404 41416 "-" "Mozilla/5.0 AppleWebKit/537.36 (KHTML, like Gecko; compatible; ClaudeBot/1.0; +claudebot@anthropic.com)"
66.249.70.35 - - [21/Mar/2026:09:09:32 -0300] "GET /policy/90010.php?shopdetail/2217263527 HTTP/1.1" 200 393230 "-" "Mozilla/5.0 (Linux; Android 6.0.1; Nexus 5X Build/MMB29P) AppleWebKit/537.36 (KHTML, like Gecko) Chrome/145.0.7632.159 Mobile Safari/537.36 (compatible; GoogleOther)"
216.73.216.20 - - [21/Mar/2026:09:09:34 -0300] "GET /shopdetail/988860127 HTTP/1.1" 404 41416 "-" "Mozilla/5.0 AppleWebKit/537.36 (KHTML, like Gecko; compatible; ClaudeBot/1.0; +claudebot@anthropic.com)"
17.246.23.247 - - [21/Mar/2026:09:09:36 -0300] "GET /wp-includes/js/jquery/jquery.min.js?ver=3.7.1 HTTP/1.1" 200 87553 "https://www.casadasbombasdeassis.com.br/2025/01/03/50-freispiele-blos-einzahlung-auf-anhieb-zuganglich-kostenfrei-spins/" "Mozilla/5.0 (Macintosh; Intel Mac OS X 10_15_7) AppleWebKit/605.1.15 (KHTML, like Gecko) Version/17.4 Safari/605.1.15 (Applebot/0.1; +http://www.apple.com/go/applebot)"
17.246.19.15 - - [21/Mar/2026:09:09:37 -0300] "GET /wp-includes/js/jquery/jquery-migrate.min.js?ver=3.4.1 HTTP/1.1" 200 13577 "https://www.casadasbombasdeassis.com.br/2025/01/03/50-freispiele-blos-einzahlung-auf-anhieb-zuganglich-kostenfrei-spins/" "Mozilla/5.0 (Macintosh; Intel Mac OS X 10_15_7) AppleWebKit/605.1.15 (KHTML, like Gecko) Version/17.4 Safari/605.1.15 (Applebot/0.1; +http://www.apple.com/go/applebot)"
216.73.216.20 - - [21/Mar/2026:09:09:37 -0300] "GET /shopdetail/4143671427 HTTP/1.1" 404 41416 "-" "Mozilla/5.0 AppleWebKit/537.36 (KHTML, like Gecko; compatible; ClaudeBot/1.0; +claudebot@anthropic.com)"
17.246.23.132 - - [21/Mar/2026:09:09:38 -0300] "GET /wp-content/themes/twentytwenty/assets/js/jquery.mask.min.js HTTP/1.1" 200 14509 "https://www.casadasbombasdeassis.com.br/2025/01/03/50-freispiele-blos-einzahlung-auf-anhieb-zuganglich-kostenfrei-spins/" "Mozilla/5.0 (Macintosh; Intel Mac OS X 10_15_7) AppleWebKit/605.1.15 (KHTML, like Gecko) Version/17.4 Safari/605.1.15 (Applebot/0.1; +http://www.apple.com/go/applebot)"
216.73.216.20 - - [21/Mar/2026:09:09:40 -0300] "GET /shopdetail/375919158 HTTP/1.1" 404 41416 "-" "Mozilla/5.0 AppleWebKit/537.36 (KHTML, like Gecko; compatible; ClaudeBot/1.0; +claudebot@anthropic.com)"
198.244.168.235 - - [21/Mar/2026:09:09:42 -0300] "GET /2025/05/15/casumo-verbunden-casino-ihr-toller-worldmatch-spiele-willkommensbonus-unter-anderem-schone-spiele/ HTTP/1.1" 200 51628 "-" "Mozilla/5.0 (compatible; AhrefsBot/7.0; +http://ahrefs.com/robot/)"
216.73.216.20 - - [21/Mar/2026:09:09:43 -0300] "GET /shopdetail/1127413362 HTTP/1.1" 404 41416 "-" "Mozilla/5.0 AppleWebKit/537.36 (KHTML, like Gecko; compatible; ClaudeBot/1.0; +claudebot@anthropic.com)"
216.73.216.20 - - [21/Mar/2026:09:09:46 -0300] "GET /shopdetail/2832214090 HTTP/1.1" 404 41416 "-" "Mozilla/5.0 AppleWebKit/537.36 (KHTML, like Gecko; compatible; ClaudeBot/1.0; +claudebot@anthropic.com)"
17.246.23.56 - - [21/Mar/2026:09:09:46 -0300] "GET /wp-content/plugins/wonderplugin-carousel-trial/engine/wonderplugincarouselengine.css?ver=16.9 HTTP/1.1" 200 18710 "https://www.casadasbombasdeassis.com.br/2025/01/03/50-freispiele-blos-einzahlung-auf-anhieb-zuganglich-kostenfrei-spins/" "Mozilla/5.0 (Macintosh; Intel Mac OS X 10_15_7) AppleWebKit/605.1.15 (KHTML, like Gecko) Version/17.4 Safari/605.1.15 (Applebot/0.1; +http://www.apple.com/go/applebot)"
216.73.216.20 - - [21/Mar/2026:09:09:49 -0300] "GET /shopdetail/2332531895 HTTP/1.1" 404 41416 "-" "Mozilla/5.0 AppleWebKit/537.36 (KHTML, like Gecko; compatible; ClaudeBot/1.0; +claudebot@anthropic.com)"
172.93.215.204 - - [21/Mar/2026:09:09:51 -0300] "GET /2025/10/06/alpenbets-online-casino/ HTTP/1.1" 200 780895 "https://www.casadasbombasdeassis.com.br/" "Mozilla/5.0 (Macintosh; Intel Mac OS X 12_5) AppleWebKit/537.36 (KHTML, like Gecko) Chrome/114.0.0.0 YaBrowser/22.7.0 Yowser/2.5 Safari/537.36"
172.93.215.204 - - [21/Mar/2026:09:09:52 -0300] "GET /wp-content/plugins/contact-form-7/includes/css/styles.css?ver=5.1.6 HTTP/1.1" 200 1645 "https://www.casadasbombasdeassis.com.br/2025/10/06/alpenbets-online-casino/" "Mozilla/5.0 (Windows NT 10.0; Win64; x64) AppleWebKit/537.36 (KHTML, like Gecko) Chrome/143.0.0.0 Safari/537.36"
172.93.215.204 - - [21/Mar/2026:09:09:52 -0300] "GET /wp-content/plugins/wonderplugin-carousel-trial/engine/wonderplugincarouselengine.css?ver=16.9 HTTP/1.1" 200 18710 "https://www.casadasbombasdeassis.com.br/2025/10/06/alpenbets-online-casino/" "Mozilla/5.0 (Windows NT 10.0; Win64; x64) AppleWebKit/537.36 (KHTML, like Gecko) Chrome/143.0.0.0 Safari/537.36"
216.73.216.20 - - [21/Mar/2026:09:09:52 -0300] "GET /shopdetail/1817427508 HTTP/1.1" 404 41416 "-" "Mozilla/5.0 AppleWebKit/537.36 (KHTML, like Gecko; compatible; ClaudeBot/1.0; +claudebot@anthropic.com)"
172.93.215.204 - - [21/Mar/2026:09:09:52 -0300] "GET /wp-content/uploads/maxmegamenu/style.css?ver=86718a HTTP/1.1" 200 61613 "https://www.casadasbombasdeassis.com.br/2025/10/06/alpenbets-online-casino/" "Mozilla/5.0 (Windows NT 10.0; Win64; x64) AppleWebKit/537.36 (KHTML, like Gecko) Chrome/143.0.0.0 Safari/537.36"
172.93.215.204 - - [21/Mar/2026:09:09:52 -0300] "GET /wp-includes/css/dashicons.min.css?ver=6.9.4 HTTP/1.1" 200 59004 "https://www.casadasbombasdeassis.com.br/2025/10/06/alpenbets-online-casino/" "Mozilla/5.0 (Windows NT 10.0; Win64; x64) AppleWebKit/537.36 (KHTML, like Gecko) Chrome/143.0.0.0 Safari/537.36"
172.93.215.204 - - [21/Mar/2026:09:09:52 -0300] "GET /wp-content/themes/twentytwenty/style.css?ver=1.1 HTTP/1.1" 200 337432 "https://www.casadasbombasdeassis.com.br/2025/10/06/alpenbets-online-casino/" "Mozilla/5.0 (Windows NT 10.0; Win64; x64) AppleWebKit/537.36 (KHTML, like Gecko) Chrome/143.0.0.0 Safari/537.36"
172.93.215.204 - - [21/Mar/2026:09:09:52 -0300] "GET /wp-content/themes/twentytwenty/print.css?ver=1.1 HTTP/1.1" 200 2574 "https://www.casadasbombasdeassis.com.br/2025/10/06/alpenbets-online-casino/" "Mozilla/5.0 (Windows NT 10.0; Win64; x64) AppleWebKit/537.36 (KHTML, like Gecko) Chrome/143.0.0.0 Safari/537.36"
172.93.215.204 - - [21/Mar/2026:09:09:52 -0300] "GET /wp-content/uploads/font-organizer/fo-declarations.css?ver=6.9.4 HTTP/1.1" 200 513 "https://www.casadasbombasdeassis.com.br/2025/10/06/alpenbets-online-casino/" "Mozilla/5.0 (Windows NT 10.0; Win64; x64) AppleWebKit/537.36 (KHTML, like Gecko) Chrome/143.0.0.0 Safari/537.36"
172.93.215.204 - - [21/Mar/2026:09:09:52 -0300] "GET /wp-content/uploads/font-organizer/fo-elements.css?ver=6.9.4 HTTP/1.1" 200 234 "https://www.casadasbombasdeassis.com.br/2025/10/06/alpenbets-online-casino/" "Mozilla/5.0 (Windows NT 10.0; Win64; x64) AppleWebKit/537.36 (KHTML, like Gecko) Chrome/143.0.0.0 Safari/537.36"
172.93.215.204 - - [21/Mar/2026:09:09:53 -0300] "POST /wp-comments-post.php HTTP/1.1" 302 - "https://www.casadasbombasdeassis.com.br/2025/10/06/alpenbets-online-casino/" "Mozilla/5.0 (Macintosh; Intel Mac OS X 12_5) AppleWebKit/537.36 (KHTML, like Gecko) Chrome/114.0.0.0 YaBrowser/22.7.0 Yowser/2.5 Safari/537.36"
172.93.215.204 - - [21/Mar/2026:09:09:53 -0300] "GET /2025/10/06/alpenbets-online-casino/ HTTP/1.1" 200 782858 "https://www.casadasbombasdeassis.com.br/wp-comments-post.php" "Mozilla/5.0 (Macintosh; Intel Mac OS X 12_5) AppleWebKit/537.36 (KHTML, like Gecko) Chrome/114.0.0.0 YaBrowser/22.7.0 Yowser/2.5 Safari/537.36"
198.244.168.188 - - [21/Mar/2026:09:09:54 -0300] "GET /2025/08/11/rembrandt-wealth-big-connect-reputation-sites-transformations/ HTTP/1.1" 200 52042 "-" "Mozilla/5.0 (compatible; AhrefsBot/7.0; +http://ahrefs.com/robot/)"
172.93.215.204 - - [21/Mar/2026:09:09:54 -0300] "GET /2025/10/06/alpenbets-online-casino/ HTTP/1.1" 200 782858 "-" "Mozilla/5.0 (Macintosh; Intel Mac OS X 12_5) AppleWebKit/537.36 (KHTML, like Gecko) Chrome/114.0.0.0 YaBrowser/22.7.0 Yowser/2.5 Safari/537.36"
216.73.216.20 - - [21/Mar/2026:09:09:55 -0300] "GET /shopdetail/2290299952 HTTP/1.1" 404 41416 "-" "Mozilla/5.0 AppleWebKit/537.36 (KHTML, like Gecko; compatible; ClaudeBot/1.0; +claudebot@anthropic.com)"
