66.249.70.36 - - [21/Mar/2026:13:36:09 -0300] "GET /policy/90010.php?shopdetail/2129724680 HTTP/1.1" 200 391559 "-" "Mozilla/5.0 (Linux; Android 6.0.1; Nexus 5X Build/MMB29P) AppleWebKit/537.36 (KHTML, like Gecko) Chrome/145.0.7632.159 Mobile Safari/537.36 (compatible; GoogleOther)"
216.73.216.20 - - [21/Mar/2026:13:36:10 -0300] "GET /shopdetail/4182252564 HTTP/1.1" 404 41416 "-" "Mozilla/5.0 AppleWebKit/537.36 (KHTML, like Gecko; compatible; ClaudeBot/1.0; +claudebot@anthropic.com)"
216.73.216.20 - - [21/Mar/2026:13:36:13 -0300] "GET /shopdetail/1261453042 HTTP/1.1" 404 41416 "-" "Mozilla/5.0 AppleWebKit/537.36 (KHTML, like Gecko; compatible; ClaudeBot/1.0; +claudebot@anthropic.com)"
216.73.216.20 - - [21/Mar/2026:13:36:16 -0300] "GET /shopdetail/2708925785 HTTP/1.1" 404 41416 "-" "Mozilla/5.0 AppleWebKit/537.36 (KHTML, like Gecko; compatible; ClaudeBot/1.0; +claudebot@anthropic.com)"
216.73.216.20 - - [21/Mar/2026:13:36:19 -0300] "GET /shopdetail/3094047365 HTTP/1.1" 404 41416 "-" "Mozilla/5.0 AppleWebKit/537.36 (KHTML, like Gecko; compatible; ClaudeBot/1.0; +claudebot@anthropic.com)"
216.73.216.20 - - [21/Mar/2026:13:36:22 -0300] "GET /shopdetail/1903089000 HTTP/1.1" 404 41416 "-" "Mozilla/5.0 AppleWebKit/537.36 (KHTML, like Gecko; compatible; ClaudeBot/1.0; +claudebot@anthropic.com)"
51.195.244.188 - - [21/Mar/2026:13:36:22 -0300] "GET /2025/10/07/royal-vegas-casino-%E1%90%89-resena-bonos-desplazandolo-hacia-el-mejor-casino-en-linea-champagne-el-pelo-consejos-sobre-2024/ HTTP/1.1" 200 58606 "-" "Mozilla/5.0 (compatible; AhrefsBot/7.0; +http://ahrefs.com/robot/)"
216.73.216.20 - - [21/Mar/2026:13:36:25 -0300] "GET /shopdetail/2522289795 HTTP/1.1" 404 41416 "-" "Mozilla/5.0 AppleWebKit/537.36 (KHTML, like Gecko; compatible; ClaudeBot/1.0; +claudebot@anthropic.com)"
216.73.216.20 - - [21/Mar/2026:13:36:28 -0300] "GET /shopdetail/1077430827 HTTP/1.1" 404 41416 "-" "Mozilla/5.0 AppleWebKit/537.36 (KHTML, like Gecko; compatible; ClaudeBot/1.0; +claudebot@anthropic.com)"
216.73.216.20 - - [21/Mar/2026:13:36:31 -0300] "GET /shopdetail/981109551 HTTP/1.1" 404 41416 "-" "Mozilla/5.0 AppleWebKit/537.36 (KHTML, like Gecko; compatible; ClaudeBot/1.0; +claudebot@anthropic.com)"
198.244.168.18 - - [21/Mar/2026:13:36:33 -0300] "GET /2025/01/14/slottica-casino-girish-best-bitcoin-casino-online-992/ HTTP/1.1" 200 78410 "-" "Mozilla/5.0 (compatible; AhrefsBot/7.0; +http://ahrefs.com/robot/)"
216.73.216.20 - - [21/Mar/2026:13:36:34 -0300] "GET /shopdetail/394257602 HTTP/1.1" 404 41416 "-" "Mozilla/5.0 AppleWebKit/537.36 (KHTML, like Gecko; compatible; ClaudeBot/1.0; +claudebot@anthropic.com)"
216.73.216.20 - - [21/Mar/2026:13:36:37 -0300] "GET /shopdetail/1831177164 HTTP/1.1" 404 41416 "-" "Mozilla/5.0 AppleWebKit/537.36 (KHTML, like Gecko; compatible; ClaudeBot/1.0; +claudebot@anthropic.com)"
216.73.216.20 - - [21/Mar/2026:13:36:40 -0300] "GET /shopdetail/1599539675 HTTP/1.1" 404 41416 "-" "Mozilla/5.0 AppleWebKit/537.36 (KHTML, like Gecko; compatible; ClaudeBot/1.0; +claudebot@anthropic.com)"
66.249.70.36 - - [21/Mar/2026:13:36:41 -0300] "GET /policy/90010.php?shopdetail/3148918899 HTTP/1.1" 200 392891 "-" "Mozilla/5.0 (Linux; Android 6.0.1; Nexus 5X Build/MMB29P) AppleWebKit/537.36 (KHTML, like Gecko) Chrome/145.0.7632.159 Mobile Safari/537.36 (compatible; GoogleOther)"
216.73.216.20 - - [21/Mar/2026:13:36:43 -0300] "GET /shopdetail/2942701826 HTTP/1.1" 404 41416 "-" "Mozilla/5.0 AppleWebKit/537.36 (KHTML, like Gecko; compatible; ClaudeBot/1.0; +claudebot@anthropic.com)"
198.244.242.81 - - [21/Mar/2026:13:36:46 -0300] "GET /2025/03/10/blue-cardio-casino-paysafecard-demonstration-by-the-amusnet-play-our-very-own-totally-free-ports/ HTTP/1.1" 200 50324 "-" "Mozilla/5.0 (compatible; AhrefsBot/7.0; +http://ahrefs.com/robot/)"
216.73.216.20 - - [21/Mar/2026:13:36:48 -0300] "GET /shopdetail/781567627 HTTP/1.1" 404 41416 "-" "Mozilla/5.0 AppleWebKit/537.36 (KHTML, like Gecko; compatible; ClaudeBot/1.0; +claudebot@anthropic.com)"
216.73.216.20 - - [21/Mar/2026:13:36:51 -0300] "GET /shopdetail/4112764926 HTTP/1.1" 404 41416 "-" "Mozilla/5.0 AppleWebKit/537.36 (KHTML, like Gecko; compatible; ClaudeBot/1.0; +claudebot@anthropic.com)"
144.79.133.31 - - [21/Mar/2026:13:36:52 -0300] "GET /2025/10/06/alle-wettanbieter-deutschland/ HTTP/1.1" 200 721530 "-" "Mozilla/5.0 (Windows NT 10.0; WOW64) AppleWebKit/537.36 (KHTML, like Gecko) Chrome/103.0.0.0 Safari/537.36"
216.73.216.20 - - [21/Mar/2026:13:36:54 -0300] "GET /shopdetail/1872197024 HTTP/1.1" 404 41416 "-" "Mozilla/5.0 AppleWebKit/537.36 (KHTML, like Gecko; compatible; ClaudeBot/1.0; +claudebot@anthropic.com)"
216.73.216.20 - - [21/Mar/2026:13:36:57 -0300] "GET /shopdetail/4225860161 HTTP/1.1" 404 41416 "-" "Mozilla/5.0 AppleWebKit/537.36 (KHTML, like Gecko; compatible; ClaudeBot/1.0; +claudebot@anthropic.com)"
51.195.215.164 - - [21/Mar/2026:13:36:58 -0300] "GET /2025/10/06/play-the-iwinfortune-online-casino-promo-code-wonderful-dunes-position-from-the-hotslots/ HTTP/1.1" 200 51989 "-" "Mozilla/5.0 (compatible; AhrefsBot/7.0; +http://ahrefs.com/robot/)"
216.73.216.20 - - [21/Mar/2026:13:37:00 -0300] "GET /shopdetail/1219221083 HTTP/1.1" 404 41416 "-" "Mozilla/5.0 AppleWebKit/537.36 (KHTML, like Gecko; compatible; ClaudeBot/1.0; +claudebot@anthropic.com)"
216.73.216.20 - - [21/Mar/2026:13:37:03 -0300] "GET /shopdetail/295258847 HTTP/1.1" 404 41416 "-" "Mozilla/5.0 AppleWebKit/537.36 (KHTML, like Gecko; compatible; ClaudeBot/1.0; +claudebot@anthropic.com)"
216.73.216.20 - - [21/Mar/2026:13:37:06 -0300] "GET /shopdetail/2702961391 HTTP/1.1" 404 41416 "-" "Mozilla/5.0 AppleWebKit/537.36 (KHTML, like Gecko; compatible; ClaudeBot/1.0; +claudebot@anthropic.com)"
198.244.183.245 - - [21/Mar/2026:13:37:09 -0300] "GET /2025/05/12/%D0%BE%D0%B1%D0%B7%D0%BE%D1%80-%D0%BE%D0%BD%D0%BB%D0%B0%D0%B9%D0%BD-%D0%BA%D0%B0%D0%B7%D0%B8%D0%BD%D0%BE-%D0%BF%D0%B0%D1%80%D0%B8%D0%BC%D0%B0%D1%82%D1%87-%D1%85%D0%B0%D1%80%D0%B0%D0%BA%D1%82%D0%B5/ HTTP/1.1" 200 59192 "-" "Mozilla/5.0 (compatible; AhrefsBot/7.0; +http://ahrefs.com/robot/)"
216.73.216.20 - - [21/Mar/2026:13:37:09 -0300] "GET /shopdetail/3061943274 HTTP/1.1" 404 41416 "-" "Mozilla/5.0 AppleWebKit/537.36 (KHTML, like Gecko; compatible; ClaudeBot/1.0; +claudebot@anthropic.com)"
209.145.58.97 - - [21/Mar/2026:13:37:10 -0300] "POST /wp-cron.php?doing_wp_cron=1774111030.5733380317687988281250 HTTP/1.1" 200 - "-" "WordPress/6.9.4; https://www.casadasbombasdeassis.com.br"
23.90.184.36 - - [21/Mar/2026:13:37:09 -0300] "POST /xmlrpc.php HTTP/1.1" 200 181 "-" "Mozilla/5.0 (Windows NT 10.0; Win64; x64) AppleWebKit/537.36 (KHTML, like Gecko) Chrome/114.0.0.0 Safari/537.36"
216.73.216.20 - - [21/Mar/2026:13:37:12 -0300] "GET /shopdetail/620094204 HTTP/1.1" 404 41416 "-" "Mozilla/5.0 AppleWebKit/537.36 (KHTML, like Gecko; compatible; ClaudeBot/1.0; +claudebot@anthropic.com)"
66.249.70.35 - - [21/Mar/2026:13:37:13 -0300] "GET /policy/90010.php?shopdetail/1494449151 HTTP/1.1" 200 396118 "-" "Mozilla/5.0 (Linux; Android 6.0.1; Nexus 5X Build/MMB29P) AppleWebKit/537.36 (KHTML, like Gecko) Chrome/145.0.7632.159 Mobile Safari/537.36 (compatible; GoogleOther)"
216.73.216.20 - - [21/Mar/2026:13:37:15 -0300] "GET /shopdetail/1173398235 HTTP/1.1" 404 41416 "-" "Mozilla/5.0 AppleWebKit/537.36 (KHTML, like Gecko; compatible; ClaudeBot/1.0; +claudebot@anthropic.com)"
23.90.184.36 - - [21/Mar/2026:13:37:16 -0300] "POST /xmlrpc.php HTTP/1.1" 200 8534 "-" "Mozilla/5.0 (Windows NT 10.0; Win64; x64) AppleWebKit/537.36 (KHTML, like Gecko) Chrome/114.0.0.0 Safari/537.36"
23.90.184.36 - - [21/Mar/2026:13:37:16 -0300] "GET /2026/03/21/crown-gold-coins-local-casino-big-wins-round-the-hundreds-of-games/ HTTP/1.1" 200 48213 "-" "Mozilla/5.0 (Windows NT 10.0; Win64; x64) AppleWebKit/537.36 (KHTML, like Gecko) Chrome/123.0.0.0 Safari/537.36 OPR/109.0.0.0"
216.73.216.20 - - [21/Mar/2026:13:37:18 -0300] "GET /shopdetail/3718278376 HTTP/1.1" 404 41416 "-" "Mozilla/5.0 AppleWebKit/537.36 (KHTML, like Gecko; compatible; ClaudeBot/1.0; +claudebot@anthropic.com)"
216.73.216.20 - - [21/Mar/2026:13:37:21 -0300] "GET /shopdetail/3042260123 HTTP/1.1" 404 41416 "-" "Mozilla/5.0 AppleWebKit/537.36 (KHTML, like Gecko; compatible; ClaudeBot/1.0; +claudebot@anthropic.com)"
198.244.240.147 - - [21/Mar/2026:13:37:24 -0300] "GET /2025/05/14/egyptian-heroes-casino-slot-online-slots-real-money-5-deposit-games/ HTTP/1.1" 200 54328 "-" "Mozilla/5.0 (compatible; AhrefsBot/7.0; +http://ahrefs.com/robot/)"
216.73.216.20 - - [21/Mar/2026:13:37:24 -0300] "GET /shopdetail/2745193334 HTTP/1.1" 404 41416 "-" "Mozilla/5.0 AppleWebKit/537.36 (KHTML, like Gecko; compatible; ClaudeBot/1.0; +claudebot@anthropic.com)"
216.73.216.20 - - [21/Mar/2026:13:37:27 -0300] "GET /shopdetail/3664706466 HTTP/1.1" 404 41416 "-" "Mozilla/5.0 AppleWebKit/537.36 (KHTML, like Gecko; compatible; ClaudeBot/1.0; +claudebot@anthropic.com)"
216.73.216.20 - - [21/Mar/2026:13:37:30 -0300] "GET /shopdetail/4184676762 HTTP/1.1" 404 41416 "-" "Mozilla/5.0 AppleWebKit/537.36 (KHTML, like Gecko; compatible; ClaudeBot/1.0; +claudebot@anthropic.com)"
198.244.168.162 - - [21/Mar/2026:13:37:33 -0300] "GET /2025/10/13/automat-was-auch-immer-vorhut-inoffizieller-mitarbeiter-online-kasino-zum-besten-geben/ HTTP/1.1" 200 51548 "-" "Mozilla/5.0 (compatible; AhrefsBot/7.0; +http://ahrefs.com/robot/)"
216.73.216.20 - - [21/Mar/2026:13:37:33 -0300] "GET /shopdetail/3014613678 HTTP/1.1" 404 41416 "-" "Mozilla/5.0 AppleWebKit/537.36 (KHTML, like Gecko; compatible; ClaudeBot/1.0; +claudebot@anthropic.com)"
216.73.216.20 - - [21/Mar/2026:13:37:36 -0300] "GET /shopdetail/2780016304 HTTP/1.1" 404 41416 "-" "Mozilla/5.0 AppleWebKit/537.36 (KHTML, like Gecko; compatible; ClaudeBot/1.0; +claudebot@anthropic.com)"
17.246.23.78 - - [21/Mar/2026:13:37:37 -0300] "GET /wp-content/uploads/font-organizer/fo-declarations.css?ver=6.9.4 HTTP/1.1" 200 513 "https://www.casadasbombasdeassis.com.br/2025/01/02/next-spilleban-trustly-og-paysafe-foran-hurtige-indbetalinger/" "Mozilla/5.0 (Macintosh; Intel Mac OS X 10_15_7) AppleWebKit/605.1.15 (KHTML, like Gecko) Version/17.4 Safari/605.1.15 (Applebot/0.1; +http://www.apple.com/go/applebot)"
216.73.216.20 - - [21/Mar/2026:13:37:39 -0300] "GET /shopdetail/1173234696 HTTP/1.1" 404 41416 "-" "Mozilla/5.0 AppleWebKit/537.36 (KHTML, like Gecko; compatible; ClaudeBot/1.0; +claudebot@anthropic.com)"
216.73.216.20 - - [21/Mar/2026:13:37:42 -0300] "GET /shopdetail/2331957828 HTTP/1.1" 404 41416 "-" "Mozilla/5.0 AppleWebKit/537.36 (KHTML, like Gecko; compatible; ClaudeBot/1.0; +claudebot@anthropic.com)"
66.249.70.35 - - [21/Mar/2026:13:37:45 -0300] "GET /policy/90010.php?shopdetail/3605497004 HTTP/1.1" 200 382882 "-" "Mozilla/5.0 (Linux; Android 6.0.1; Nexus 5X Build/MMB29P) AppleWebKit/537.36 (KHTML, like Gecko) Chrome/145.0.7632.159 Mobile Safari/537.36 (compatible; GoogleOther)"
216.73.216.20 - - [21/Mar/2026:13:37:45 -0300] "GET /shopdetail/2627648979 HTTP/1.1" 404 41416 "-" "Mozilla/5.0 AppleWebKit/537.36 (KHTML, like Gecko; compatible; ClaudeBot/1.0; +claudebot@anthropic.com)"
192.171.88.141 - - [21/Mar/2026:13:37:46 -0300] "GET / HTTP/1.1" 200 272627 "http://www.casadasbombasdeassis.com.br" "Mozilla/5.0 (Windows NT 10.0) AppleWebKit/537.36 (KHTML, like Gecko) Chrome/114.0.0.0 Safari/537.36"
216.73.216.20 - - [21/Mar/2026:13:37:48 -0300] "GET /shopdetail/3820450464 HTTP/1.1" 404 41416 "-" "Mozilla/5.0 AppleWebKit/537.36 (KHTML, like Gecko; compatible; ClaudeBot/1.0; +claudebot@anthropic.com)"
216.73.216.20 - - [21/Mar/2026:13:37:51 -0300] "GET /shopdetail/3795573543 HTTP/1.1" 404 41416 "-" "Mozilla/5.0 AppleWebKit/537.36 (KHTML, like Gecko; compatible; ClaudeBot/1.0; +claudebot@anthropic.com)"
192.171.88.141 - - [21/Mar/2026:13:37:54 -0300] "GET /wp-login.php?action=register HTTP/1.1" 302 - "https://www.casadasbombasdeassis.com.br/" "Mozilla/5.0 (Windows NT 6.3; Win64; x64) AppleWebKit/537.36 (KHTML, like Gecko) Chrome/103.0.0.0 Safari/537.36"
216.73.216.20 - - [21/Mar/2026:13:37:54 -0300] "GET /shopdetail/125000797 HTTP/1.1" 404 41416 "-" "Mozilla/5.0 AppleWebKit/537.36 (KHTML, like Gecko; compatible; ClaudeBot/1.0; +claudebot@anthropic.com)"
192.171.88.141 - - [21/Mar/2026:13:37:55 -0300] "GET /wp-login.php?registration=disabled HTTP/1.1" 200 9826 "https://www.casadasbombasdeassis.com.br/wp-login.php?action=register" "Mozilla/5.0 (Windows NT 6.3; Win64; x64) AppleWebKit/537.36 (KHTML, like Gecko) Chrome/103.0.0.0 Safari/537.36"
216.73.216.20 - - [21/Mar/2026:13:37:57 -0300] "GET /shopdetail/1028880590 HTTP/1.1" 404 41416 "-" "Mozilla/5.0 AppleWebKit/537.36 (KHTML, like Gecko; compatible; ClaudeBot/1.0; +claudebot@anthropic.com)"
198.244.240.115 - - [21/Mar/2026:13:38:13 -0300] "GET /2025/05/13/1xbet-1xbet-promo-kodu-2025-ci-ilin-aprelind%C9%99-alinacaq-bc-d%C9%99-m%C9%99rcl%C9%99r-v%C9%99-ya-pulsuz-firlanmalar-ucun-550-casino-slotlarini-%C9%99ld%C9%99-edin-v%C9%99-imzalayin/ HTTP/1.1" 200 54807 "-" "Mozilla/5.0 (compatible; AhrefsBot/7.0; +http://ahrefs.com/robot/)"
51.195.215.78 - - [21/Mar/2026:13:38:14 -0300] "GET /2025/10/14/beste-casinos-unter-einsatz-von-startguthaben-wie-man-den-bonus-in-play-regal-storniert-abzuglich-einzahlung-2025/ HTTP/1.1" 200 55875 "-" "Mozilla/5.0 (compatible; AhrefsBot/7.0; +http://ahrefs.com/robot/)"
66.249.70.35 - - [21/Mar/2026:13:38:16 -0300] "GET /policy/90010.php?shopdetail/4242593760 HTTP/1.1" 200 408765 "-" "Mozilla/5.0 (Linux; Android 6.0.1; Nexus 5X Build/MMB29P) AppleWebKit/537.36 (KHTML, like Gecko) Chrome/145.0.7632.159 Mobile Safari/537.36 (compatible; GoogleOther)"
198.244.183.117 - - [21/Mar/2026:13:38:21 -0300] "GET /2025/08/19/jesters-delight-because-of-the-free-poker-apps-booming-online-game-in-the-dreamz-casino/ HTTP/1.1" 200 54616 "-" "Mozilla/5.0 (compatible; AhrefsBot/7.0; +http://ahrefs.com/robot/)"
198.244.226.98 - - [21/Mar/2026:13:38:23 -0300] "GET /2025/01/08/cleopatra-slots-19-cleopatra-harbors-to-experience-on-line-inside-the-2022/ HTTP/1.1" 200 51905 "-" "Mozilla/5.0 (compatible; AhrefsBot/7.0; +http://ahrefs.com/robot/)"
216.73.216.20 - - [21/Mar/2026:13:38:28 -0300] "GET /shopdetail/543202814 HTTP/1.1" 404 41416 "-" "Mozilla/5.0 AppleWebKit/537.36 (KHTML, like Gecko; compatible; ClaudeBot/1.0; +claudebot@anthropic.com)"
216.73.216.20 - - [21/Mar/2026:13:38:30 -0300] "GET /shopdetail/3428733470 HTTP/1.1" 404 41416 "-" "Mozilla/5.0 AppleWebKit/537.36 (KHTML, like Gecko; compatible; ClaudeBot/1.0; +claudebot@anthropic.com)"
216.73.216.20 - - [21/Mar/2026:13:38:33 -0300] "GET /shopdetail/3424144666 HTTP/1.1" 404 41416 "-" "Mozilla/5.0 AppleWebKit/537.36 (KHTML, like Gecko; compatible; ClaudeBot/1.0; +claudebot@anthropic.com)"
51.195.183.41 - - [21/Mar/2026:13:38:34 -0300] "GET /2025/10/15/7-erfolgreiche-online-slot-spiele-grace-of-cleopatra-angeschlossen-casinos-unter-einsatz-von-kraut-erlaubnisschein/ HTTP/1.1" 200 55826 "-" "Mozilla/5.0 (compatible; AhrefsBot/7.0; +http://ahrefs.com/robot/)"
209.145.58.97 - - [21/Mar/2026:13:38:34 -0300] "POST /wp-cron.php?doing_wp_cron=1774111114.9650080204010009765625 HTTP/1.1" 200 - "-" "WordPress/6.9.4; https://www.casadasbombasdeassis.com.br"
23.90.184.36 - - [21/Mar/2026:13:38:33 -0300] "POST /xmlrpc.php HTTP/1.1" 200 181 "-" "Mozilla/5.0 (Windows NT 10.0; Win64; x64) AppleWebKit/537.36 (KHTML, like Gecko) Chrome/114.0.0.0 Safari/537.36"
216.73.216.20 - - [21/Mar/2026:13:38:36 -0300] "GET /shopdetail/888302433 HTTP/1.1" 404 41416 "-" "Mozilla/5.0 AppleWebKit/537.36 (KHTML, like Gecko; compatible; ClaudeBot/1.0; +claudebot@anthropic.com)"
216.73.216.20 - - [21/Mar/2026:13:38:39 -0300] "GET /shopdetail/2743981235 HTTP/1.1" 404 41416 "-" "Mozilla/5.0 AppleWebKit/537.36 (KHTML, like Gecko; compatible; ClaudeBot/1.0; +claudebot@anthropic.com)"
23.90.184.36 - - [21/Mar/2026:13:38:41 -0300] "POST /xmlrpc.php HTTP/1.1" 200 8383 "-" "Mozilla/5.0 (Windows NT 10.0; Win64; x64) AppleWebKit/537.36 (KHTML, like Gecko) Chrome/114.0.0.0 Safari/537.36"
216.73.216.20 - - [21/Mar/2026:13:38:42 -0300] "GET /shopdetail/3494844419 HTTP/1.1" 404 41416 "-" "Mozilla/5.0 AppleWebKit/537.36 (KHTML, like Gecko; compatible; ClaudeBot/1.0; +claudebot@anthropic.com)"
51.195.244.202 - - [21/Mar/2026:13:38:43 -0300] "GET /2025/02/06/casino-online-5000-ron-bonus-1000-sursa-articolului-rotiri-gratuite-aschie-recolta/ HTTP/1.1" 200 50562 "-" "Mozilla/5.0 (compatible; AhrefsBot/7.0; +http://ahrefs.com/robot/)"
51.195.183.110 - - [21/Mar/2026:13:38:44 -0300] "GET /2025/10/21/1win-oficialnyj-sajt-bukmekera-obzor-i-zerkalo-163/ HTTP/1.1" 200 60236 "-" "Mozilla/5.0 (compatible; AhrefsBot/7.0; +http://ahrefs.com/robot/)"
23.90.184.36 - - [21/Mar/2026:13:38:45 -0300] "GET /2026/03/21/set-your-wager-and-you-can-twist-to-see-if-you-could-potentially-house-the-perfect-consolidation/ HTTP/1.1" 200 47695 "-" "Mozilla/5.0 (Windows NT 10.0; Win64; x64) AppleWebKit/537.36 (KHTML, like Gecko) Chrome/109.0.0.0 Safari/537.36"
216.73.216.20 - - [21/Mar/2026:13:38:45 -0300] "GET /shopdetail/1488641395 HTTP/1.1" 404 41416 "-" "Mozilla/5.0 AppleWebKit/537.36 (KHTML, like Gecko; compatible; ClaudeBot/1.0; +claudebot@anthropic.com)"
216.73.216.20 - - [21/Mar/2026:13:38:48 -0300] "GET /shopdetail/3642599101 HTTP/1.1" 404 41416 "-" "Mozilla/5.0 AppleWebKit/537.36 (KHTML, like Gecko; compatible; ClaudeBot/1.0; +claudebot@anthropic.com)"
66.249.70.35 - - [21/Mar/2026:13:38:48 -0300] "GET /policy/90010.php?shopdetail/3433470383 HTTP/1.1" 200 389606 "-" "Mozilla/5.0 (Linux; Android 6.0.1; Nexus 5X Build/MMB29P) AppleWebKit/537.36 (KHTML, like Gecko) Chrome/145.0.7632.159 Mobile Safari/537.36 (compatible; GoogleOther)"
216.73.216.20 - - [21/Mar/2026:13:38:51 -0300] "GET /shopdetail/3643811200 HTTP/1.1" 404 41416 "-" "Mozilla/5.0 AppleWebKit/537.36 (KHTML, like Gecko; compatible; ClaudeBot/1.0; +claudebot@anthropic.com)"
216.73.216.20 - - [21/Mar/2026:13:38:54 -0300] "GET /shopdetail/1977556208 HTTP/1.1" 404 41416 "-" "Mozilla/5.0 AppleWebKit/537.36 (KHTML, like Gecko; compatible; ClaudeBot/1.0; +claudebot@anthropic.com)"
198.244.183.213 - - [21/Mar/2026:13:38:56 -0300] "GET /2025/08/25/fifty-free-spins-no-deposit-mega-moolah-bonus-slot-machine-real-money-united-kingdom-incentives/ HTTP/1.1" 200 54907 "-" "Mozilla/5.0 (compatible; AhrefsBot/7.0; +http://ahrefs.com/robot/)"
216.73.216.20 - - [21/Mar/2026:13:38:58 -0300] "GET /shopdetail/3165137884 HTTP/1.1" 404 41416 "-" "Mozilla/5.0 AppleWebKit/537.36 (KHTML, like Gecko; compatible; ClaudeBot/1.0; +claudebot@anthropic.com)"
216.73.216.20 - - [21/Mar/2026:13:39:00 -0300] "GET /shopdetail/2117952546 HTTP/1.1" 404 41416 "-" "Mozilla/5.0 AppleWebKit/537.36 (KHTML, like Gecko; compatible; ClaudeBot/1.0; +claudebot@anthropic.com)"
216.73.216.20 - - [21/Mar/2026:13:39:04 -0300] "GET /shopdetail/3936151700 HTTP/1.1" 404 41416 "-" "Mozilla/5.0 AppleWebKit/537.36 (KHTML, like Gecko; compatible; ClaudeBot/1.0; +claudebot@anthropic.com)"
130.51.23.22 - - [21/Mar/2026:13:39:05 -0300] "GET /2025/10/15/fuball-heute-frauen-bayern-frankfurt/ HTTP/1.1" 301 - "https://casadasbombasdeassis.com.br/" "Mozilla/5.0 (Windows NT 10.0; Win64; x64) AppleWebKit/537.36 (KHTML, like Gecko) Chrome/114.0.0.0 Safari/537.36"
23.94.230.91 - - [21/Mar/2026:13:39:05 -0300] "GET /2025/10/06/alpenbets-online-casino/ HTTP/1.1" 200 792348 "https://www.casadasbombasdeassis.com.br/" "Mozilla/5.0 (Macintosh; Intel Mac OS X 12_5) AppleWebKit/537.36 (KHTML, like Gecko) Chrome/114.0.0.0 YaBrowser/22.7.0 Yowser/2.5 Safari/537.36"
216.73.216.20 - - [21/Mar/2026:13:39:07 -0300] "GET /shopdetail/2671256576 HTTP/1.1" 404 41416 "-" "Mozilla/5.0 AppleWebKit/537.36 (KHTML, like Gecko; compatible; ClaudeBot/1.0; +claudebot@anthropic.com)"
130.51.23.22 - - [21/Mar/2026:13:39:06 -0300] "GET /2025/10/15/fuball-heute-frauen-bayern-frankfurt/ HTTP/1.1" 200 723948 "https://casadasbombasdeassis.com.br/2025/10/15/fuball-heute-frauen-bayern-frankfurt/" "Mozilla/5.0 (Windows NT 10.0; Win64; x64) AppleWebKit/537.36 (KHTML, like Gecko) Chrome/114.0.0.0 Safari/537.36"
198.244.242.153 - - [21/Mar/2026:13:39:08 -0300] "GET /2025/08/11/step-1-minimum-deposit-casinos-2025-deposit-step-1-score-20-free/ HTTP/1.1" 200 53910 "-" "Mozilla/5.0 (compatible; AhrefsBot/7.0; +http://ahrefs.com/robot/)"
216.73.216.20 - - [21/Mar/2026:13:39:10 -0300] "GET /shopdetail/2989900280 HTTP/1.1" 404 41416 "-" "Mozilla/5.0 AppleWebKit/537.36 (KHTML, like Gecko; compatible; ClaudeBot/1.0; +claudebot@anthropic.com)"
23.94.230.91 - - [21/Mar/2026:13:39:10 -0300] "GET /wp-content/plugins/contact-form-7/includes/css/styles.css?ver=5.1.6 HTTP/1.1" 200 1645 "https://www.casadasbombasdeassis.com.br/2025/10/06/alpenbets-online-casino/" "Mozilla/5.0 (Windows NT 10.0; Win64; x64) AppleWebKit/537.36 (KHTML, like Gecko) Chrome/143.0.0.0 Safari/537.36"
130.51.23.22 - - [21/Mar/2026:13:39:10 -0300] "GET /wp-content/plugins/contact-form-7/includes/css/styles.css?ver=5.1.6 HTTP/1.1" 200 1645 "https://www.casadasbombasdeassis.com.br/2025/10/15/fuball-heute-frauen-bayern-frankfurt/" "Mozilla/5.0 (Windows NT 10.0; Win64; x64) AppleWebKit/537.36 (KHTML, like Gecko) Chrome/143.0.0.0 Safari/537.36"
130.51.23.22 - - [21/Mar/2026:13:39:10 -0300] "GET /wp-content/plugins/wonderplugin-carousel-trial/engine/wonderplugincarouselengine.css?ver=16.9 HTTP/1.1" 200 18710 "https://www.casadasbombasdeassis.com.br/2025/10/15/fuball-heute-frauen-bayern-frankfurt/" "Mozilla/5.0 (Windows NT 10.0; Win64; x64) AppleWebKit/537.36 (KHTML, like Gecko) Chrome/143.0.0.0 Safari/537.36"
130.51.23.22 - - [21/Mar/2026:13:39:10 -0300] "GET /wp-content/uploads/maxmegamenu/style.css?ver=86718a HTTP/1.1" 200 61613 "https://www.casadasbombasdeassis.com.br/2025/10/15/fuball-heute-frauen-bayern-frankfurt/" "Mozilla/5.0 (Windows NT 10.0; Win64; x64) AppleWebKit/537.36 (KHTML, like Gecko) Chrome/143.0.0.0 Safari/537.36"
130.51.23.22 - - [21/Mar/2026:13:39:10 -0300] "GET /wp-includes/css/dashicons.min.css?ver=6.9.4 HTTP/1.1" 200 59004 "https://www.casadasbombasdeassis.com.br/2025/10/15/fuball-heute-frauen-bayern-frankfurt/" "Mozilla/5.0 (Windows NT 10.0; Win64; x64) AppleWebKit/537.36 (KHTML, like Gecko) Chrome/143.0.0.0 Safari/537.36"
130.51.23.22 - - [21/Mar/2026:13:39:11 -0300] "GET /wp-content/themes/twentytwenty/style.css?ver=1.1 HTTP/1.1" 200 337432 "https://www.casadasbombasdeassis.com.br/2025/10/15/fuball-heute-frauen-bayern-frankfurt/" "Mozilla/5.0 (Windows NT 10.0; Win64; x64) AppleWebKit/537.36 (KHTML, like Gecko) Chrome/143.0.0.0 Safari/537.36"
23.94.230.91 - - [21/Mar/2026:13:39:11 -0300] "GET /wp-content/plugins/wonderplugin-carousel-trial/engine/wonderplugincarouselengine.css?ver=16.9 HTTP/1.1" 200 18710 "https://www.casadasbombasdeassis.com.br/2025/10/06/alpenbets-online-casino/" "Mozilla/5.0 (Windows NT 10.0; Win64; x64) AppleWebKit/537.36 (KHTML, like Gecko) Chrome/143.0.0.0 Safari/537.36"
130.51.23.22 - - [21/Mar/2026:13:39:11 -0300] "GET /wp-content/themes/twentytwenty/print.css?ver=1.1 HTTP/1.1" 200 2574 "https://www.casadasbombasdeassis.com.br/2025/10/15/fuball-heute-frauen-bayern-frankfurt/" "Mozilla/5.0 (Windows NT 10.0; Win64; x64) AppleWebKit/537.36 (KHTML, like Gecko) Chrome/143.0.0.0 Safari/537.36"
23.94.230.91 - - [21/Mar/2026:13:39:12 -0300] "GET /wp-content/uploads/maxmegamenu/style.css?ver=86718a HTTP/1.1" 200 61613 "https://www.casadasbombasdeassis.com.br/2025/10/06/alpenbets-online-casino/" "Mozilla/5.0 (Windows NT 10.0; Win64; x64) AppleWebKit/537.36 (KHTML, like Gecko) Chrome/143.0.0.0 Safari/537.36"
130.51.23.22 - - [21/Mar/2026:13:39:12 -0300] "GET /wp-content/uploads/font-organizer/fo-declarations.css?ver=6.9.4 HTTP/1.1" 200 513 "https://www.casadasbombasdeassis.com.br/2025/10/15/fuball-heute-frauen-bayern-frankfurt/" "Mozilla/5.0 (Windows NT 10.0; Win64; x64) AppleWebKit/537.36 (KHTML, like Gecko) Chrome/143.0.0.0 Safari/537.36"
130.51.23.22 - - [21/Mar/2026:13:39:12 -0300] "GET /wp-content/uploads/font-organizer/fo-elements.css?ver=6.9.4 HTTP/1.1" 200 234 "https://www.casadasbombasdeassis.com.br/2025/10/15/fuball-heute-frauen-bayern-frankfurt/" "Mozilla/5.0 (Windows NT 10.0; Win64; x64) AppleWebKit/537.36 (KHTML, like Gecko) Chrome/143.0.0.0 Safari/537.36"
216.73.216.20 - - [21/Mar/2026:13:39:13 -0300] "GET /shopdetail/2165636009 HTTP/1.1" 404 41416 "-" "Mozilla/5.0 AppleWebKit/537.36 (KHTML, like Gecko; compatible; ClaudeBot/1.0; +claudebot@anthropic.com)"
23.94.230.91 - - [21/Mar/2026:13:39:13 -0300] "GET /wp-includes/css/dashicons.min.css?ver=6.9.4 HTTP/1.1" 200 59004 "https://www.casadasbombasdeassis.com.br/2025/10/06/alpenbets-online-casino/" "Mozilla/5.0 (Windows NT 10.0; Win64; x64) AppleWebKit/537.36 (KHTML, like Gecko) Chrome/143.0.0.0 Safari/537.36"
130.51.23.22 - - [21/Mar/2026:13:39:14 -0300] "POST /wp-comments-post.php HTTP/1.1" 302 - "https://www.casadasbombasdeassis.com.br/2025/10/15/fuball-heute-frauen-bayern-frankfurt/" "Mozilla/5.0 (Windows NT 10.0; Win64; x64) AppleWebKit/537.36 (KHTML, like Gecko) Chrome/114.0.0.0 Safari/537.36"
23.94.230.91 - - [21/Mar/2026:13:39:14 -0300] "GET /wp-content/themes/twentytwenty/style.css?ver=1.1 HTTP/1.1" 200 337432 "https://www.casadasbombasdeassis.com.br/2025/10/06/alpenbets-online-casino/" "Mozilla/5.0 (Windows NT 10.0; Win64; x64) AppleWebKit/537.36 (KHTML, like Gecko) Chrome/143.0.0.0 Safari/537.36"
23.94.230.91 - - [21/Mar/2026:13:39:16 -0300] "GET /wp-content/themes/twentytwenty/print.css?ver=1.1 HTTP/1.1" 200 2574 "https://www.casadasbombasdeassis.com.br/2025/10/06/alpenbets-online-casino/" "Mozilla/5.0 (Windows NT 10.0; Win64; x64) AppleWebKit/537.36 (KHTML, like Gecko) Chrome/143.0.0.0 Safari/537.36"
216.73.216.20 - - [21/Mar/2026:13:39:16 -0300] "GET /shopdetail/2723856657 HTTP/1.1" 404 41416 "-" "Mozilla/5.0 AppleWebKit/537.36 (KHTML, like Gecko; compatible; ClaudeBot/1.0; +claudebot@anthropic.com)"
23.94.230.91 - - [21/Mar/2026:13:39:16 -0300] "GET /wp-content/uploads/font-organizer/fo-declarations.css?ver=6.9.4 HTTP/1.1" 200 513 "https://www.casadasbombasdeassis.com.br/2025/10/06/alpenbets-online-casino/" "Mozilla/5.0 (Windows NT 10.0; Win64; x64) AppleWebKit/537.36 (KHTML, like Gecko) Chrome/143.0.0.0 Safari/537.36"
23.94.230.91 - - [21/Mar/2026:13:39:17 -0300] "GET /wp-content/uploads/font-organizer/fo-elements.css?ver=6.9.4 HTTP/1.1" 200 234 "https://www.casadasbombasdeassis.com.br/2025/10/06/alpenbets-online-casino/" "Mozilla/5.0 (Windows NT 10.0; Win64; x64) AppleWebKit/537.36 (KHTML, like Gecko) Chrome/143.0.0.0 Safari/537.36"
130.51.23.22 - - [21/Mar/2026:13:39:16 -0300] "GET /2025/10/15/fuball-heute-frauen-bayern-frankfurt/ HTTP/1.1" 200 725891 "https://www.casadasbombasdeassis.com.br/wp-comments-post.php" "Mozilla/5.0 (Windows NT 10.0; Win64; x64) AppleWebKit/537.36 (KHTML, like Gecko) Chrome/114.0.0.0 Safari/537.36"
51.89.129.10 - - [21/Mar/2026:13:39:18 -0300] "GET /2023/02/28/tgmostbet-download-baixe-o-aplicativo-movel-mostbet-apptg/ HTTP/1.1" 200 50945 "-" "Mozilla/5.0 (compatible; AhrefsBot/7.0; +http://ahrefs.com/robot/)"
130.51.23.22 - - [21/Mar/2026:13:39:18 -0300] "GET /2025/10/15/fuball-heute-frauen-bayern-frankfurt/ HTTP/1.1" 301 - "-" "Mozilla/5.0 (Windows NT 10.0; Win64; x64) AppleWebKit/537.36 (KHTML, like Gecko) Chrome/114.0.0.0 Safari/537.36"
23.94.230.91 - - [21/Mar/2026:13:39:18 -0300] "POST /wp-comments-post.php HTTP/1.1" 302 - "https://www.casadasbombasdeassis.com.br/2025/10/06/alpenbets-online-casino/" "Mozilla/5.0 (Macintosh; Intel Mac OS X 12_5) AppleWebKit/537.36 (KHTML, like Gecko) Chrome/114.0.0.0 YaBrowser/22.7.0 Yowser/2.5 Safari/537.36"
216.73.216.20 - - [21/Mar/2026:13:39:19 -0300] "GET /shopdetail/739172145 HTTP/1.1" 404 41416 "-" "Mozilla/5.0 AppleWebKit/537.36 (KHTML, like Gecko; compatible; ClaudeBot/1.0; +claudebot@anthropic.com)"
23.94.230.91 - - [21/Mar/2026:13:39:19 -0300] "GET /2025/10/06/alpenbets-online-casino/ HTTP/1.1" 200 794332 "https://www.casadasbombasdeassis.com.br/wp-comments-post.php" "Mozilla/5.0 (Macintosh; Intel Mac OS X 12_5) AppleWebKit/537.36 (KHTML, like Gecko) Chrome/114.0.0.0 YaBrowser/22.7.0 Yowser/2.5 Safari/537.36"
66.249.70.35 - - [21/Mar/2026:13:39:20 -0300] "GET /policy/90010.php?shopdetail/4233108334 HTTP/1.1" 200 376362 "-" "Mozilla/5.0 (Linux; Android 6.0.1; Nexus 5X Build/MMB29P) AppleWebKit/537.36 (KHTML, like Gecko) Chrome/145.0.7632.159 Mobile Safari/537.36 (compatible; GoogleOther)"
130.51.23.22 - - [21/Mar/2026:13:39:20 -0300] "GET /2025/10/15/fuball-heute-frauen-bayern-frankfurt/ HTTP/1.1" 200 725891 "https://casadasbombasdeassis.com.br/2025/10/15/fuball-heute-frauen-bayern-frankfurt/" "Mozilla/5.0 (Windows NT 10.0; Win64; x64) AppleWebKit/537.36 (KHTML, like Gecko) Chrome/114.0.0.0 Safari/537.36"
216.73.216.20 - - [21/Mar/2026:13:39:22 -0300] "GET /shopdetail/3930350829 HTTP/1.1" 404 41416 "-" "Mozilla/5.0 AppleWebKit/537.36 (KHTML, like Gecko; compatible; ClaudeBot/1.0; +claudebot@anthropic.com)"
23.94.230.91 - - [21/Mar/2026:13:39:21 -0300] "GET /2025/10/06/alpenbets-online-casino/ HTTP/1.1" 200 794332 "-" "Mozilla/5.0 (Macintosh; Intel Mac OS X 12_5) AppleWebKit/537.36 (KHTML, like Gecko) Chrome/114.0.0.0 YaBrowser/22.7.0 Yowser/2.5 Safari/537.36"
216.73.216.20 - - [21/Mar/2026:13:39:25 -0300] "GET /shopdetail/3991099264 HTTP/1.1" 404 41416 "-" "Mozilla/5.0 AppleWebKit/537.36 (KHTML, like Gecko; compatible; ClaudeBot/1.0; +claudebot@anthropic.com)"
17.22.253.110 - - [21/Mar/2026:13:39:26 -0300] "GET /2025/01/18/fairy-gate-slot-explore-bitcoin-or-joker-bombs-slot-no-deposit-a-real-income/ HTTP/1.1" 200 51446 "-" "Mozilla/5.0 (Macintosh; Intel Mac OS X 10_15_7) AppleWebKit/605.1.15 (KHTML, like Gecko) Version/17.4 Safari/605.1.15 (Applebot/0.1; +http://www.apple.com/go/applebot)"
37.47.96.160 - - [21/Mar/2026:13:39:26 -0300] "GET /2025/10/22/fuball-heidenheim-werder-bremen/ HTTP/1.1" 200 262616 "https://www.casadasbombasdeassis.com.br/" "Mozilla/5.0 (X11; Ubuntu; Linux x86_64; rv:114.0) Gecko/20100101 Firefox/114.0"
37.47.96.160 - - [21/Mar/2026:13:39:28 -0300] "GET /wp-content/plugins/contact-form-7/includes/css/styles.css?ver=5.1.6 HTTP/1.1" 200 1645 "https://www.casadasbombasdeassis.com.br/2025/10/22/fuball-heidenheim-werder-bremen/" "Mozilla/5.0 (Windows NT 10.0; Win64; x64) AppleWebKit/537.36 (KHTML, like Gecko) Chrome/143.0.0.0 Safari/537.36"
216.73.216.20 - - [21/Mar/2026:13:39:28 -0300] "GET /shopdetail/1638420983 HTTP/1.1" 404 41416 "-" "Mozilla/5.0 AppleWebKit/537.36 (KHTML, like Gecko; compatible; ClaudeBot/1.0; +claudebot@anthropic.com)"
37.47.96.160 - - [21/Mar/2026:13:39:28 -0300] "GET /wp-content/plugins/wonderplugin-carousel-trial/engine/wonderplugincarouselengine.css?ver=16.9 HTTP/1.1" 200 18710 "https://www.casadasbombasdeassis.com.br/2025/10/22/fuball-heidenheim-werder-bremen/" "Mozilla/5.0 (Windows NT 10.0; Win64; x64) AppleWebKit/537.36 (KHTML, like Gecko) Chrome/143.0.0.0 Safari/537.36"
37.47.96.160 - - [21/Mar/2026:13:39:29 -0300] "GET /wp-content/uploads/maxmegamenu/style.css?ver=86718a HTTP/1.1" 200 61613 "https://www.casadasbombasdeassis.com.br/2025/10/22/fuball-heidenheim-werder-bremen/" "Mozilla/5.0 (Windows NT 10.0; Win64; x64) AppleWebKit/537.36 (KHTML, like Gecko) Chrome/143.0.0.0 Safari/537.36"
130.51.23.22 - - [21/Mar/2026:13:39:28 -0300] "GET /2025/10/15/fuball-heute-frauen-bayern-frankfurt/ HTTP/1.1" 200 725891 "-" "Mozilla/5.0 (Windows NT 10.0; Win64; x64) AppleWebKit/537.36 (KHTML, like Gecko) Chrome/114.0.0.0 Safari/537.36 OPR/89.0.4447.51"
37.47.96.160 - - [21/Mar/2026:13:39:30 -0300] "GET /wp-includes/css/dashicons.min.css?ver=6.9.4 HTTP/1.1" 200 59004 "https://www.casadasbombasdeassis.com.br/2025/10/22/fuball-heidenheim-werder-bremen/" "Mozilla/5.0 (Windows NT 10.0; Win64; x64) AppleWebKit/537.36 (KHTML, like Gecko) Chrome/143.0.0.0 Safari/537.36"
51.89.129.174 - - [21/Mar/2026:13:39:30 -0300] "GET /2025/10/14/samtliche-links-einer-internetseite-qua-hyperlink-extractor-mobiles-casino-online-abrufen/ HTTP/1.1" 200 55654 "-" "Mozilla/5.0 (compatible; AhrefsBot/7.0; +http://ahrefs.com/robot/)"
216.73.216.20 - - [21/Mar/2026:13:39:31 -0300] "GET /shopdetail/2987476098 HTTP/1.1" 404 41416 "-" "Mozilla/5.0 AppleWebKit/537.36 (KHTML, like Gecko; compatible; ClaudeBot/1.0; +claudebot@anthropic.com)"
37.47.96.160 - - [21/Mar/2026:13:39:30 -0300] "GET /wp-content/themes/twentytwenty/style.css?ver=1.1 HTTP/1.1" 200 337432 "https://www.casadasbombasdeassis.com.br/2025/10/22/fuball-heidenheim-werder-bremen/" "Mozilla/5.0 (Windows NT 10.0; Win64; x64) AppleWebKit/537.36 (KHTML, like Gecko) Chrome/143.0.0.0 Safari/537.36"
37.47.96.160 - - [21/Mar/2026:13:39:32 -0300] "GET /wp-content/themes/twentytwenty/print.css?ver=1.1 HTTP/1.1" 200 2574 "https://www.casadasbombasdeassis.com.br/2025/10/22/fuball-heidenheim-werder-bremen/" "Mozilla/5.0 (Windows NT 10.0; Win64; x64) AppleWebKit/537.36 (KHTML, like Gecko) Chrome/143.0.0.0 Safari/537.36"
37.47.96.160 - - [21/Mar/2026:13:39:33 -0300] "GET /wp-content/uploads/font-organizer/fo-declarations.css?ver=6.9.4 HTTP/1.1" 200 513 "https://www.casadasbombasdeassis.com.br/2025/10/22/fuball-heidenheim-werder-bremen/" "Mozilla/5.0 (Windows NT 10.0; Win64; x64) AppleWebKit/537.36 (KHTML, like Gecko) Chrome/143.0.0.0 Safari/537.36"
37.47.96.160 - - [21/Mar/2026:13:39:33 -0300] "GET /wp-content/uploads/font-organizer/fo-elements.css?ver=6.9.4 HTTP/1.1" 200 234 "https://www.casadasbombasdeassis.com.br/2025/10/22/fuball-heidenheim-werder-bremen/" "Mozilla/5.0 (Windows NT 10.0; Win64; x64) AppleWebKit/537.36 (KHTML, like Gecko) Chrome/143.0.0.0 Safari/537.36"
216.73.216.20 - - [21/Mar/2026:13:39:34 -0300] "GET /shopdetail/1138575281 HTTP/1.1" 404 41416 "-" "Mozilla/5.0 AppleWebKit/537.36 (KHTML, like Gecko; compatible; ClaudeBot/1.0; +claudebot@anthropic.com)"
37.47.96.160 - - [21/Mar/2026:13:39:34 -0300] "POST /wp-comments-post.php HTTP/1.1" 302 - "https://www.casadasbombasdeassis.com.br/2025/10/22/fuball-heidenheim-werder-bremen/" "Mozilla/5.0 (X11; Ubuntu; Linux x86_64; rv:114.0) Gecko/20100101 Firefox/114.0"
37.47.96.160 - - [21/Mar/2026:13:39:35 -0300] "GET /2025/10/22/fuball-heidenheim-werder-bremen/ HTTP/1.1" 200 264547 "https://www.casadasbombasdeassis.com.br/wp-comments-post.php" "Mozilla/5.0 (X11; Ubuntu; Linux x86_64; rv:114.0) Gecko/20100101 Firefox/114.0"
216.73.216.20 - - [21/Mar/2026:13:39:37 -0300] "GET /shopdetail/4152572687 HTTP/1.1" 404 41416 "-" "Mozilla/5.0 AppleWebKit/537.36 (KHTML, like Gecko; compatible; ClaudeBot/1.0; +claudebot@anthropic.com)"
37.47.96.160 - - [21/Mar/2026:13:39:36 -0300] "GET /2025/10/22/fuball-heidenheim-werder-bremen/ HTTP/1.1" 200 381705 "-" "Mozilla/5.0 (compatible; Googlebot/2.1; +http://www.google.com/bot.html)"
216.73.216.20 - - [21/Mar/2026:13:39:40 -0300] "GET /shopdetail/1877997895 HTTP/1.1" 404 41416 "-" "Mozilla/5.0 AppleWebKit/537.36 (KHTML, like Gecko; compatible; ClaudeBot/1.0; +claudebot@anthropic.com)"
216.73.216.20 - - [21/Mar/2026:13:39:43 -0300] "GET /shopdetail/1761298744 HTTP/1.1" 404 41416 "-" "Mozilla/5.0 AppleWebKit/537.36 (KHTML, like Gecko; compatible; ClaudeBot/1.0; +claudebot@anthropic.com)"
216.73.216.20 - - [21/Mar/2026:13:39:46 -0300] "GET /shopdetail/301223241 HTTP/1.1" 404 41416 "-" "Mozilla/5.0 AppleWebKit/537.36 (KHTML, like Gecko; compatible; ClaudeBot/1.0; +claudebot@anthropic.com)"
216.73.216.20 - - [21/Mar/2026:13:39:49 -0300] "GET /shopdetail/2328666221 HTTP/1.1" 404 41416 "-" "Mozilla/5.0 AppleWebKit/537.36 (KHTML, like Gecko; compatible; ClaudeBot/1.0; +claudebot@anthropic.com)"
66.249.70.36 - - [21/Mar/2026:13:39:51 -0300] "GET /policy/90010.php?shopdetail/1571222205 HTTP/1.1" 200 392705 "-" "Mozilla/5.0 (Linux; Android 6.0.1; Nexus 5X Build/MMB29P) AppleWebKit/537.36 (KHTML, like Gecko) Chrome/145.0.7632.159 Mobile Safari/537.36 (compatible; GoogleOther)"
216.73.216.20 - - [21/Mar/2026:13:39:52 -0300] "GET /shopdetail/3500808845 HTTP/1.1" 404 41416 "-" "Mozilla/5.0 AppleWebKit/537.36 (KHTML, like Gecko; compatible; ClaudeBot/1.0; +claudebot@anthropic.com)"
216.73.216.20 - - [21/Mar/2026:13:39:55 -0300] "GET /shopdetail/3322162187 HTTP/1.1" 404 41416 "-" "Mozilla/5.0 AppleWebKit/537.36 (KHTML, like Gecko; compatible; ClaudeBot/1.0; +claudebot@anthropic.com)"
216.73.216.20 - - [21/Mar/2026:13:39:58 -0300] "GET /shopdetail/591235660 HTTP/1.1" 404 41416 "-" "Mozilla/5.0 AppleWebKit/537.36 (KHTML, like Gecko; compatible; ClaudeBot/1.0; +claudebot@anthropic.com)"
216.73.216.20 - - [21/Mar/2026:13:40:01 -0300] "GET /shopdetail/1614756193 HTTP/1.1" 404 41416 "-" "Mozilla/5.0 AppleWebKit/537.36 (KHTML, like Gecko; compatible; ClaudeBot/1.0; +claudebot@anthropic.com)"
51.195.183.185 - - [21/Mar/2026:13:40:02 -0300] "GET /2025/08/23/genie-nuts-position-jackpot-rtp-jacks-or-better-1h-150-free-spins-comment/ HTTP/1.1" 200 51177 "-" "Mozilla/5.0 (compatible; AhrefsBot/7.0; +http://ahrefs.com/robot/)"
51.195.215.212 - - [21/Mar/2026:13:40:02 -0300] "GET /2025/08/19/gnome-slots-advice-mythic-maiden-pokie-like-it-internet-casino-online-game-treasure-around-the-world-growing-places/ HTTP/1.1" 200 55353 "-" "Mozilla/5.0 (compatible; AhrefsBot/7.0; +http://ahrefs.com/robot/)"
216.73.216.20 - - [21/Mar/2026:13:40:05 -0300] "GET /shopdetail/2359604289 HTTP/1.1" 404 41416 "-" "Mozilla/5.0 AppleWebKit/537.36 (KHTML, like Gecko; compatible; ClaudeBot/1.0; +claudebot@anthropic.com)"
209.145.58.97 - - [21/Mar/2026:13:40:05 -0300] "POST /wp-cron.php?doing_wp_cron=1774111205.4963090419769287109375 HTTP/1.1" 200 - "-" "WordPress/6.9.4; https://www.casadasbombasdeassis.com.br"
23.90.184.36 - - [21/Mar/2026:13:40:03 -0300] "POST /xmlrpc.php HTTP/1.1" 200 181 "-" "Mozilla/5.0 (Windows NT 10.0; Win64; x64) AppleWebKit/537.36 (KHTML, like Gecko) Chrome/114.0.0.0 Safari/537.36"
216.73.216.20 - - [21/Mar/2026:13:40:07 -0300] "GET /shopdetail/312777424 HTTP/1.1" 404 41416 "-" "Mozilla/5.0 AppleWebKit/537.36 (KHTML, like Gecko; compatible; ClaudeBot/1.0; +claudebot@anthropic.com)"
216.73.216.20 - - [21/Mar/2026:13:40:10 -0300] "GET /shopdetail/3095259464 HTTP/1.1" 404 41416 "-" "Mozilla/5.0 AppleWebKit/537.36 (KHTML, like Gecko; compatible; ClaudeBot/1.0; +claudebot@anthropic.com)"
23.90.184.36 - - [21/Mar/2026:13:40:11 -0300] "POST /xmlrpc.php HTTP/1.1" 200 9076 "-" "Mozilla/5.0 (Windows NT 10.0; Win64; x64) AppleWebKit/537.36 (KHTML, like Gecko) Chrome/114.0.0.0 Safari/537.36"
23.90.184.36 - - [21/Mar/2026:13:40:14 -0300] "GET /2026/03/21/these-power-tools-help-participants-manage-their-gambling-on-line-patterns-and-get-away-from-potential-points/ HTTP/1.1" 200 48701 "-" "Mozilla/5.0 (Windows NT 10.0; Win64; x64) AppleWebKit/537.36 (KHTML, like Gecko) Chrome/109.0.0.0 Safari/537.36"
17.22.245.176 - - [21/Mar/2026:13:40:14 -0300] "GET /wp-includes/css/dashicons.min.css?ver=6.9.4 HTTP/1.1" 200 59004 "https://www.casadasbombasdeassis.com.br/2025/01/18/fairy-gate-slot-explore-bitcoin-or-joker-bombs-slot-no-deposit-a-real-income/" "Mozilla/5.0 (Macintosh; Intel Mac OS X 10_15_7) AppleWebKit/605.1.15 (KHTML, like Gecko) Version/17.4 Safari/605.1.15 (Applebot/0.1; +http://www.apple.com/go/applebot)"
216.73.216.20 - - [21/Mar/2026:13:40:14 -0300] "GET /shopdetail/2252869483 HTTP/1.1" 404 41416 "-" "Mozilla/5.0 AppleWebKit/537.36 (KHTML, like Gecko; compatible; ClaudeBot/1.0; +claudebot@anthropic.com)"
17.22.245.173 - - [21/Mar/2026:13:40:16 -0300] "GET /wp-content/plugins/contact-form-7/includes/css/styles.css?ver=5.1.6 HTTP/1.1" 200 1645 "https://www.casadasbombasdeassis.com.br/2025/01/18/fairy-gate-slot-explore-bitcoin-or-joker-bombs-slot-no-deposit-a-real-income/" "Mozilla/5.0 (Macintosh; Intel Mac OS X 10_15_7) AppleWebKit/605.1.15 (KHTML, like Gecko) Version/17.4 Safari/605.1.15 (Applebot/0.1; +http://www.apple.com/go/applebot)"
17.22.253.5 - - [21/Mar/2026:13:40:17 -0300] "GET /wp-content/uploads/font-organizer/fo-declarations.css?ver=6.9.4 HTTP/1.1" 200 513 "https://www.casadasbombasdeassis.com.br/2025/01/18/fairy-gate-slot-explore-bitcoin-or-joker-bombs-slot-no-deposit-a-real-income/" "Mozilla/5.0 (Macintosh; Intel Mac OS X 10_15_7) AppleWebKit/605.1.15 (KHTML, like Gecko) Version/17.4 Safari/605.1.15 (Applebot/0.1; +http://www.apple.com/go/applebot)"
216.73.216.20 - - [21/Mar/2026:13:40:17 -0300] "GET /shopdetail/2751503102 HTTP/1.1" 404 41416 "-" "Mozilla/5.0 AppleWebKit/537.36 (KHTML, like Gecko; compatible; ClaudeBot/1.0; +claudebot@anthropic.com)"
17.22.245.173 - - [21/Mar/2026:13:40:19 -0300] "GET /wp-content/plugins/wonderplugin-carousel-trial/engine/wonderplugincarouselengine.css?ver=16.9 HTTP/1.1" 200 18710 "https://www.casadasbombasdeassis.com.br/2025/01/18/fairy-gate-slot-explore-bitcoin-or-joker-bombs-slot-no-deposit-a-real-income/" "Mozilla/5.0 (Macintosh; Intel Mac OS X 10_15_7) AppleWebKit/605.1.15 (KHTML, like Gecko) Version/17.4 Safari/605.1.15 (Applebot/0.1; +http://www.apple.com/go/applebot)"
198.244.240.153 - - [21/Mar/2026:13:40:18 -0300] "GET /2025/10/20/casino-utan-basta-mobilcasino-konto-sam-inskrivnin-eller-svarighet-2025/ HTTP/1.1" 200 51561 "-" "Mozilla/5.0 (compatible; AhrefsBot/7.0; +http://ahrefs.com/robot/)"
17.22.253.65 - - [21/Mar/2026:13:40:20 -0300] "GET /wp-content/uploads/maxmegamenu/style.css?ver=86718a HTTP/1.1" 200 61613 "https://www.casadasbombasdeassis.com.br/2025/01/18/fairy-gate-slot-explore-bitcoin-or-joker-bombs-slot-no-deposit-a-real-income/" "Mozilla/5.0 (Macintosh; Intel Mac OS X 10_15_7) AppleWebKit/605.1.15 (KHTML, like Gecko) Version/17.4 Safari/605.1.15 (Applebot/0.1; +http://www.apple.com/go/applebot)"
198.244.240.45 - - [21/Mar/2026:13:40:21 -0300] "GET /2025/08/25/de-redenen-achter-de-keuze-voor-casino-zonder-cruks-door-nederlanders-vandaag/ HTTP/1.1" 200 48520 "-" "Mozilla/5.0 (compatible; AhrefsBot/7.0; +http://ahrefs.com/robot/)"
216.73.216.20 - - [21/Mar/2026:13:40:21 -0300] "GET /shopdetail/2307426265 HTTP/1.1" 404 41416 "-" "Mozilla/5.0 AppleWebKit/537.36 (KHTML, like Gecko; compatible; ClaudeBot/1.0; +claudebot@anthropic.com)"
17.22.253.112 - - [21/Mar/2026:13:40:22 -0300] "GET /wp-content/themes/twentytwenty/style.css?ver=1.1 HTTP/1.1" 200 337432 "https://www.casadasbombasdeassis.com.br/2025/01/18/fairy-gate-slot-explore-bitcoin-or-joker-bombs-slot-no-deposit-a-real-income/" "Mozilla/5.0 (Macintosh; Intel Mac OS X 10_15_7) AppleWebKit/605.1.15 (KHTML, like Gecko) Version/17.4 Safari/605.1.15 (Applebot/0.1; +http://www.apple.com/go/applebot)"
17.22.253.51 - - [21/Mar/2026:13:40:23 -0300] "GET /wp-content/uploads/font-organizer/fo-elements.css?ver=6.9.4 HTTP/1.1" 200 234 "https://www.casadasbombasdeassis.com.br/2025/01/18/fairy-gate-slot-explore-bitcoin-or-joker-bombs-slot-no-deposit-a-real-income/" "Mozilla/5.0 (Macintosh; Intel Mac OS X 10_15_7) AppleWebKit/605.1.15 (KHTML, like Gecko) Version/17.4 Safari/605.1.15 (Applebot/0.1; +http://www.apple.com/go/applebot)"
66.249.70.37 - - [21/Mar/2026:13:40:23 -0300] "GET /policy/90010.php?shopdetail/3217648019 HTTP/1.1" 200 392208 "-" "Mozilla/5.0 (Linux; Android 6.0.1; Nexus 5X Build/MMB29P) AppleWebKit/537.36 (KHTML, like Gecko) Chrome/145.0.7632.159 Mobile Safari/537.36 (compatible; GoogleOther)"
216.73.216.20 - - [21/Mar/2026:13:40:24 -0300] "GET /shopdetail/2849503942 HTTP/1.1" 404 41416 "-" "Mozilla/5.0 AppleWebKit/537.36 (KHTML, like Gecko; compatible; ClaudeBot/1.0; +claudebot@anthropic.com)"
17.22.237.150 - - [21/Mar/2026:13:40:24 -0300] "GET /wp-includes/js/jquery/jquery.min.js?ver=3.7.1 HTTP/1.1" 200 87553 "https://www.casadasbombasdeassis.com.br/2025/01/18/fairy-gate-slot-explore-bitcoin-or-joker-bombs-slot-no-deposit-a-real-income/" "Mozilla/5.0 (Macintosh; Intel Mac OS X 10_15_7) AppleWebKit/605.1.15 (KHTML, like Gecko) Version/17.4 Safari/605.1.15 (Applebot/0.1; +http://www.apple.com/go/applebot)"
17.22.245.121 - - [21/Mar/2026:13:40:26 -0300] "GET /wp-includes/js/jquery/jquery-migrate.min.js?ver=3.4.1 HTTP/1.1" 200 13577 "https://www.casadasbombasdeassis.com.br/2025/01/18/fairy-gate-slot-explore-bitcoin-or-joker-bombs-slot-no-deposit-a-real-income/" "Mozilla/5.0 (Macintosh; Intel Mac OS X 10_15_7) AppleWebKit/605.1.15 (KHTML, like Gecko) Version/17.4 Safari/605.1.15 (Applebot/0.1; +http://www.apple.com/go/applebot)"
216.73.216.20 - - [21/Mar/2026:13:40:26 -0300] "GET /shopdetail/4224484539 HTTP/1.1" 404 41416 "-" "Mozilla/5.0 AppleWebKit/537.36 (KHTML, like Gecko; compatible; ClaudeBot/1.0; +claudebot@anthropic.com)"
17.22.245.123 - - [21/Mar/2026:13:40:27 -0300] "GET /wp-content/plugins/wonderplugin-carousel-trial/engine/wonderplugincarouselskins.js?ver=16.9 HTTP/1.1" 200 48996 "https://www.casadasbombasdeassis.com.br/2025/01/18/fairy-gate-slot-explore-bitcoin-or-joker-bombs-slot-no-deposit-a-real-income/" "Mozilla/5.0 (Macintosh; Intel Mac OS X 10_15_7) AppleWebKit/605.1.15 (KHTML, like Gecko) Version/17.4 Safari/605.1.15 (Applebot/0.1; +http://www.apple.com/go/applebot)"
17.22.245.141 - - [21/Mar/2026:13:40:29 -0300] "GET /wp-content/plugins/wonderplugin-carousel-trial/engine/wonderplugincarousel.js?ver=16.9 HTTP/1.1" 200 198678 "https://www.casadasbombasdeassis.com.br/2025/01/18/fairy-gate-slot-explore-bitcoin-or-joker-bombs-slot-no-deposit-a-real-income/" "Mozilla/5.0 (Macintosh; Intel Mac OS X 10_15_7) AppleWebKit/605.1.15 (KHTML, like Gecko) Version/17.4 Safari/605.1.15 (Applebot/0.1; +http://www.apple.com/go/applebot)"
17.22.237.98 - - [21/Mar/2026:13:40:30 -0300] "GET /wp-includes/js/hoverIntent.min.js?ver=1.10.2 HTTP/1.1" 200 1499 "https://www.casadasbombasdeassis.com.br/2025/01/18/fairy-gate-slot-explore-bitcoin-or-joker-bombs-slot-no-deposit-a-real-income/" "Mozilla/5.0 (Macintosh; Intel Mac OS X 10_15_7) AppleWebKit/605.1.15 (KHTML, like Gecko) Version/17.4 Safari/605.1.15 (Applebot/0.1; +http://www.apple.com/go/applebot)"
216.73.216.20 - - [21/Mar/2026:13:40:30 -0300] "GET /shopdetail/2071738932 HTTP/1.1" 404 41416 "-" "Mozilla/5.0 AppleWebKit/537.36 (KHTML, like Gecko; compatible; ClaudeBot/1.0; +claudebot@anthropic.com)"
17.22.245.185 - - [21/Mar/2026:13:40:32 -0300] "GET /wp-content/plugins/megamenu/js/maxmegamenu.js?ver=2.7.4 HTTP/1.1" 200 27842 "https://www.casadasbombasdeassis.com.br/2025/01/18/fairy-gate-slot-explore-bitcoin-or-joker-bombs-slot-no-deposit-a-real-income/" "Mozilla/5.0 (Macintosh; Intel Mac OS X 10_15_7) AppleWebKit/605.1.15 (KHTML, like Gecko) Version/17.4 Safari/605.1.15 (Applebot/0.1; +http://www.apple.com/go/applebot)"
216.73.216.20 - - [21/Mar/2026:13:40:32 -0300] "GET /shopdetail/3401250532 HTTP/1.1" 404 41416 "-" "Mozilla/5.0 AppleWebKit/537.36 (KHTML, like Gecko; compatible; ClaudeBot/1.0; +claudebot@anthropic.com)"
17.22.253.208 - - [21/Mar/2026:13:40:33 -0300] "GET /wp-content/themes/twentytwenty/assets/js/example.js HTTP/1.1" 200 2281 "https://www.casadasbombasdeassis.com.br/2025/01/18/fairy-gate-slot-explore-bitcoin-or-joker-bombs-slot-no-deposit-a-real-income/" "Mozilla/5.0 (Macintosh; Intel Mac OS X 10_15_7) AppleWebKit/605.1.15 (KHTML, like Gecko) Version/17.4 Safari/605.1.15 (Applebot/0.1; +http://www.apple.com/go/applebot)"
17.22.237.148 - - [21/Mar/2026:13:40:34 -0300] "GET /wp-content/themes/twentytwenty/assets/js/jquery.mask.min.js HTTP/1.1" 200 14509 "https://www.casadasbombasdeassis.com.br/2025/01/18/fairy-gate-slot-explore-bitcoin-or-joker-bombs-slot-no-deposit-a-real-income/" "Mozilla/5.0 (Macintosh; Intel Mac OS X 10_15_7) AppleWebKit/605.1.15 (KHTML, like Gecko) Version/17.4 Safari/605.1.15 (Applebot/0.1; +http://www.apple.com/go/applebot)"
17.22.253.225 - - [21/Mar/2026:13:40:36 -0300] "GET /wp-content/themes/twentytwenty/assets/js/index.js?ver=1.1 HTTP/1.1" 200 25009 "https://www.casadasbombasdeassis.com.br/2025/01/18/fairy-gate-slot-explore-bitcoin-or-joker-bombs-slot-no-deposit-a-real-income/" "Mozilla/5.0 (Macintosh; Intel Mac OS X 10_15_7) AppleWebKit/605.1.15 (KHTML, like Gecko) Version/17.4 Safari/605.1.15 (Applebot/0.1; +http://www.apple.com/go/applebot)"
216.73.216.20 - - [21/Mar/2026:13:40:36 -0300] "GET /shopdetail/3543204311 HTTP/1.1" 404 41416 "-" "Mozilla/5.0 AppleWebKit/537.36 (KHTML, like Gecko; compatible; ClaudeBot/1.0; +claudebot@anthropic.com)"
17.22.245.22 - - [21/Mar/2026:13:40:37 -0300] "GET /wp-content/themes/twentytwenty/print.css?ver=1.1 HTTP/1.1" 200 2574 "https://www.casadasbombasdeassis.com.br/2025/01/18/fairy-gate-slot-explore-bitcoin-or-joker-bombs-slot-no-deposit-a-real-income/" "Mozilla/5.0 (Macintosh; Intel Mac OS X 10_15_7) AppleWebKit/605.1.15 (KHTML, like Gecko) Version/17.4 Safari/605.1.15 (Applebot/0.1; +http://www.apple.com/go/applebot)"
17.22.253.48 - - [21/Mar/2026:13:40:39 -0300] "GET /wp-includes/js/wp-emoji-release.min.js?ver=6.9.4 HTTP/1.1" 200 22762 "https://www.casadasbombasdeassis.com.br/2025/01/18/fairy-gate-slot-explore-bitcoin-or-joker-bombs-slot-no-deposit-a-real-income/" "Mozilla/5.0 (Macintosh; Intel Mac OS X 10_15_7) AppleWebKit/605.1.15 (KHTML, like Gecko) Version/17.4 Safari/605.1.15 (Applebot/0.1; +http://www.apple.com/go/applebot)"
216.73.216.20 - - [21/Mar/2026:13:40:39 -0300] "GET /shopdetail/705888336 HTTP/1.1" 404 41416 "-" "Mozilla/5.0 AppleWebKit/537.36 (KHTML, like Gecko; compatible; ClaudeBot/1.0; +claudebot@anthropic.com)"
216.73.216.20 - - [21/Mar/2026:13:40:43 -0300] "GET /shopdetail/2309850479 HTTP/1.1" 404 41416 "-" "Mozilla/5.0 AppleWebKit/537.36 (KHTML, like Gecko; compatible; ClaudeBot/1.0; +claudebot@anthropic.com)"
216.73.216.20 - - [21/Mar/2026:13:40:45 -0300] "GET /shopdetail/805446617 HTTP/1.1" 404 41416 "-" "Mozilla/5.0 AppleWebKit/537.36 (KHTML, like Gecko; compatible; ClaudeBot/1.0; +claudebot@anthropic.com)"
216.73.216.20 - - [21/Mar/2026:13:40:48 -0300] "GET /shopdetail/1259028844 HTTP/1.1" 404 41416 "-" "Mozilla/5.0 AppleWebKit/537.36 (KHTML, like Gecko; compatible; ClaudeBot/1.0; +claudebot@anthropic.com)"
103.39.124.77 - - [21/Mar/2026:13:40:49 -0300] "GET /2025/10/06/alpenbets-online-casino/ HTTP/1.1" 200 794332 "https://www.casadasbombasdeassis.com.br/" "Mozilla/5.0 (Windows NT 10.0; WOW64) AppleWebKit/537.36 (KHTML, like Gecko) Chrome/114.0.0.0 YaBrowser/22.7.0 Yowser/2.5 Safari/537.36"
216.73.216.20 - - [21/Mar/2026:13:40:51 -0300] "GET /shopdetail/2647937096 HTTP/1.1" 404 41416 "-" "Mozilla/5.0 AppleWebKit/537.36 (KHTML, like Gecko; compatible; ClaudeBot/1.0; +claudebot@anthropic.com)"
