45.154.98.78 - - [21/Mar/2026:12:47:11 -0300] "POST //xmlrpc.php HTTP/1.1" 200 407 "-" "Mozilla/5.0 (Windows NT 10.0; Win64; x64) AppleWebKit/537.36 (KHTML, like Gecko) Chrome/78.0.3904.108 Safari/537.36"
45.154.98.78 - - [21/Mar/2026:12:47:12 -0300] "POST //xmlrpc.php HTTP/1.1" 200 407 "-" "Mozilla/5.0 (Windows NT 10.0; Win64; x64) AppleWebKit/537.36 (KHTML, like Gecko) Chrome/78.0.3904.108 Safari/537.36"
45.154.98.78 - - [21/Mar/2026:12:47:12 -0300] "POST //xmlrpc.php HTTP/1.1" 200 407 "-" "Mozilla/5.0 (Windows NT 10.0; Win64; x64) AppleWebKit/537.36 (KHTML, like Gecko) Chrome/78.0.3904.108 Safari/537.36"
45.154.98.78 - - [21/Mar/2026:12:47:13 -0300] "POST //xmlrpc.php HTTP/1.1" 200 407 "-" "Mozilla/5.0 (Windows NT 10.0; Win64; x64) AppleWebKit/537.36 (KHTML, like Gecko) Chrome/78.0.3904.108 Safari/537.36"
45.154.98.78 - - [21/Mar/2026:12:47:14 -0300] "POST //xmlrpc.php HTTP/1.1" 200 407 "-" "Mozilla/5.0 (Windows NT 10.0; Win64; x64) AppleWebKit/537.36 (KHTML, like Gecko) Chrome/78.0.3904.108 Safari/537.36"
45.154.98.78 - - [21/Mar/2026:12:47:14 -0300] "POST //xmlrpc.php HTTP/1.1" 200 407 "-" "Mozilla/5.0 (Windows NT 10.0; Win64; x64) AppleWebKit/537.36 (KHTML, like Gecko) Chrome/78.0.3904.108 Safari/537.36"
45.154.98.78 - - [21/Mar/2026:12:47:15 -0300] "POST //xmlrpc.php HTTP/1.1" 200 407 "-" "Mozilla/5.0 (Windows NT 10.0; Win64; x64) AppleWebKit/537.36 (KHTML, like Gecko) Chrome/78.0.3904.108 Safari/537.36"
198.244.168.189 - - [21/Mar/2026:12:47:15 -0300] "GET /2025/09/21/triple-woods-household/ HTTP/1.1" 200 50145 "-" "Mozilla/5.0 (compatible; AhrefsBot/7.0; +http://ahrefs.com/robot/)"
45.154.98.78 - - [21/Mar/2026:12:47:15 -0300] "POST //xmlrpc.php HTTP/1.1" 200 407 "-" "Mozilla/5.0 (Windows NT 10.0; Win64; x64) AppleWebKit/537.36 (KHTML, like Gecko) Chrome/78.0.3904.108 Safari/537.36"
45.154.98.78 - - [21/Mar/2026:12:47:16 -0300] "POST //xmlrpc.php HTTP/1.1" 200 407 "-" "Mozilla/5.0 (Windows NT 10.0; Win64; x64) AppleWebKit/537.36 (KHTML, like Gecko) Chrome/78.0.3904.108 Safari/537.36"
45.154.98.78 - - [21/Mar/2026:12:47:17 -0300] "POST //xmlrpc.php HTTP/1.1" 200 407 "-" "Mozilla/5.0 (Windows NT 10.0; Win64; x64) AppleWebKit/537.36 (KHTML, like Gecko) Chrome/78.0.3904.108 Safari/537.36"
45.154.98.78 - - [21/Mar/2026:12:47:17 -0300] "POST //xmlrpc.php HTTP/1.1" 200 407 "-" "Mozilla/5.0 (Windows NT 10.0; Win64; x64) AppleWebKit/537.36 (KHTML, like Gecko) Chrome/78.0.3904.108 Safari/537.36"
45.154.98.78 - - [21/Mar/2026:12:47:18 -0300] "POST //xmlrpc.php HTTP/1.1" 200 407 "-" "Mozilla/5.0 (Windows NT 10.0; Win64; x64) AppleWebKit/537.36 (KHTML, like Gecko) Chrome/78.0.3904.108 Safari/537.36"
66.249.70.36 - - [21/Mar/2026:12:47:18 -0300] "GET /timeline?spe_id=header_timeline HTTP/1.1" 200 388831 "-" "Mozilla/5.0 (Linux; Android 6.0.1; Nexus 5X Build/MMB29P) AppleWebKit/537.36 (KHTML, like Gecko) Chrome/145.0.7632.159 Mobile Safari/537.36 (compatible; GoogleOther)"
191.101.114.54 - - [21/Mar/2026:12:47:18 -0300] "GET /2025/10/20/gambling-definition-australia/ HTTP/1.1" 200 168716 "https://www.casadasbombasdeassis.com.br/" "Mozilla/5.0 (Windows NT 10.0; Win64; x64) AppleWebKit/537.36 (KHTML, like Gecko) Chrome/114.0.0.0 Safari/537.36 Vivaldi/5.3.2679.68"
45.154.98.78 - - [21/Mar/2026:12:47:19 -0300] "POST //xmlrpc.php HTTP/1.1" 200 407 "-" "Mozilla/5.0 (Windows NT 10.0; Win64; x64) AppleWebKit/537.36 (KHTML, like Gecko) Chrome/78.0.3904.108 Safari/537.36"
45.154.98.78 - - [21/Mar/2026:12:47:19 -0300] "POST //xmlrpc.php HTTP/1.1" 200 407 "-" "Mozilla/5.0 (Windows NT 10.0; Win64; x64) AppleWebKit/537.36 (KHTML, like Gecko) Chrome/78.0.3904.108 Safari/537.36"
45.154.98.78 - - [21/Mar/2026:12:47:20 -0300] "POST //xmlrpc.php HTTP/1.1" 200 407 "-" "Mozilla/5.0 (Windows NT 10.0; Win64; x64) AppleWebKit/537.36 (KHTML, like Gecko) Chrome/78.0.3904.108 Safari/537.36"
45.154.98.78 - - [21/Mar/2026:12:47:21 -0300] "POST //xmlrpc.php HTTP/1.1" 200 407 "-" "Mozilla/5.0 (Windows NT 10.0; Win64; x64) AppleWebKit/537.36 (KHTML, like Gecko) Chrome/78.0.3904.108 Safari/537.36"
45.154.98.78 - - [21/Mar/2026:12:47:21 -0300] "POST //xmlrpc.php HTTP/1.1" 200 407 "-" "Mozilla/5.0 (Windows NT 10.0; Win64; x64) AppleWebKit/537.36 (KHTML, like Gecko) Chrome/78.0.3904.108 Safari/537.36"
45.154.98.78 - - [21/Mar/2026:12:47:22 -0300] "POST //xmlrpc.php HTTP/1.1" 200 407 "-" "Mozilla/5.0 (Windows NT 10.0; Win64; x64) AppleWebKit/537.36 (KHTML, like Gecko) Chrome/78.0.3904.108 Safari/537.36"
45.154.98.78 - - [21/Mar/2026:12:47:23 -0300] "POST //xmlrpc.php HTTP/1.1" 200 407 "-" "Mozilla/5.0 (Windows NT 10.0; Win64; x64) AppleWebKit/537.36 (KHTML, like Gecko) Chrome/78.0.3904.108 Safari/537.36"
45.154.98.78 - - [21/Mar/2026:12:47:23 -0300] "POST //xmlrpc.php HTTP/1.1" 200 407 "-" "Mozilla/5.0 (Windows NT 10.0; Win64; x64) AppleWebKit/537.36 (KHTML, like Gecko) Chrome/78.0.3904.108 Safari/537.36"
45.154.98.78 - - [21/Mar/2026:12:47:24 -0300] "POST //xmlrpc.php HTTP/1.1" 200 407 "-" "Mozilla/5.0 (Windows NT 10.0; Win64; x64) AppleWebKit/537.36 (KHTML, like Gecko) Chrome/78.0.3904.108 Safari/537.36"
45.154.98.78 - - [21/Mar/2026:12:47:25 -0300] "POST //xmlrpc.php HTTP/1.1" 200 407 "-" "Mozilla/5.0 (Windows NT 10.0; Win64; x64) AppleWebKit/537.36 (KHTML, like Gecko) Chrome/78.0.3904.108 Safari/537.36"
45.154.98.78 - - [21/Mar/2026:12:47:25 -0300] "POST //xmlrpc.php HTTP/1.1" 200 407 "-" "Mozilla/5.0 (Windows NT 10.0; Win64; x64) AppleWebKit/537.36 (KHTML, like Gecko) Chrome/78.0.3904.108 Safari/537.36"
45.154.98.78 - - [21/Mar/2026:12:47:26 -0300] "POST //xmlrpc.php HTTP/1.1" 200 407 "-" "Mozilla/5.0 (Windows NT 10.0; Win64; x64) AppleWebKit/537.36 (KHTML, like Gecko) Chrome/78.0.3904.108 Safari/537.36"
198.244.240.178 - - [21/Mar/2026:12:47:26 -0300] "GET /2025/08/23/finest-real-money-gambling-enterprises-real-cash-playing-on-house-of-fun-no-deposit-free-spins-the-web-2025/ HTTP/1.1" 200 53886 "-" "Mozilla/5.0 (compatible; AhrefsBot/7.0; +http://ahrefs.com/robot/)"
45.154.98.78 - - [21/Mar/2026:12:47:26 -0300] "POST //xmlrpc.php HTTP/1.1" 200 407 "-" "Mozilla/5.0 (Windows NT 10.0; Win64; x64) AppleWebKit/537.36 (KHTML, like Gecko) Chrome/78.0.3904.108 Safari/537.36"
45.154.98.78 - - [21/Mar/2026:12:47:27 -0300] "POST //xmlrpc.php HTTP/1.1" 200 407 "-" "Mozilla/5.0 (Windows NT 10.0; Win64; x64) AppleWebKit/537.36 (KHTML, like Gecko) Chrome/78.0.3904.108 Safari/537.36"
45.154.98.78 - - [21/Mar/2026:12:47:28 -0300] "POST //xmlrpc.php HTTP/1.1" 200 407 "-" "Mozilla/5.0 (Windows NT 10.0; Win64; x64) AppleWebKit/537.36 (KHTML, like Gecko) Chrome/78.0.3904.108 Safari/537.36"
45.154.98.78 - - [21/Mar/2026:12:47:28 -0300] "POST //xmlrpc.php HTTP/1.1" 200 407 "-" "Mozilla/5.0 (Windows NT 10.0; Win64; x64) AppleWebKit/537.36 (KHTML, like Gecko) Chrome/78.0.3904.108 Safari/537.36"
45.154.98.78 - - [21/Mar/2026:12:47:29 -0300] "POST //xmlrpc.php HTTP/1.1" 200 407 "-" "Mozilla/5.0 (Windows NT 10.0; Win64; x64) AppleWebKit/537.36 (KHTML, like Gecko) Chrome/78.0.3904.108 Safari/537.36"
45.154.98.78 - - [21/Mar/2026:12:47:30 -0300] "POST //xmlrpc.php HTTP/1.1" 200 407 "-" "Mozilla/5.0 (Windows NT 10.0; Win64; x64) AppleWebKit/537.36 (KHTML, like Gecko) Chrome/78.0.3904.108 Safari/537.36"
45.154.98.78 - - [21/Mar/2026:12:47:30 -0300] "POST //xmlrpc.php HTTP/1.1" 200 407 "-" "Mozilla/5.0 (Windows NT 10.0; Win64; x64) AppleWebKit/537.36 (KHTML, like Gecko) Chrome/78.0.3904.108 Safari/537.36"
45.154.98.78 - - [21/Mar/2026:12:47:31 -0300] "POST //xmlrpc.php HTTP/1.1" 200 407 "-" "Mozilla/5.0 (Windows NT 10.0; Win64; x64) AppleWebKit/537.36 (KHTML, like Gecko) Chrome/78.0.3904.108 Safari/537.36"
45.154.98.78 - - [21/Mar/2026:12:47:32 -0300] "POST //xmlrpc.php HTTP/1.1" 200 407 "-" "Mozilla/5.0 (Windows NT 10.0; Win64; x64) AppleWebKit/537.36 (KHTML, like Gecko) Chrome/78.0.3904.108 Safari/537.36"
45.154.98.78 - - [21/Mar/2026:12:47:32 -0300] "POST //xmlrpc.php HTTP/1.1" 200 407 "-" "Mozilla/5.0 (Windows NT 10.0; Win64; x64) AppleWebKit/537.36 (KHTML, like Gecko) Chrome/78.0.3904.108 Safari/537.36"
45.154.98.78 - - [21/Mar/2026:12:47:33 -0300] "POST //xmlrpc.php HTTP/1.1" 200 407 "-" "Mozilla/5.0 (Windows NT 10.0; Win64; x64) AppleWebKit/537.36 (KHTML, like Gecko) Chrome/78.0.3904.108 Safari/537.36"
45.154.98.78 - - [21/Mar/2026:12:47:34 -0300] "POST //xmlrpc.php HTTP/1.1" 200 407 "-" "Mozilla/5.0 (Windows NT 10.0; Win64; x64) AppleWebKit/537.36 (KHTML, like Gecko) Chrome/78.0.3904.108 Safari/537.36"
45.154.98.78 - - [21/Mar/2026:12:47:34 -0300] "POST //xmlrpc.php HTTP/1.1" 200 407 "-" "Mozilla/5.0 (Windows NT 10.0; Win64; x64) AppleWebKit/537.36 (KHTML, like Gecko) Chrome/78.0.3904.108 Safari/537.36"
66.249.70.35 - - [21/Mar/2026:12:47:34 -0300] "GET /policy/90010.php?tutorial/privacy.html HTTP/1.1" 200 389211 "-" "Mozilla/5.0 (Linux; Android 6.0.1; Nexus 5X Build/MMB29P) AppleWebKit/537.36 (KHTML, like Gecko) Chrome/145.0.7632.159 Mobile Safari/537.36 (compatible; GoogleOther)"
45.154.98.78 - - [21/Mar/2026:12:47:35 -0300] "POST //xmlrpc.php HTTP/1.1" 200 407 "-" "Mozilla/5.0 (Windows NT 10.0; Win64; x64) AppleWebKit/537.36 (KHTML, like Gecko) Chrome/78.0.3904.108 Safari/537.36"
45.154.98.78 - - [21/Mar/2026:12:47:35 -0300] "POST //xmlrpc.php HTTP/1.1" 200 407 "-" "Mozilla/5.0 (Windows NT 10.0; Win64; x64) AppleWebKit/537.36 (KHTML, like Gecko) Chrome/78.0.3904.108 Safari/537.36"
45.154.98.78 - - [21/Mar/2026:12:47:36 -0300] "POST //xmlrpc.php HTTP/1.1" 200 407 "-" "Mozilla/5.0 (Windows NT 10.0; Win64; x64) AppleWebKit/537.36 (KHTML, like Gecko) Chrome/78.0.3904.108 Safari/537.36"
45.154.98.78 - - [21/Mar/2026:12:47:37 -0300] "POST //xmlrpc.php HTTP/1.1" 200 407 "-" "Mozilla/5.0 (Windows NT 10.0; Win64; x64) AppleWebKit/537.36 (KHTML, like Gecko) Chrome/78.0.3904.108 Safari/537.36"
45.154.98.78 - - [21/Mar/2026:12:47:37 -0300] "POST //xmlrpc.php HTTP/1.1" 200 407 "-" "Mozilla/5.0 (Windows NT 10.0; Win64; x64) AppleWebKit/537.36 (KHTML, like Gecko) Chrome/78.0.3904.108 Safari/537.36"
45.154.98.78 - - [21/Mar/2026:12:47:38 -0300] "POST //xmlrpc.php HTTP/1.1" 200 407 "-" "Mozilla/5.0 (Windows NT 10.0; Win64; x64) AppleWebKit/537.36 (KHTML, like Gecko) Chrome/78.0.3904.108 Safari/537.36"
51.195.215.124 - - [21/Mar/2026:12:47:38 -0300] "GET /2025/08/25/lucky-koi-slot-comment-inside-the-singapore-lucky-koi-slot-lord-of-the-ocean-tricks-ports/ HTTP/1.1" 200 54300 "-" "Mozilla/5.0 (compatible; AhrefsBot/7.0; +http://ahrefs.com/robot/)"
45.154.98.78 - - [21/Mar/2026:12:47:39 -0300] "POST //xmlrpc.php HTTP/1.1" 200 407 "-" "Mozilla/5.0 (Windows NT 10.0; Win64; x64) AppleWebKit/537.36 (KHTML, like Gecko) Chrome/78.0.3904.108 Safari/537.36"
45.154.98.78 - - [21/Mar/2026:12:47:39 -0300] "POST //xmlrpc.php HTTP/1.1" 200 407 "-" "Mozilla/5.0 (Windows NT 10.0; Win64; x64) AppleWebKit/537.36 (KHTML, like Gecko) Chrome/78.0.3904.108 Safari/537.36"
89.110.107.48 - - [21/Mar/2026:12:47:38 -0300] "GET /2025/09/30/casino-rozvadov-no-deposit-bonus/ HTTP/1.0" 200 2119656 "https://www.casadasbombasdeassis.com.br/2025/09/30/casino-rozvadov-no-deposit-bonus/" "Mozilla/5.0 (Windows NT 10.0; Win64; x64) AppleWebKit/537.36 (KHTML, like Gecko) Chrome/131.0.0.0 Safari/537.36"
45.154.98.78 - - [21/Mar/2026:12:47:40 -0300] "POST //xmlrpc.php HTTP/1.1" 200 407 "-" "Mozilla/5.0 (Windows NT 10.0; Win64; x64) AppleWebKit/537.36 (KHTML, like Gecko) Chrome/78.0.3904.108 Safari/537.36"
89.110.107.48 - - [21/Mar/2026:12:47:40 -0300] "POST /wp-comments-post.php HTTP/1.0" 302 - "https://www.casadasbombasdeassis.com.br/2025/09/30/casino-rozvadov-no-deposit-bonus/" "Mozilla/5.0 (Windows NT 10.0; Win64; x64) AppleWebKit/537.36 (KHTML, like Gecko) Chrome/131.0.0.0 Safari/537.36"
45.154.98.78 - - [21/Mar/2026:12:47:41 -0300] "POST //xmlrpc.php HTTP/1.1" 200 407 "-" "Mozilla/5.0 (Windows NT 10.0; Win64; x64) AppleWebKit/537.36 (KHTML, like Gecko) Chrome/78.0.3904.108 Safari/537.36"
45.154.98.78 - - [21/Mar/2026:12:47:41 -0300] "POST //xmlrpc.php HTTP/1.1" 200 407 "-" "Mozilla/5.0 (Windows NT 10.0; Win64; x64) AppleWebKit/537.36 (KHTML, like Gecko) Chrome/78.0.3904.108 Safari/537.36"
191.101.114.54 - - [21/Mar/2026:12:47:41 -0300] "GET /2025/10/20/gambling-definition-australia/ HTTP/1.1" 200 168716 "https://www.casadasbombasdeassis.com.br/2025/10/20/gambling-definition-australia/" "Mozilla/5.0 (Windows NT 6.3; Win64; x64) AppleWebKit/537.36 (KHTML, like Gecko) Chrome/103.0.0.0 Safari/537.36"
45.154.98.78 - - [21/Mar/2026:12:47:42 -0300] "POST //xmlrpc.php HTTP/1.1" 200 407 "-" "Mozilla/5.0 (Windows NT 10.0; Win64; x64) AppleWebKit/537.36 (KHTML, like Gecko) Chrome/78.0.3904.108 Safari/537.36"
89.110.107.48 - - [21/Mar/2026:12:47:41 -0300] "GET /2025/09/30/casino-rozvadov-no-deposit-bonus/ HTTP/1.0" 200 257704 "https://www.casadasbombasdeassis.com.br/2025/09/30/casino-rozvadov-no-deposit-bonus/#comment-47643" "Mozilla/5.0 (Windows NT 10.0; Win64; x64) AppleWebKit/537.36 (KHTML, like Gecko) Chrome/131.0.0.0 Safari/537.36"
45.154.98.78 - - [21/Mar/2026:12:47:42 -0300] "POST //xmlrpc.php HTTP/1.1" 200 407 "-" "Mozilla/5.0 (Windows NT 10.0; Win64; x64) AppleWebKit/537.36 (KHTML, like Gecko) Chrome/78.0.3904.108 Safari/537.36"
45.154.98.78 - - [21/Mar/2026:12:47:43 -0300] "POST //xmlrpc.php HTTP/1.1" 200 407 "-" "Mozilla/5.0 (Windows NT 10.0; Win64; x64) AppleWebKit/537.36 (KHTML, like Gecko) Chrome/78.0.3904.108 Safari/537.36"
157.55.39.11 - - [21/Mar/2026:12:47:44 -0300] "GET /?40eywca1145106caa HTTP/1.1" 200 405793 "-" "Mozilla/5.0 AppleWebKit/537.36 (KHTML, like Gecko; compatible; bingbot/2.0; +http://www.bing.com/bingbot.htm) Chrome/116.0.1938.76 Safari/537.36"
45.154.98.78 - - [21/Mar/2026:12:47:44 -0300] "POST //xmlrpc.php HTTP/1.1" 200 407 "-" "Mozilla/5.0 (Windows NT 10.0; Win64; x64) AppleWebKit/537.36 (KHTML, like Gecko) Chrome/78.0.3904.108 Safari/537.36"
45.154.98.78 - - [21/Mar/2026:12:47:44 -0300] "POST //xmlrpc.php HTTP/1.1" 200 407 "-" "Mozilla/5.0 (Windows NT 10.0; Win64; x64) AppleWebKit/537.36 (KHTML, like Gecko) Chrome/78.0.3904.108 Safari/537.36"
45.154.98.78 - - [21/Mar/2026:12:47:45 -0300] "POST //xmlrpc.php HTTP/1.1" 200 407 "-" "Mozilla/5.0 (Windows NT 10.0; Win64; x64) AppleWebKit/537.36 (KHTML, like Gecko) Chrome/78.0.3904.108 Safari/537.36"
45.154.98.78 - - [21/Mar/2026:12:47:46 -0300] "POST //xmlrpc.php HTTP/1.1" 200 407 "-" "Mozilla/5.0 (Windows NT 10.0; Win64; x64) AppleWebKit/537.36 (KHTML, like Gecko) Chrome/78.0.3904.108 Safari/537.36"
45.154.98.78 - - [21/Mar/2026:12:47:46 -0300] "POST //xmlrpc.php HTTP/1.1" 200 407 "-" "Mozilla/5.0 (Windows NT 10.0; Win64; x64) AppleWebKit/537.36 (KHTML, like Gecko) Chrome/78.0.3904.108 Safari/537.36"
45.154.98.78 - - [21/Mar/2026:12:47:47 -0300] "POST //xmlrpc.php HTTP/1.1" 200 407 "-" "Mozilla/5.0 (Windows NT 10.0; Win64; x64) AppleWebKit/537.36 (KHTML, like Gecko) Chrome/78.0.3904.108 Safari/537.36"
45.154.98.78 - - [21/Mar/2026:12:47:48 -0300] "POST //xmlrpc.php HTTP/1.1" 200 407 "-" "Mozilla/5.0 (Windows NT 10.0; Win64; x64) AppleWebKit/537.36 (KHTML, like Gecko) Chrome/78.0.3904.108 Safari/537.36"
45.154.98.78 - - [21/Mar/2026:12:47:48 -0300] "POST //xmlrpc.php HTTP/1.1" 200 407 "-" "Mozilla/5.0 (Windows NT 10.0; Win64; x64) AppleWebKit/537.36 (KHTML, like Gecko) Chrome/78.0.3904.108 Safari/537.36"
45.154.98.78 - - [21/Mar/2026:12:47:49 -0300] "POST //xmlrpc.php HTTP/1.1" 200 407 "-" "Mozilla/5.0 (Windows NT 10.0; Win64; x64) AppleWebKit/537.36 (KHTML, like Gecko) Chrome/78.0.3904.108 Safari/537.36"
45.154.98.78 - - [21/Mar/2026:12:47:50 -0300] "POST //xmlrpc.php HTTP/1.1" 200 407 "-" "Mozilla/5.0 (Windows NT 10.0; Win64; x64) AppleWebKit/537.36 (KHTML, like Gecko) Chrome/78.0.3904.108 Safari/537.36"
198.244.240.241 - - [21/Mar/2026:12:47:50 -0300] "GET /2025/09/08/greatest-roulette-phoenix-sun-casino-added-bonus-no-deposit-roulette/ HTTP/1.1" 200 55499 "-" "Mozilla/5.0 (compatible; AhrefsBot/7.0; +http://ahrefs.com/robot/)"
66.249.70.35 - - [21/Mar/2026:12:47:50 -0300] "GET /policy/90010.php?shopdetail/2246498981 HTTP/1.1" 200 395084 "-" "Mozilla/5.0 (Linux; Android 6.0.1; Nexus 5X Build/MMB29P) AppleWebKit/537.36 (KHTML, like Gecko) Chrome/145.0.7632.159 Mobile Safari/537.36 (compatible; GoogleOther)"
45.154.98.78 - - [21/Mar/2026:12:47:50 -0300] "POST //xmlrpc.php HTTP/1.1" 200 407 "-" "Mozilla/5.0 (Windows NT 10.0; Win64; x64) AppleWebKit/537.36 (KHTML, like Gecko) Chrome/78.0.3904.108 Safari/537.36"
45.154.98.78 - - [21/Mar/2026:12:47:51 -0300] "POST //xmlrpc.php HTTP/1.1" 200 407 "-" "Mozilla/5.0 (Windows NT 10.0; Win64; x64) AppleWebKit/537.36 (KHTML, like Gecko) Chrome/78.0.3904.108 Safari/537.36"
45.154.98.78 - - [21/Mar/2026:12:47:52 -0300] "POST //xmlrpc.php HTTP/1.1" 200 407 "-" "Mozilla/5.0 (Windows NT 10.0; Win64; x64) AppleWebKit/537.36 (KHTML, like Gecko) Chrome/78.0.3904.108 Safari/537.36"
45.154.98.78 - - [21/Mar/2026:12:47:52 -0300] "POST //xmlrpc.php HTTP/1.1" 200 407 "-" "Mozilla/5.0 (Windows NT 10.0; Win64; x64) AppleWebKit/537.36 (KHTML, like Gecko) Chrome/78.0.3904.108 Safari/537.36"
191.101.114.54 - - [21/Mar/2026:12:47:53 -0300] "GET /wp-content/plugins/contact-form-7/includes/css/styles.css?ver=5.1.6 HTTP/1.1" 200 1645 "https://www.casadasbombasdeassis.com.br/2025/10/20/gambling-definition-australia/" "Mozilla/5.0 (Windows NT 10.0; Win64; x64) AppleWebKit/537.36 (KHTML, like Gecko) Chrome/143.0.0.0 Safari/537.36"
45.154.98.78 - - [21/Mar/2026:12:47:53 -0300] "POST //xmlrpc.php HTTP/1.1" 200 407 "-" "Mozilla/5.0 (Windows NT 10.0; Win64; x64) AppleWebKit/537.36 (KHTML, like Gecko) Chrome/78.0.3904.108 Safari/537.36"
45.154.98.78 - - [21/Mar/2026:12:47:54 -0300] "POST //xmlrpc.php HTTP/1.1" 200 407 "-" "Mozilla/5.0 (Windows NT 10.0; Win64; x64) AppleWebKit/537.36 (KHTML, like Gecko) Chrome/78.0.3904.108 Safari/537.36"
45.154.98.78 - - [21/Mar/2026:12:47:54 -0300] "POST //xmlrpc.php HTTP/1.1" 200 407 "-" "Mozilla/5.0 (Windows NT 10.0; Win64; x64) AppleWebKit/537.36 (KHTML, like Gecko) Chrome/78.0.3904.108 Safari/537.36"
191.101.114.54 - - [21/Mar/2026:12:47:55 -0300] "GET /wp-content/plugins/wonderplugin-carousel-trial/engine/wonderplugincarouselengine.css?ver=16.9 HTTP/1.1" 200 18710 "https://www.casadasbombasdeassis.com.br/2025/10/20/gambling-definition-australia/" "Mozilla/5.0 (Windows NT 10.0; Win64; x64) AppleWebKit/537.36 (KHTML, like Gecko) Chrome/143.0.0.0 Safari/537.36"
45.154.98.78 - - [21/Mar/2026:12:47:55 -0300] "POST //xmlrpc.php HTTP/1.1" 200 407 "-" "Mozilla/5.0 (Windows NT 10.0; Win64; x64) AppleWebKit/537.36 (KHTML, like Gecko) Chrome/78.0.3904.108 Safari/537.36"
45.154.98.78 - - [21/Mar/2026:12:47:55 -0300] "POST //xmlrpc.php HTTP/1.1" 200 407 "-" "Mozilla/5.0 (Windows NT 10.0; Win64; x64) AppleWebKit/537.36 (KHTML, like Gecko) Chrome/78.0.3904.108 Safari/537.36"
45.154.98.78 - - [21/Mar/2026:12:47:56 -0300] "POST //xmlrpc.php HTTP/1.1" 200 407 "-" "Mozilla/5.0 (Windows NT 10.0; Win64; x64) AppleWebKit/537.36 (KHTML, like Gecko) Chrome/78.0.3904.108 Safari/537.36"
45.154.98.78 - - [21/Mar/2026:12:47:57 -0300] "POST //xmlrpc.php HTTP/1.1" 200 407 "-" "Mozilla/5.0 (Windows NT 10.0; Win64; x64) AppleWebKit/537.36 (KHTML, like Gecko) Chrome/78.0.3904.108 Safari/537.36"
45.154.98.78 - - [21/Mar/2026:12:47:57 -0300] "POST //xmlrpc.php HTTP/1.1" 200 407 "-" "Mozilla/5.0 (Windows NT 10.0; Win64; x64) AppleWebKit/537.36 (KHTML, like Gecko) Chrome/78.0.3904.108 Safari/537.36"
191.101.114.54 - - [21/Mar/2026:12:47:58 -0300] "GET /wp-content/uploads/maxmegamenu/style.css?ver=86718a HTTP/1.1" 200 61613 "https://www.casadasbombasdeassis.com.br/2025/10/20/gambling-definition-australia/" "Mozilla/5.0 (Windows NT 10.0; Win64; x64) AppleWebKit/537.36 (KHTML, like Gecko) Chrome/143.0.0.0 Safari/537.36"
45.154.98.78 - - [21/Mar/2026:12:47:58 -0300] "POST //xmlrpc.php HTTP/1.1" 200 407 "-" "Mozilla/5.0 (Windows NT 10.0; Win64; x64) AppleWebKit/537.36 (KHTML, like Gecko) Chrome/78.0.3904.108 Safari/537.36"
45.154.98.78 - - [21/Mar/2026:12:47:58 -0300] "POST //xmlrpc.php HTTP/1.1" 200 407 "-" "Mozilla/5.0 (Windows NT 10.0; Win64; x64) AppleWebKit/537.36 (KHTML, like Gecko) Chrome/78.0.3904.108 Safari/537.36"
45.154.98.78 - - [21/Mar/2026:12:47:59 -0300] "POST //xmlrpc.php HTTP/1.1" 200 407 "-" "Mozilla/5.0 (Windows NT 10.0; Win64; x64) AppleWebKit/537.36 (KHTML, like Gecko) Chrome/78.0.3904.108 Safari/537.36"
45.154.98.78 - - [21/Mar/2026:12:48:00 -0300] "POST //xmlrpc.php HTTP/1.1" 200 407 "-" "Mozilla/5.0 (Windows NT 10.0; Win64; x64) AppleWebKit/537.36 (KHTML, like Gecko) Chrome/78.0.3904.108 Safari/537.36"
45.154.98.78 - - [21/Mar/2026:12:48:00 -0300] "POST //xmlrpc.php HTTP/1.1" 200 407 "-" "Mozilla/5.0 (Windows NT 10.0; Win64; x64) AppleWebKit/537.36 (KHTML, like Gecko) Chrome/78.0.3904.108 Safari/537.36"
45.154.98.78 - - [21/Mar/2026:12:48:01 -0300] "POST //xmlrpc.php HTTP/1.1" 200 407 "-" "Mozilla/5.0 (Windows NT 10.0; Win64; x64) AppleWebKit/537.36 (KHTML, like Gecko) Chrome/78.0.3904.108 Safari/537.36"
45.154.98.78 - - [21/Mar/2026:12:48:02 -0300] "POST //xmlrpc.php HTTP/1.1" 200 407 "-" "Mozilla/5.0 (Windows NT 10.0; Win64; x64) AppleWebKit/537.36 (KHTML, like Gecko) Chrome/78.0.3904.108 Safari/537.36"
51.89.129.179 - - [21/Mar/2026:12:48:03 -0300] "GET /2025/05/16/ucun-pinup-onlayn-kazino-oynamaq-azrbaycan-ucun-muasir-kazino-xidmti/ HTTP/1.1" 200 54134 "-" "Mozilla/5.0 (compatible; AhrefsBot/7.0; +http://ahrefs.com/robot/)"
45.154.98.78 - - [21/Mar/2026:12:48:03 -0300] "POST //xmlrpc.php HTTP/1.1" 200 407 "-" "Mozilla/5.0 (Windows NT 10.0; Win64; x64) AppleWebKit/537.36 (KHTML, like Gecko) Chrome/78.0.3904.108 Safari/537.36"
191.101.114.54 - - [21/Mar/2026:12:48:03 -0300] "GET /wp-includes/css/dashicons.min.css?ver=6.9.4 HTTP/1.1" 200 59004 "https://www.casadasbombasdeassis.com.br/2025/10/20/gambling-definition-australia/" "Mozilla/5.0 (Windows NT 10.0; Win64; x64) AppleWebKit/537.36 (KHTML, like Gecko) Chrome/143.0.0.0 Safari/537.36"
191.101.114.54 - - [21/Mar/2026:12:48:08 -0300] "GET /wp-content/themes/twentytwenty/style.css?ver=1.1 HTTP/1.1" 200 337432 "https://www.casadasbombasdeassis.com.br/2025/10/20/gambling-definition-australia/" "Mozilla/5.0 (Windows NT 10.0; Win64; x64) AppleWebKit/537.36 (KHTML, like Gecko) Chrome/143.0.0.0 Safari/537.36"
15.235.145.198 - - [21/Mar/2026:12:48:07 -0300] "GET /2025/10/06/alle-wettanbieter-deutschland/ HTTP/1.1" 200 717690 "https://www.casadasbombasdeassis.com.br/" "Mozilla/5.0 (X11; Linux i686; rv:114.0) Gecko/20100101 Firefox/114.0"
51.89.129.141 - - [21/Mar/2026:12:48:11 -0300] "GET /2025/10/20/amunra-gutschein-10-euro-5/ HTTP/1.1" 200 48693 "-" "Mozilla/5.0 (compatible; AhrefsBot/7.0; +http://ahrefs.com/robot/)"
15.235.145.198 - - [21/Mar/2026:12:48:11 -0300] "POST /wp-comments-post.php HTTP/1.1" 302 - "https://www.casadasbombasdeassis.com.br/2025/10/06/alle-wettanbieter-deutschland/" "Mozilla/5.0 (X11; Linux i686; rv:114.0) Gecko/20100101 Firefox/114.0"
15.235.145.198 - - [21/Mar/2026:12:48:12 -0300] "GET /2025/10/06/alle-wettanbieter-deutschland/ HTTP/1.1" 200 719554 "https://www.casadasbombasdeassis.com.br/wp-comments-post.php" "Mozilla/5.0 (X11; Linux i686; rv:114.0) Gecko/20100101 Firefox/114.0"
15.235.145.198 - - [21/Mar/2026:12:48:15 -0300] "GET /2025/10/06/alle-wettanbieter-deutschland/ HTTP/1.1" 200 719554 "-" "Mozilla/5.0 (X11; Linux i686; rv:114.0) Gecko/20100101 Firefox/114.0"
51.89.129.117 - - [21/Mar/2026:12:48:23 -0300] "GET /2025/09/17/1xbet-%E0%A6%AF%E0%A7%81%E0%A6%95%E0%A7%8D%E0%A6%A4-%E0%A6%AC%E0%A7%8B%E0%A6%A8%E0%A6%BE%E0%A6%B8-%E0%A6%8F%E0%A6%AC%E0%A6%82-%E0%A6%AC%E0%A6%B0%E0%A7%8D%E0%A6%A4%E0%A6%AE%E0%A6%BE%E0%A6%A8-%E0%A6%95/ HTTP/1.1" 200 58222 "-" "Mozilla/5.0 (compatible; AhrefsBot/7.0; +http://ahrefs.com/robot/)"
191.101.114.54 - - [21/Mar/2026:12:48:26 -0300] "GET /wp-content/themes/twentytwenty/print.css?ver=1.1 HTTP/1.1" 200 2574 "https://www.casadasbombasdeassis.com.br/2025/10/20/gambling-definition-australia/" "Mozilla/5.0 (Windows NT 10.0; Win64; x64) AppleWebKit/537.36 (KHTML, like Gecko) Chrome/143.0.0.0 Safari/537.36"
191.101.114.54 - - [21/Mar/2026:12:48:30 -0300] "GET /wp-content/uploads/font-organizer/fo-declarations.css?ver=6.9.4 HTTP/1.1" 200 513 "https://www.casadasbombasdeassis.com.br/2025/10/20/gambling-definition-australia/" "Mozilla/5.0 (Windows NT 10.0; Win64; x64) AppleWebKit/537.36 (KHTML, like Gecko) Chrome/143.0.0.0 Safari/537.36"
191.101.114.54 - - [21/Mar/2026:12:48:33 -0300] "GET /wp-content/uploads/font-organizer/fo-elements.css?ver=6.9.4 HTTP/1.1" 200 234 "https://www.casadasbombasdeassis.com.br/2025/10/20/gambling-definition-australia/" "Mozilla/5.0 (Windows NT 10.0; Win64; x64) AppleWebKit/537.36 (KHTML, like Gecko) Chrome/143.0.0.0 Safari/537.36"
191.101.114.54 - - [21/Mar/2026:12:48:35 -0300] "POST /wp-comments-post.php HTTP/1.1" 302 - "https://www.casadasbombasdeassis.com.br/2025/10/20/gambling-definition-australia/" "Mozilla/5.0 (Windows NT 6.3; Win64; x64) AppleWebKit/537.36 (KHTML, like Gecko) Chrome/103.0.0.0 Safari/537.36"
191.101.114.54 - - [21/Mar/2026:12:48:38 -0300] "GET /2025/10/20/gambling-definition-australia/ HTTP/1.1" 200 170582 "https://www.casadasbombasdeassis.com.br/wp-comments-post.php" "Mozilla/5.0 (Windows NT 6.3; Win64; x64) AppleWebKit/537.36 (KHTML, like Gecko) Chrome/103.0.0.0 Safari/537.36"
51.195.215.102 - - [21/Mar/2026:12:48:38 -0300] "GET /2025/10/16/lobstermania-neue-blueprint-gemix-slotspiel-je-space-christmas-slot-echtes-bares-slots-slots-spielbank-app-apps-on-google-play-bijenale/ HTTP/1.1" 200 56160 "-" "Mozilla/5.0 (compatible; AhrefsBot/7.0; +http://ahrefs.com/robot/)"
198.244.168.191 - - [21/Mar/2026:12:48:45 -0300] "GET /2025/08/26/gonzos-quest-slot-on-the-internet-spielen-i-get-dreams-100-free-spins-no-deposit-freispiele-i-netent/ HTTP/1.1" 200 55025 "-" "Mozilla/5.0 (compatible; AhrefsBot/7.0; +http://ahrefs.com/robot/)"
191.101.114.54 - - [21/Mar/2026:12:48:51 -0300] "GET /2025/10/20/gambling-definition-australia/ HTTP/1.1" 200 170582 "-" "Mozilla/5.0 (Windows NT 6.3; Win64; x64) AppleWebKit/537.36 (KHTML, like Gecko) Chrome/103.0.0.0 Safari/537.36"
51.195.183.74 - - [21/Mar/2026:12:48:55 -0300] "GET /2025/08/17/experience-the-thrill-of-pinup-casino-play-online-in-english-from-nigeria/ HTTP/1.1" 200 50828 "-" "Mozilla/5.0 (compatible; AhrefsBot/7.0; +http://ahrefs.com/robot/)"
103.15.222.42 - - [21/Mar/2026:12:48:56 -0300] "GET /2025/10/06/karamba-willkommensbonus/ HTTP/1.1" 200 393990 "-" "Mozilla/5.0 (Windows NT 10.0; Win64; x64) AppleWebKit/537.36 (KHTML, like Gecko) Chrome/114.0.0.0 Safari/537.36 Vivaldi/5.3.2679.68"
66.249.70.35 - - [21/Mar/2026:12:49:09 -0300] "GET /policy/90010.php?shopdetail/3355925565 HTTP/1.1" 200 393852 "-" "Mozilla/5.0 (Linux; Android 6.0.1; Nexus 5X Build/MMB29P) AppleWebKit/537.36 (KHTML, like Gecko) Chrome/145.0.7632.159 Mobile Safari/537.36 (compatible; GoogleOther)"
198.244.183.112 - - [21/Mar/2026:12:49:19 -0300] "GET /2024/09/29/%D0%BE%D0%BD%D0%BB%D0%B0%D0%B9%D0%BD-%D0%BA%D0%B0%D0%B7%D0%B8%D0%BD%D0%BE-%D0%BA%D0%BE%D0%BC%D0%B5%D1%82%D0%B0-%D0%B7%D0%B5%D1%80%D0%BA%D0%B0%D0%BB%D0%BE-%D0%BA%D0%B0%D0%B7%D0%B8%D0%BD%D0%BE-kometa-2/ HTTP/1.1" 200 66389 "-" "Mozilla/5.0 (compatible; AhrefsBot/7.0; +http://ahrefs.com/robot/)"
198.244.226.105 - - [21/Mar/2026:12:49:27 -0300] "GET /2025/01/20/play-group-birdies-position-demo-from-the-tornado-game-on-the-internet/ HTTP/1.1" 200 51301 "-" "Mozilla/5.0 (compatible; AhrefsBot/7.0; +http://ahrefs.com/robot/)"
157.55.39.49 - - [21/Mar/2026:12:49:32 -0300] "GET /?40ejgdy664506caa HTTP/1.1" 200 405790 "-" "Mozilla/5.0 AppleWebKit/537.36 (KHTML, like Gecko; compatible; bingbot/2.0; +http://www.bing.com/bingbot.htm) Chrome/116.0.1938.76 Safari/537.36"
198.244.168.107 - - [21/Mar/2026:12:49:34 -0300] "GET /2025/10/09/loto-club-dolzhnostnoy-sayt-interaktivnyy-loto-igraysya-bezvozmezdno-vo-aviaklub-loto/ HTTP/1.1" 200 51588 "-" "Mozilla/5.0 (compatible; AhrefsBot/7.0; +http://ahrefs.com/robot/)"
51.195.215.179 - - [21/Mar/2026:12:49:38 -0300] "GET /2025/09/10/mostbet-casino-login-official-website-online-600/ HTTP/1.1" 200 56604 "-" "Mozilla/5.0 (compatible; AhrefsBot/7.0; +http://ahrefs.com/robot/)"
209.145.58.97 - - [21/Mar/2026:12:49:44 -0300] "POST /wp-cron.php?doing_wp_cron=1774108183.9969010353088378906250 HTTP/1.1" 200 - "-" "WordPress/6.9.4; https://www.casadasbombasdeassis.com.br"
23.90.184.36 - - [21/Mar/2026:12:49:42 -0300] "POST /xmlrpc.php HTTP/1.1" 200 181 "-" "Mozilla/5.0 (Windows NT 10.0; Win64; x64) AppleWebKit/537.36 (KHTML, like Gecko) Chrome/114.0.0.0 Safari/537.36"
198.244.168.159 - - [21/Mar/2026:12:49:46 -0300] "GET /2025/10/17/beyond-restrictions-find-your-ideal-online-casino/ HTTP/1.1" 200 57659 "-" "Mozilla/5.0 (compatible; AhrefsBot/7.0; +http://ahrefs.com/robot/)"
23.90.184.36 - - [21/Mar/2026:12:49:49 -0300] "POST /xmlrpc.php HTTP/1.1" 200 8782 "-" "Mozilla/5.0 (Windows NT 10.0; Win64; x64) AppleWebKit/537.36 (KHTML, like Gecko) Chrome/114.0.0.0 Safari/537.36"
23.90.184.36 - - [21/Mar/2026:12:49:50 -0300] "GET /2026/03/21/top-casinos-on-the-internet-for-the-2025-real-cash-websites-incentives/ HTTP/1.1" 200 48242 "-" "Mozilla/5.0 (Windows NT 10.0; Win64; x64) AppleWebKit/537.36 (KHTML, like Gecko) Chrome/109.0.0.0 Safari/537.36"
198.244.168.236 - - [21/Mar/2026:12:49:55 -0300] "GET /2025/09/10/vavada-zerkalo-vhod-na-oficialnyj-sajt-429/ HTTP/1.1" 200 57656 "-" "Mozilla/5.0 (compatible; AhrefsBot/7.0; +http://ahrefs.com/robot/)"
51.195.244.136 - - [21/Mar/2026:12:50:13 -0300] "GET /2025/09/13/promokod-1xbet-kz-vozmite-seychas-vo-vremya-registrirovaniya-kak-ispolzovat-aktualnyy-promokod-vo-1xbet/ HTTP/1.1" 200 56735 "-" "Mozilla/5.0 (compatible; AhrefsBot/7.0; +http://ahrefs.com/robot/)"
66.249.70.37 - - [21/Mar/2026:12:50:13 -0300] "GET /policy/90010.php?shopdetail/1604953595 HTTP/1.1" 200 395751 "-" "Mozilla/5.0 (Linux; Android 6.0.1; Nexus 5X Build/MMB29P) AppleWebKit/537.36 (KHTML, like Gecko) Chrome/145.0.7632.159 Mobile Safari/537.36 (compatible; GoogleOther)"
103.136.107.114 - - [21/Mar/2026:12:50:13 -0300] "GET /2025/11/11/meilleur-site-pari-sportif/ HTTP/1.1" 200 220732 "https://www.casadasbombasdeassis.com.br/" "Mozilla/5.0 (Macintosh; Intel Mac OS X 12_5) AppleWebKit/537.36 (KHTML, like Gecko) Chrome/114.0.0.0 Safari/537.36 Edg/114.0.1264.71"
103.136.107.114 - - [21/Mar/2026:12:50:19 -0300] "POST /wp-comments-post.php HTTP/1.1" 302 - "https://www.casadasbombasdeassis.com.br/2025/11/11/meilleur-site-pari-sportif/" "Mozilla/5.0 (Macintosh; Intel Mac OS X 12_5) AppleWebKit/537.36 (KHTML, like Gecko) Chrome/114.0.0.0 Safari/537.36 Edg/114.0.1264.71"
103.136.107.114 - - [21/Mar/2026:12:50:21 -0300] "GET /2025/11/11/meilleur-site-pari-sportif/ HTTP/1.1" 200 222587 "https://www.casadasbombasdeassis.com.br/wp-comments-post.php" "Mozilla/5.0 (Macintosh; Intel Mac OS X 12_5) AppleWebKit/537.36 (KHTML, like Gecko) Chrome/114.0.0.0 Safari/537.36 Edg/114.0.1264.71"
198.244.242.189 - - [21/Mar/2026:12:50:22 -0300] "GET / HTTP/1.1" 200 272627 "-" "Mozilla/5.0 (compatible; AhrefsBot/7.0; +http://ahrefs.com/robot/)"
103.136.107.114 - - [21/Mar/2026:12:50:23 -0300] "GET /2025/11/11/meilleur-site-pari-sportif/ HTTP/1.1" 200 222587 "-" "Mozilla/5.0 (Macintosh; Intel Mac OS X 12_5) AppleWebKit/537.36 (KHTML, like Gecko) Chrome/114.0.0.0 Safari/537.36 Edg/114.0.1264.71"
51.89.129.83 - - [21/Mar/2026:12:50:40 -0300] "GET /2025/08/06/green-panther-ports-5-added-bonus-game-2-modern-jackpots-igrosoft-slots-online-free-revolves/ HTTP/1.1" 200 50129 "-" "Mozilla/5.0 (compatible; AhrefsBot/7.0; +http://ahrefs.com/robot/)"
51.195.183.243 - - [21/Mar/2026:12:50:56 -0300] "GET /2025/05/12/book-champagne-1-depozyt-of-ra-deluxe-slot-rozrywka-za-darmo-recenzja/ HTTP/1.1" 200 52726 "-" "Mozilla/5.0 (compatible; AhrefsBot/7.0; +http://ahrefs.com/robot/)"
209.145.58.97 - - [21/Mar/2026:12:51:07 -0300] "POST /wp-cron.php?doing_wp_cron=1774108267.4072570800781250000000 HTTP/1.1" 200 - "-" "WordPress/6.9.4; https://www.casadasbombasdeassis.com.br"
23.90.184.36 - - [21/Mar/2026:12:51:06 -0300] "POST /xmlrpc.php HTTP/1.1" 200 181 "-" "Mozilla/5.0 (Windows NT 10.0; Win64; x64) AppleWebKit/537.36 (KHTML, like Gecko) Chrome/114.0.0.0 Safari/537.36"
23.90.184.36 - - [21/Mar/2026:12:51:14 -0300] "POST /xmlrpc.php HTTP/1.1" 200 8633 "-" "Mozilla/5.0 (Windows NT 10.0; Win64; x64) AppleWebKit/537.36 (KHTML, like Gecko) Chrome/114.0.0.0 Safari/537.36"
23.90.184.36 - - [21/Mar/2026:12:51:15 -0300] "GET /2026/03/21/top-10-illinois-a-real-income-web-based-casinos-playing-inside-il-2025-3/ HTTP/1.1" 200 48135 "-" "Mozilla/5.0 (Windows NT 10.0; Win64; x64) AppleWebKit/537.36 (KHTML, like Gecko) Chrome/123.0.0.0 Safari/537.36"
66.249.70.37 - - [21/Mar/2026:12:51:16 -0300] "GET /policy/90010.php?shopdetail/817873523 HTTP/1.1" 200 400965 "-" "Mozilla/5.0 (Linux; Android 6.0.1; Nexus 5X Build/MMB29P) AppleWebKit/537.36 (KHTML, like Gecko) Chrome/145.0.7632.159 Mobile Safari/537.36 (compatible; GoogleOther)"
51.195.244.131 - - [21/Mar/2026:12:51:17 -0300] "GET /2025/05/07/20-awesome-gorgeous-slot-game-free-play-trial-because-of-the-egt-100-percent-free-for-real-currency/ HTTP/1.1" 200 49412 "-" "Mozilla/5.0 (compatible; AhrefsBot/7.0; +http://ahrefs.com/robot/)"
209.145.58.97 - - [21/Mar/2026:12:51:20 -0300] "POST /wp-cron.php?doing_wp_cron=1774108280.6141591072082519531250 HTTP/1.1" 200 - "-" "WordPress/6.9.4; https://www.casadasbombasdeassis.com.br"
157.90.114.254 - - [21/Mar/2026:12:51:19 -0300] "POST /xmlrpc.php HTTP/1.1" 200 181 "-" "Mozilla/5.0 (Windows NT 10.0; Win64; x64) AppleWebKit/537.36 (KHTML, like Gecko) Chrome/108.0.0.0 Safari/537.36"
157.90.114.254 - - [21/Mar/2026:12:51:21 -0300] "POST /xmlrpc.php HTTP/1.1" 200 10389 "-" "Mozilla/5.0 (Windows NT 10.0; Win64; x64) AppleWebKit/537.36 (KHTML, like Gecko) Chrome/108.0.0.0 Safari/537.36"
157.90.114.254 - - [21/Mar/2026:12:51:24 -0300] "GET /2026/03/21/betrouwbare-legale-online-casino-s-nederland-lijst-voor-2025/ HTTP/1.1" 200 49816 "-" "Mozilla/5.0 (Windows NT 10.0; Win64; x64) AppleWebKit/537.36 (KHTML, like Gecko) Chrome/108.0.0.0 Safari/537.36"
45.130.203.174 - - [21/Mar/2026:12:51:25 -0300] "GET /2025/11/14/head-100-free-spins-no-deposit-casino-2025-cooks-gambling-enterprise-nz-a-hundred-100-percent-free-spins-to-have-5/ HTTP/1.1" 200 53360 "-" "Python-urllib/3.10"
198.244.242.192 - - [21/Mar/2026:12:51:30 -0300] "GET /2025/09/03/mnenie-i-pregled-na-prilozhenieto-bombastic-kazino-razsledvane-na-khazartnoto-predpriyatie-1xbet-ot-gla-na-blekdzhek/ HTTP/1.1" 200 60319 "-" "Mozilla/5.0 (compatible; AhrefsBot/7.0; +http://ahrefs.com/robot/)"
51.195.183.163 - - [21/Mar/2026:12:51:43 -0300] "GET /2025/10/18/1xbet-okcusu-su-anda-2021-resmi-sitede-calisiyor-1xbet-222/ HTTP/1.1" 200 51476 "-" "Mozilla/5.0 (compatible; AhrefsBot/7.0; +http://ahrefs.com/robot/)"
66.249.70.35 - - [21/Mar/2026:12:51:48 -0300] "GET /policy/90010.php?shopdetail/3377380594 HTTP/1.1" 200 392163 "-" "Mozilla/5.0 (Linux; Android 6.0.1; Nexus 5X Build/MMB29P) AppleWebKit/537.36 (KHTML, like Gecko) Chrome/145.0.7632.159 Mobile Safari/537.36 (compatible; GoogleOther)"
198.244.226.228 - - [21/Mar/2026:12:52:02 -0300] "GET /2025/10/03/nomad-casino-onlajn-v-kazahstane-257/ HTTP/1.1" 200 61831 "-" "Mozilla/5.0 (compatible; AhrefsBot/7.0; +http://ahrefs.com/robot/)"
198.244.242.26 - - [21/Mar/2026:12:52:14 -0300] "GET /2025/05/06/habanero-trial-harbors-play-for-100-percent-free-otherwise-real-ivan-and-the-immortal-king-online-slot-money/ HTTP/1.1" 200 53610 "-" "Mozilla/5.0 (compatible; AhrefsBot/7.0; +http://ahrefs.com/robot/)"
66.249.70.36 - - [21/Mar/2026:12:52:19 -0300] "GET /policy/90010.php?shopdetail/2881435472 HTTP/1.1" 200 385813 "-" "Mozilla/5.0 (Linux; Android 6.0.1; Nexus 5X Build/MMB29P) AppleWebKit/537.36 (KHTML, like Gecko) Chrome/145.0.7632.159 Mobile Safari/537.36 (compatible; GoogleOther)"
209.145.58.97 - - [21/Mar/2026:12:52:35 -0300] "POST /wp-cron.php?doing_wp_cron=1774108355.0698459148406982421875 HTTP/1.1" 200 - "-" "WordPress/6.9.4; https://www.casadasbombasdeassis.com.br"
23.90.184.36 - - [21/Mar/2026:12:52:33 -0300] "POST /xmlrpc.php HTTP/1.1" 200 181 "-" "Mozilla/5.0 (Windows NT 10.0; Win64; x64) AppleWebKit/537.36 (KHTML, like Gecko) Chrome/114.0.0.0 Safari/537.36"
23.90.184.36 - - [21/Mar/2026:12:52:41 -0300] "POST /xmlrpc.php HTTP/1.1" 200 8143 "-" "Mozilla/5.0 (Windows NT 10.0; Win64; x64) AppleWebKit/537.36 (KHTML, like Gecko) Chrome/114.0.0.0 Safari/537.36"
23.90.184.36 - - [21/Mar/2026:12:52:42 -0300] "GET /2026/03/21/online-game-weighting-is-the-portion-of-your-own-choice-that-really-matters-to-your-fulfilling-the-latest-betting-requirements/ HTTP/1.1" 200 47845 "-" "Mozilla/5.0 (Windows NT 10.0; rv:109.0) Gecko/20100101 Firefox/115.0"
54.38.147.121 - - [21/Mar/2026:12:52:47 -0300] "GET /2025/09/30/kitsunes-scrolls-trial-appreciate-29-100-percent-free-spins-wizard-from-ounce-free-position-game/ HTTP/1.1" 200 53424 "-" "Mozilla/5.0 (compatible; AhrefsBot/7.0; +http://ahrefs.com/robot/)"
66.249.70.36 - - [21/Mar/2026:12:52:51 -0300] "GET /policy/90010.php?shopdetail/720301257 HTTP/1.1" 200 376641 "-" "Mozilla/5.0 (Linux; Android 6.0.1; Nexus 5X Build/MMB29P) AppleWebKit/537.36 (KHTML, like Gecko) Chrome/145.0.7632.159 Mobile Safari/537.36 (compatible; GoogleOther)"
198.244.240.79 - - [21/Mar/2026:12:52:54 -0300] "GET /2025/05/15/mostbet-bukmekerskaya-kontora-i-kazino-onlayn-mostbet/ HTTP/1.1" 200 62409 "-" "Mozilla/5.0 (compatible; AhrefsBot/7.0; +http://ahrefs.com/robot/)"
66.249.70.37 - - [21/Mar/2026:12:53:24 -0300] "GET /policy/90010.php?shopdetail/3262107932 HTTP/1.1" 200 388644 "-" "Mozilla/5.0 (Linux; Android 6.0.1; Nexus 5X Build/MMB29P) AppleWebKit/537.36 (KHTML, like Gecko) Chrome/145.0.7632.159 Mobile Safari/537.36 (compatible; GoogleOther)"
51.89.129.235 - - [21/Mar/2026:12:53:27 -0300] "GET /2025/09/30/shell-out-post-and-save-money-that-enchanted-mermaid-offers-have-paypal/ HTTP/1.1" 200 53234 "-" "Mozilla/5.0 (compatible; AhrefsBot/7.0; +http://ahrefs.com/robot/)"
162.55.132.54 - - [21/Mar/2026:12:53:35 -0300] "GET /2025/05/29/valkomstbonus-ingen-insattning-online-casino-2/ HTTP/1.0" 200 2558843 "https://www.casadasbombasdeassis.com.br/2025/05/29/valkomstbonus-ingen-insattning-online-casino-2/#comment-6446" "Mozilla/5.0 (Windows NT 10.0; Win64; x64) AppleWebKit/537.36 (KHTML, like Gecko) Chrome/103.0.5060.134 Safari/537.36"
162.55.132.54 - - [21/Mar/2026:12:53:41 -0300] "POST /wp-comments-post.php HTTP/1.0" 302 - "https://www.casadasbombasdeassis.com.br/2025/05/29/valkomstbonus-ingen-insattning-online-casino-2/#comment-6446" "Mozilla/5.0 (Windows NT 10.0; Win64; x64) AppleWebKit/537.36 (KHTML, like Gecko) Chrome/103.0.5060.134 Safari/537.36"
51.195.244.53 - - [21/Mar/2026:12:53:42 -0300] "GET /2025/05/14/1xbet-%E0%A4%AA%E0%A5%8D%E0%A4%B0%E0%A5%8B%E0%A4%AE%E0%A5%8B-%E0%A4%AA%E0%A4%BE%E0%A4%B8%E0%A4%B5%E0%A4%B0%E0%A5%8D%E0%A4%A1-%E0%A5%A8%E0%A5%A6%E0%A5%A8%E0%A5%AB-bcvip-%E0%A5%A7%E0%A5%A9%E0%A5%A6/ HTTP/1.1" 200 62914 "-" "Mozilla/5.0 (compatible; AhrefsBot/7.0; +http://ahrefs.com/robot/)"
162.55.132.54 - - [21/Mar/2026:12:53:42 -0300] "GET /2025/05/29/valkomstbonus-ingen-insattning-online-casino-2/ HTTP/1.0" 200 2561017 "https://www.casadasbombasdeassis.com.br/2025/05/29/valkomstbonus-ingen-insattning-online-casino-2/#comment-47647" "Mozilla/5.0 (Windows NT 10.0; Win64; x64) AppleWebKit/537.36 (KHTML, like Gecko) Chrome/103.0.5060.134 Safari/537.36"
51.195.244.118 - - [21/Mar/2026:12:53:53 -0300] "GET /2025/08/11/det-bedste-spilleban-medmindre-rofus-som-2025/ HTTP/1.1" 200 54882 "-" "Mozilla/5.0 (compatible; AhrefsBot/7.0; +http://ahrefs.com/robot/)"
66.249.70.35 - - [21/Mar/2026:12:53:56 -0300] "GET /policy/90010.php?shopdetail/2080696324 HTTP/1.1" 200 371065 "-" "Mozilla/5.0 (Linux; Android 6.0.1; Nexus 5X Build/MMB29P) AppleWebKit/537.36 (KHTML, like Gecko) Chrome/145.0.7632.159 Mobile Safari/537.36 (compatible; GoogleOther)"
51.89.129.116 - - [21/Mar/2026:12:54:08 -0300] "GET /2025/05/07/the-evolution-of-live-dealer-games-in-online-26-2/ HTTP/1.1" 200 47875 "-" "Mozilla/5.0 (compatible; AhrefsBot/7.0; +http://ahrefs.com/robot/)"
51.195.244.201 - - [21/Mar/2026:12:54:12 -0300] "GET /2025/08/11/online-casinos-uber-gewinnchancen-colossus-kingdom-gewinner-auszahlungsquote-top-gewinnchance-2025/ HTTP/1.1" 200 52062 "-" "Mozilla/5.0 (compatible; AhrefsBot/7.0; +http://ahrefs.com/robot/)"
40.77.167.51 - - [21/Mar/2026:12:54:12 -0300] "GET /2025/10/07/octopus-religious-meaning-symbolism-and-you-may-knowledge/ HTTP/1.1" 200 379915 "-" "Mozilla/5.0 AppleWebKit/537.36 (KHTML, like Gecko; compatible; bingbot/2.0; +http://www.bing.com/bingbot.htm) Chrome/116.0.1938.76 Safari/537.36"
40.77.167.51 - - [21/Mar/2026:12:54:13 -0300] "GET /?40ewahz5142106caa HTTP/1.1" 200 405793 "-" "Mozilla/5.0 AppleWebKit/537.36 (KHTML, like Gecko; compatible; bingbot/2.0; +http://www.bing.com/bingbot.htm) Chrome/116.0.1938.76 Safari/537.36"
40.77.167.51 - - [21/Mar/2026:12:54:13 -0300] "GET /?91etrjz1167906a29 HTTP/1.1" 200 374734 "-" "Mozilla/5.0 AppleWebKit/537.36 (KHTML, like Gecko; compatible; bingbot/2.0; +http://www.bing.com/bingbot.htm) Chrome/116.0.1938.76 Safari/537.36"
54.38.147.205 - - [21/Mar/2026:12:54:25 -0300] "GET /2025/10/15/pacanele-online-recomandate-conj-fairspin-casino-fara-coduri-promotionale-de-depozit-jucatorii-romani-2024/ HTTP/1.1" 200 50501 "-" "Mozilla/5.0 (compatible; AhrefsBot/7.0; +http://ahrefs.com/robot/)"
66.249.70.35 - - [21/Mar/2026:12:54:26 -0300] "GET /policy/90010.php?shopdetail/3172598042 HTTP/1.1" 200 397176 "-" "Mozilla/5.0 (Linux; Android 6.0.1; Nexus 5X Build/MMB29P) AppleWebKit/537.36 (KHTML, like Gecko) Chrome/145.0.7632.159 Mobile Safari/537.36 (compatible; GoogleOther)"
66.249.70.36 - - [21/Mar/2026:12:54:58 -0300] "GET /policy/90010.php?shopdetail/4066049300 HTTP/1.1" 200 413193 "-" "Mozilla/5.0 (Linux; Android 6.0.1; Nexus 5X Build/MMB29P) AppleWebKit/537.36 (KHTML, like Gecko) Chrome/145.0.7632.159 Mobile Safari/537.36 (compatible; GoogleOther)"
51.89.129.112 - - [21/Mar/2026:12:54:59 -0300] "GET /2024/08/13/%D0%BA%D0%B0%D0%BA-%D0%B2%D0%BE%D0%B9%D1%82%D0%B8-%D0%B2-%D0%BE%D0%BD%D0%BB%D0%B0%D0%B9%D0%BD-%D0%BA%D0%B0%D0%B7%D0%B8%D0%BD%D0%BE-%D0%BA%D0%BE%D0%BC%D0%B5%D1%82%D0%B0/ HTTP/1.1" 200 56931 "-" "Mozilla/5.0 (compatible; AhrefsBot/7.0; +http://ahrefs.com/robot/)"
103.15.222.42 - - [21/Mar/2026:12:55:10 -0300] "GET /2025/10/06/karamba-willkommensbonus/ HTTP/1.1" 200 393990 "-" "Mozilla/5.0 (Windows NT 10.0; Win64; x64) AppleWebKit/537.36 (KHTML, like Gecko) Chrome/114.0.0.0 Safari/537.36 Vivaldi/5.3.2679.68"
198.244.240.185 - - [21/Mar/2026:12:55:13 -0300] "GET /2025/10/05/diese-besten-krypto-und-merlins-millions-spielstellen-bitcoin-slots-websites-2024/ HTTP/1.1" 200 51602 "-" "Mozilla/5.0 (compatible; AhrefsBot/7.0; +http://ahrefs.com/robot/)"
194.165.16.5 - - [21/Mar/2026:12:55:14 -0300] "GET /wp-login.php HTTP/1.1" 200 9622 "-" "Mozilla/5.0 (Windows NT 10.0; Win64; x64; rv:127.0) Gecko/20100101 Firefox/127.0"
209.145.58.97 - - [21/Mar/2026:12:55:16 -0300] "POST /wp-cron.php?doing_wp_cron=1774108516.2324390411376953125000 HTTP/1.1" 200 - "-" "WordPress/6.9.4; https://www.casadasbombasdeassis.com.br"
194.165.16.5 - - [21/Mar/2026:12:55:15 -0300] "POST /xmlrpc.php HTTP/1.1" 200 181 "-" "Mozilla/5.0 (Windows NT 10.0; Win64; x64; rv:127.0) Gecko/20100101 Firefox/127.0"
194.165.16.5 - - [21/Mar/2026:12:55:17 -0300] "POST /xmlrpc.php HTTP/1.1" 200 7405 "-" "Mozilla/5.0 (Macintosh; Intel Mac OS X 13_5) AppleWebKit/605.1.15 (KHTML, like Gecko) Version/17.5 Safari/605.1.15"
198.244.226.51 - - [21/Mar/2026:12:55:18 -0300] "GET /2025/10/18/1xbet-kz-tikish-va-qimor-uyi-1xbet-kz-200-bonus-bilan-yuklab-olish/ HTTP/1.1" 200 55414 "-" "Mozilla/5.0 (compatible; AhrefsBot/7.0; +http://ahrefs.com/robot/)"
66.249.70.35 - - [21/Mar/2026:12:55:29 -0300] "GET /policy/90010.php?shopdetail/1388926444 HTTP/1.1" 200 384442 "-" "Mozilla/5.0 (Linux; Android 6.0.1; Nexus 5X Build/MMB29P) AppleWebKit/537.36 (KHTML, like Gecko) Chrome/145.0.7632.159 Mobile Safari/537.36 (compatible; GoogleOther)"
198.244.240.194 - - [21/Mar/2026:12:55:32 -0300] "GET /2025/10/10/king-away-strike-it-rich-slot-games-from-atlantis-position-opinion-2025-100-percent-free-a-real-income-gamble-here/ HTTP/1.1" 200 50572 "-" "Mozilla/5.0 (compatible; AhrefsBot/7.0; +http://ahrefs.com/robot/)"
198.244.183.90 - - [21/Mar/2026:12:55:43 -0300] "GET /2025/10/20/for-brand-new-participants-seeking-to-join-ruby-ports-gambling-enterprise-the-fresh-new-membership-processes-could-have-been-smooth-with-the-sign-on-advancements/ HTTP/1.1" 200 49214 "-" "Mozilla/5.0 (compatible; AhrefsBot/7.0; +http://ahrefs.com/robot/)"
194.165.16.5 - - [21/Mar/2026:12:55:46 -0300] "GET /wp-login.php HTTP/1.1" 200 9622 "-" "Mozilla/5.0 (Windows NT 10.0; Win64; x64) AppleWebKit/537.36 (KHTML, like Gecko) Chrome/124.0.6367.207 Safari/537.36"
209.145.58.97 - - [21/Mar/2026:12:55:47 -0300] "POST /wp-cron.php?doing_wp_cron=1774108547.8397290706634521484375 HTTP/1.1" 200 - "-" "WordPress/6.9.4; https://www.casadasbombasdeassis.com.br"
194.165.16.5 - - [21/Mar/2026:12:55:46 -0300] "POST /xmlrpc.php HTTP/1.1" 200 181 "-" "Mozilla/5.0 (Windows NT 10.0; Win64; x64) AppleWebKit/537.36 (KHTML, like Gecko) Chrome/124.0.6367.207 Safari/537.36"
194.165.16.5 - - [21/Mar/2026:12:55:48 -0300] "POST /xmlrpc.php HTTP/1.1" 200 6997 "-" "Mozilla/5.0 (Windows NT 10.0; Win64; x64; rv:127.0) Gecko/20100101 Firefox/127.0"
198.244.183.125 - - [21/Mar/2026:12:55:55 -0300] "GET /2025/05/16/5-put-casino-nz-5-nzd-put-gambling-enterprises-2025/ HTTP/1.1" 200 50397 "-" "Mozilla/5.0 (compatible; AhrefsBot/7.0; +http://ahrefs.com/robot/)"
66.249.70.36 - - [21/Mar/2026:12:56:01 -0300] "GET /sitemap/index.html HTTP/1.1" 200 398981 "-" "Mozilla/5.0 (Linux; Android 6.0.1; Nexus 5X Build/MMB29P) AppleWebKit/537.36 (KHTML, like Gecko) Chrome/145.0.7632.159 Mobile Safari/537.36 (compatible; GoogleOther)"
198.244.183.81 - - [21/Mar/2026:12:56:06 -0300] "GET /2025/08/09/better-1-put-gambling-enterprises-canada-2025-appreciate-pokie-online-steam-tower-step-1-reduced-deposit-incentives/ HTTP/1.1" 200 50879 "-" "Mozilla/5.0 (compatible; AhrefsBot/7.0; +http://ahrefs.com/robot/)"
51.195.183.42 - - [21/Mar/2026:12:56:24 -0300] "GET /2025/10/22/italian-bistro-selection-within-slot-sites-with-magic-stone-the-phoenix-az/ HTTP/1.1" 200 54713 "-" "Mozilla/5.0 (compatible; AhrefsBot/7.0; +http://ahrefs.com/robot/)"
66.249.70.36 - - [21/Mar/2026:12:56:33 -0300] "GET /policy/90010.php?bep/m/prom90?id=915744519 HTTP/1.1" 200 379189 "-" "Mozilla/5.0 (Linux; Android 6.0.1; Nexus 5X Build/MMB29P) AppleWebKit/537.36 (KHTML, like Gecko) Chrome/145.0.7632.159 Mobile Safari/537.36 (compatible; GoogleOther)"
198.244.242.231 - - [21/Mar/2026:12:56:38 -0300] "GET /2025/05/13/better-uk-gambling-establishment-totally-free-spins-no-deposit-2025-slot-spins-for-the-subscription/ HTTP/1.1" 200 52330 "-" "Mozilla/5.0 (compatible; AhrefsBot/7.0; +http://ahrefs.com/robot/)"
198.244.168.152 - - [21/Mar/2026:12:56:58 -0300] "GET /2025/10/08/loto-club-igra-aviaklub-skidki-vdobavok-promokody/ HTTP/1.1" 200 56559 "-" "Mozilla/5.0 (compatible; AhrefsBot/7.0; +http://ahrefs.com/robot/)"
66.249.70.35 - - [21/Mar/2026:12:57:04 -0300] "GET /policy/90010.php?shopdetail/3698978930 HTTP/1.1" 200 396787 "-" "Mozilla/5.0 (Linux; Android 6.0.1; Nexus 5X Build/MMB29P) AppleWebKit/537.36 (KHTML, like Gecko) Chrome/145.0.7632.159 Mobile Safari/537.36 (compatible; GoogleOther)"
198.244.183.212 - - [21/Mar/2026:12:57:14 -0300] "GET /2025/08/25/melbet-zakachat-mobilnoe-prilozhenie-zakachat-melbet-besplatno-nate-konura-ios-i-android/ HTTP/1.1" 200 59551 "-" "Mozilla/5.0 (compatible; AhrefsBot/7.0; +http://ahrefs.com/robot/)"
51.89.129.138 - - [21/Mar/2026:12:57:26 -0300] "GET /2025/01/06/speel-u-leukste-fruitautomaten-waarderen-internet/ HTTP/1.1" 200 51626 "-" "Mozilla/5.0 (compatible; AhrefsBot/7.0; +http://ahrefs.com/robot/)"
209.145.58.97 - - [21/Mar/2026:12:57:35 -0300] "POST /wp-cron.php?doing_wp_cron=1774108655.0485370159149169921875 HTTP/1.1" 200 - "-" "WordPress/6.9.4; https://www.casadasbombasdeassis.com.br"
23.90.184.36 - - [21/Mar/2026:12:57:33 -0300] "POST /xmlrpc.php HTTP/1.1" 200 181 "-" "Mozilla/5.0 (Windows NT 10.0; Win64; x64) AppleWebKit/537.36 (KHTML, like Gecko) Chrome/114.0.0.0 Safari/537.36"
66.249.70.35 - - [21/Mar/2026:12:57:36 -0300] "GET /bep/m/kevl10?user=6863034&spe_id=item_shop_review_2 HTTP/1.1" 200 385962 "-" "Mozilla/5.0 (Linux; Android 6.0.1; Nexus 5X Build/MMB29P) AppleWebKit/537.36 (KHTML, like Gecko) Chrome/145.0.7632.159 Mobile Safari/537.36 (compatible; GoogleOther)"
198.244.168.37 - - [21/Mar/2026:12:57:39 -0300] "GET /2025/10/08/gold-party-line-120-free-spins-cash-totally-free-revolves-slots/ HTTP/1.1" 200 53050 "-" "Mozilla/5.0 (compatible; AhrefsBot/7.0; +http://ahrefs.com/robot/)"
23.90.184.36 - - [21/Mar/2026:12:57:40 -0300] "POST /xmlrpc.php HTTP/1.1" 200 8001 "-" "Mozilla/5.0 (Windows NT 10.0; Win64; x64) AppleWebKit/537.36 (KHTML, like Gecko) Chrome/114.0.0.0 Safari/537.36"
23.90.184.36 - - [21/Mar/2026:12:57:41 -0300] "GET /2026/03/21/it-is-worth-detailing-whos-got-multiple-packages-to-cater-to-different-athlete-costs/ HTTP/1.1" 200 47744 "-" "Mozilla/5.0 (Windows NT 10.0; Win64; x64; rv:124.0) Gecko/20100101 Firefox/124.0"
209.145.58.97 - - [21/Mar/2026:12:57:52 -0300] "POST /wp-cron.php?doing_wp_cron=1774108672.0704059600830078125000 HTTP/1.1" 200 - "-" "WordPress/6.9.4; https://www.casadasbombasdeassis.com.br"
98.98.9.59 - - [21/Mar/2026:12:57:50 -0300] "POST /xmlrpc.php HTTP/1.1" 200 181 "-" "Mozilla/5.0 (Windows NT 10.0; Win64; x64) AppleWebKit/537.36 (KHTML, like Gecko) Chrome/114.0.0.0 Safari/537.36"
98.98.9.59 - - [21/Mar/2026:12:57:58 -0300] "POST /xmlrpc.php HTTP/1.1" 200 14111 "-" "Mozilla/5.0 (Windows NT 10.0; Win64; x64) AppleWebKit/537.36 (KHTML, like Gecko) Chrome/114.0.0.0 Safari/537.36"
98.98.9.59 - - [21/Mar/2026:12:58:01 -0300] "GET /2026/03/21/real-money-on-line-pokies-finest-pokies-casinos-2026/ HTTP/1.1" 200 53178 "-" "Mozilla/5.0 (Windows NT 10.0; Win64; x64) AppleWebKit/537.36 (KHTML, like Gecko) Chrome/124.0.0.0 Safari/537.36 Edg/124.0.0.0"
