216.73.216.20 - - [21/Mar/2026:09:09:58 -0300] "GET /shopdetail/4265337105 HTTP/1.1" 404 41416 "-" "Mozilla/5.0 AppleWebKit/537.36 (KHTML, like Gecko; compatible; ClaudeBot/1.0; +claudebot@anthropic.com)"
209.145.58.97 - - [21/Mar/2026:09:10:01 -0300] "POST /wp-cron.php?doing_wp_cron=1774095001.2447938919067382812500 HTTP/1.1" 200 - "-" "WordPress/6.9.4; https://www.casadasbombasdeassis.com.br"
45.250.252.152 - - [21/Mar/2026:09:09:59 -0300] "POST /xmlrpc.php HTTP/1.1" 200 181 "-" "Mozilla/5.0 (Windows NT 10.0; Win64; x64) AppleWebKit/537.36 (KHTML, like Gecko) Chrome/114.0.0.0 Safari/537.36"
216.73.216.20 - - [21/Mar/2026:09:10:01 -0300] "GET /shopdetail/3218497092 HTTP/1.1" 404 41416 "-" "Mozilla/5.0 AppleWebKit/537.36 (KHTML, like Gecko; compatible; ClaudeBot/1.0; +claudebot@anthropic.com)"
109.172.84.96 - - [21/Mar/2026:09:10:02 -0300] "GET /2025/10/24/fuball-heute-live-heute/ HTTP/1.1" 200 203195 "https://www.casadasbombasdeassis.com.br/" "Mozilla/5.0 (X11; Linux i686) AppleWebKit/537.36 (KHTML, like Gecko) Chrome/114.0.0.0 Safari/537.36 Vivaldi/5.3.2679.68"
216.73.216.20 - - [21/Mar/2026:09:10:04 -0300] "GET /shopdetail/255465611 HTTP/1.1" 404 41416 "-" "Mozilla/5.0 AppleWebKit/537.36 (KHTML, like Gecko; compatible; ClaudeBot/1.0; +claudebot@anthropic.com)"
109.172.84.96 - - [21/Mar/2026:09:10:04 -0300] "GET /wp-content/plugins/contact-form-7/includes/css/styles.css?ver=5.1.6 HTTP/1.1" 200 1645 "https://www.casadasbombasdeassis.com.br/2025/10/24/fuball-heute-live-heute/" "Mozilla/5.0 (Windows NT 10.0; Win64; x64) AppleWebKit/537.36 (KHTML, like Gecko) Chrome/143.0.0.0 Safari/537.36"
109.172.84.96 - - [21/Mar/2026:09:10:05 -0300] "GET /wp-content/plugins/wonderplugin-carousel-trial/engine/wonderplugincarouselengine.css?ver=16.9 HTTP/1.1" 200 18710 "https://www.casadasbombasdeassis.com.br/2025/10/24/fuball-heute-live-heute/" "Mozilla/5.0 (Windows NT 10.0; Win64; x64) AppleWebKit/537.36 (KHTML, like Gecko) Chrome/143.0.0.0 Safari/537.36"
109.172.84.96 - - [21/Mar/2026:09:10:05 -0300] "GET /wp-content/uploads/maxmegamenu/style.css?ver=86718a HTTP/1.1" 200 61613 "https://www.casadasbombasdeassis.com.br/2025/10/24/fuball-heute-live-heute/" "Mozilla/5.0 (Windows NT 10.0; Win64; x64) AppleWebKit/537.36 (KHTML, like Gecko) Chrome/143.0.0.0 Safari/537.36"
109.172.84.96 - - [21/Mar/2026:09:10:06 -0300] "GET /wp-includes/css/dashicons.min.css?ver=6.9.4 HTTP/1.1" 200 59004 "https://www.casadasbombasdeassis.com.br/2025/10/24/fuball-heute-live-heute/" "Mozilla/5.0 (Windows NT 10.0; Win64; x64) AppleWebKit/537.36 (KHTML, like Gecko) Chrome/143.0.0.0 Safari/537.36"
107.152.46.252 - - [21/Mar/2026:09:10:06 -0300] "GET /2025/10/06/karamba-willkommensbonus/ HTTP/1.1" 200 386219 "https://www.casadasbombasdeassis.com.br/" "Mozilla/5.0 (X11; Linux x86_64) AppleWebKit/537.36 (KHTML, like Gecko) Chrome/114.0.0.0 Safari/537.36"
216.73.216.20 - - [21/Mar/2026:09:10:07 -0300] "GET /shopdetail/1464124357 HTTP/1.1" 404 41416 "-" "Mozilla/5.0 AppleWebKit/537.36 (KHTML, like Gecko; compatible; ClaudeBot/1.0; +claudebot@anthropic.com)"
109.172.84.96 - - [21/Mar/2026:09:10:07 -0300] "GET /wp-content/themes/twentytwenty/style.css?ver=1.1 HTTP/1.1" 200 337432 "https://www.casadasbombasdeassis.com.br/2025/10/24/fuball-heute-live-heute/" "Mozilla/5.0 (Windows NT 10.0; Win64; x64) AppleWebKit/537.36 (KHTML, like Gecko) Chrome/143.0.0.0 Safari/537.36"
45.250.252.152 - - [21/Mar/2026:09:10:07 -0300] "POST /xmlrpc.php HTTP/1.1" 200 14129 "-" "Mozilla/5.0 (Windows NT 10.0; Win64; x64) AppleWebKit/537.36 (KHTML, like Gecko) Chrome/114.0.0.0 Safari/537.36"
109.172.84.96 - - [21/Mar/2026:09:10:08 -0300] "GET /wp-content/themes/twentytwenty/print.css?ver=1.1 HTTP/1.1" 200 2574 "https://www.casadasbombasdeassis.com.br/2025/10/24/fuball-heute-live-heute/" "Mozilla/5.0 (Windows NT 10.0; Win64; x64) AppleWebKit/537.36 (KHTML, like Gecko) Chrome/143.0.0.0 Safari/537.36"
109.172.84.96 - - [21/Mar/2026:09:10:09 -0300] "GET /wp-content/uploads/font-organizer/fo-declarations.css?ver=6.9.4 HTTP/1.1" 200 513 "https://www.casadasbombasdeassis.com.br/2025/10/24/fuball-heute-live-heute/" "Mozilla/5.0 (Windows NT 10.0; Win64; x64) AppleWebKit/537.36 (KHTML, like Gecko) Chrome/143.0.0.0 Safari/537.36"
109.172.84.96 - - [21/Mar/2026:09:10:09 -0300] "GET /wp-content/uploads/font-organizer/fo-elements.css?ver=6.9.4 HTTP/1.1" 200 234 "https://www.casadasbombasdeassis.com.br/2025/10/24/fuball-heute-live-heute/" "Mozilla/5.0 (Windows NT 10.0; Win64; x64) AppleWebKit/537.36 (KHTML, like Gecko) Chrome/143.0.0.0 Safari/537.36"
109.172.84.96 - - [21/Mar/2026:09:10:10 -0300] "POST /wp-comments-post.php HTTP/1.1" 302 - "https://www.casadasbombasdeassis.com.br/2025/10/24/fuball-heute-live-heute/" "Mozilla/5.0 (X11; Linux i686) AppleWebKit/537.36 (KHTML, like Gecko) Chrome/114.0.0.0 Safari/537.36 Vivaldi/5.3.2679.68"
216.73.216.20 - - [21/Mar/2026:09:10:10 -0300] "GET /shopdetail/4090281320 HTTP/1.1" 404 41416 "-" "Mozilla/5.0 AppleWebKit/537.36 (KHTML, like Gecko; compatible; ClaudeBot/1.0; +claudebot@anthropic.com)"
45.250.252.152 - - [21/Mar/2026:09:10:10 -0300] "GET /2026/03/21/best-10-minimal-deposit-casinos/ HTTP/1.1" 200 53085 "-" "Mozilla/5.0 (Windows NT 10.0; Win64; x64; rv:125.0) Gecko/20100101 Firefox/125.0"
109.172.84.96 - - [21/Mar/2026:09:10:10 -0300] "GET /2025/10/24/fuball-heute-live-heute/ HTTP/1.1" 200 205631 "https://www.casadasbombasdeassis.com.br/wp-comments-post.php" "Mozilla/5.0 (X11; Linux i686) AppleWebKit/537.36 (KHTML, like Gecko) Chrome/114.0.0.0 Safari/537.36 Vivaldi/5.3.2679.68"
109.172.84.96 - - [21/Mar/2026:09:10:12 -0300] "GET /2025/10/24/fuball-heute-live-heute/ HTTP/1.1" 200 205631 "-" "Mozilla/5.0 (X11; Linux i686) AppleWebKit/537.36 (KHTML, like Gecko) Chrome/114.0.0.0 Safari/537.36 Vivaldi/5.3.2679.68"
216.73.216.20 - - [21/Mar/2026:09:10:13 -0300] "GET /shopdetail/2174435161 HTTP/1.1" 404 41416 "-" "Mozilla/5.0 AppleWebKit/537.36 (KHTML, like Gecko; compatible; ClaudeBot/1.0; +claudebot@anthropic.com)"
216.73.216.20 - - [21/Mar/2026:09:10:16 -0300] "GET /shopdetail/3672457042 HTTP/1.1" 404 41416 "-" "Mozilla/5.0 AppleWebKit/537.36 (KHTML, like Gecko; compatible; ClaudeBot/1.0; +claudebot@anthropic.com)"
51.195.244.168 - - [21/Mar/2026:09:10:16 -0300] "GET /2025/08/18/michael-jackson-during-the-60-the-critical-hyperlink-fresh-queen-from-pop-music-by-the-numbers/ HTTP/1.1" 200 55195 "-" "Mozilla/5.0 (compatible; AhrefsBot/7.0; +http://ahrefs.com/robot/)"
216.73.216.20 - - [21/Mar/2026:09:10:19 -0300] "GET /shopdetail/162267743 HTTP/1.1" 404 41416 "-" "Mozilla/5.0 AppleWebKit/537.36 (KHTML, like Gecko; compatible; ClaudeBot/1.0; +claudebot@anthropic.com)"
66.249.70.35 - - [21/Mar/2026:09:10:21 -0300] "GET /policy/90010.php?shopdetail/2801966983 HTTP/1.1" 200 387452 "-" "Mozilla/5.0 (Linux; Android 6.0.1; Nexus 5X Build/MMB29P) AppleWebKit/537.36 (KHTML, like Gecko) Chrome/145.0.7632.159 Mobile Safari/537.36 (compatible; GoogleOther)"
216.73.216.20 - - [21/Mar/2026:09:10:23 -0300] "GET /shopdetail/3858108160 HTTP/1.1" 404 41416 "-" "Mozilla/5.0 AppleWebKit/537.36 (KHTML, like Gecko; compatible; ClaudeBot/1.0; +claudebot@anthropic.com)"
144.217.67.195 - - [21/Mar/2026:09:10:23 -0300] "GET /2025/10/06/karamba-willkommensbonus/ HTTP/1.1" 200 386219 "https://www.casadasbombasdeassis.com.br/" "Mozilla/5.0 (Macintosh; Intel Mac OS X 12_5) AppleWebKit/537.36 (KHTML, like Gecko) Chrome/114.0.0.0 Safari/537.36 Vivaldi/5.3.2679.68"
144.217.67.195 - - [21/Mar/2026:09:10:26 -0300] "GET /wp-login.php?action=register HTTP/1.1" 302 - "https://www.casadasbombasdeassis.com.br/2025/10/06/karamba-willkommensbonus/" "Mozilla/5.0 (Windows NT 6.3; Win64; x64) AppleWebKit/537.36 (KHTML, like Gecko) Chrome/103.0.0.0 Safari/537.36"
198.244.226.81 - - [21/Mar/2026:09:10:26 -0300] "GET /2023/03/05/rukovodstvo-po-stavkam-na-sport-onlajn-dlja-nachinajuschih-v-2024-god/ HTTP/1.1" 200 84227 "-" "Mozilla/5.0 (compatible; AhrefsBot/7.0; +http://ahrefs.com/robot/)"
144.217.67.195 - - [21/Mar/2026:09:10:26 -0300] "GET /wp-login.php?registration=disabled HTTP/1.1" 200 9826 "https://www.casadasbombasdeassis.com.br/wp-login.php?action=register" "Mozilla/5.0 (Windows NT 6.3; Win64; x64) AppleWebKit/537.36 (KHTML, like Gecko) Chrome/103.0.0.0 Safari/537.36"
216.73.216.20 - - [21/Mar/2026:09:10:28 -0300] "GET /shopdetail/3950915278 HTTP/1.1" 404 41416 "-" "Mozilla/5.0 AppleWebKit/537.36 (KHTML, like Gecko; compatible; ClaudeBot/1.0; +claudebot@anthropic.com)"
17.246.15.128 - - [21/Mar/2026:09:10:30 -0300] "GET /2025/02/05/excelentes-casinos-online-acerca-gladiator-mega-jackpot-de-chile-top-10-lugares-referente-a-2024/ HTTP/1.1" 200 63295 "-" "Mozilla/5.0 (Macintosh; Intel Mac OS X 10_15_7) AppleWebKit/605.1.15 (KHTML, like Gecko) Version/17.4 Safari/605.1.15 (Applebot/0.1; +http://www.apple.com/go/applebot)"
216.73.216.20 - - [21/Mar/2026:09:10:31 -0300] "GET /shopdetail/2080883442 HTTP/1.1" 404 41416 "-" "Mozilla/5.0 AppleWebKit/537.36 (KHTML, like Gecko; compatible; ClaudeBot/1.0; +claudebot@anthropic.com)"
54.38.147.215 - - [21/Mar/2026:09:10:40 -0300] "GET /2025/05/14/eggomatic-slot-trial-%E1%97%8E-gamble-totally-free-gambling-enterprise-tiki-vikings-slot-free-spins-video-game-on-the-web-from-the-netent/ HTTP/1.1" 200 51988 "-" "Mozilla/5.0 (compatible; AhrefsBot/7.0; +http://ahrefs.com/robot/)"
216.73.216.20 - - [21/Mar/2026:09:10:48 -0300] "GET /shopdetail/3855520423 HTTP/1.1" 404 41416 "-" "Mozilla/5.0 AppleWebKit/537.36 (KHTML, like Gecko; compatible; ClaudeBot/1.0; +claudebot@anthropic.com)"
216.73.216.20 - - [21/Mar/2026:09:10:51 -0300] "GET /shopdetail/1347261683 HTTP/1.1" 404 41416 "-" "Mozilla/5.0 AppleWebKit/537.36 (KHTML, like Gecko; compatible; ClaudeBot/1.0; +claudebot@anthropic.com)"
51.195.183.137 - - [21/Mar/2026:09:11:02 -0300] "GET /2024/09/27/quest-ce-quomegle-et-remark-ca-marche/ HTTP/1.1" 200 55496 "-" "Mozilla/5.0 (compatible; AhrefsBot/7.0; +http://ahrefs.com/robot/)"
216.73.216.20 - - [21/Mar/2026:09:11:02 -0300] "GET /shopdetail/2319420303 HTTP/1.1" 404 41416 "-" "Mozilla/5.0 AppleWebKit/537.36 (KHTML, like Gecko; compatible; ClaudeBot/1.0; +claudebot@anthropic.com)"
216.73.216.20 - - [21/Mar/2026:09:11:05 -0300] "GET /shopdetail/574109315 HTTP/1.1" 404 41416 "-" "Mozilla/5.0 AppleWebKit/537.36 (KHTML, like Gecko; compatible; ClaudeBot/1.0; +claudebot@anthropic.com)"
66.249.70.35 - - [21/Mar/2026:09:11:10 -0300] "GET /policy/90010.php?shopdetail/3315299746 HTTP/1.1" 200 402296 "-" "Mozilla/5.0 (Linux; Android 6.0.1; Nexus 5X Build/MMB29P) AppleWebKit/537.36 (KHTML, like Gecko) Chrome/145.0.7632.159 Mobile Safari/537.36 (compatible; GoogleOther)"
158.173.21.1 - - [21/Mar/2026:09:11:12 -0300] "GET /2025/10/06/alpenbets-online-casino/ HTTP/1.1" 200 782858 "https://www.casadasbombasdeassis.com.br/" "Mozilla/5.0 (Windows NT 10.0; Win64; x64) AppleWebKit/537.36 (KHTML, like Gecko) Chrome/114.0.0.0 Safari/537.36 OPR/89.0.4447.51"
158.173.21.1 - - [21/Mar/2026:09:11:15 -0300] "GET /wp-login.php?action=register HTTP/1.1" 302 - "https://www.casadasbombasdeassis.com.br/2025/10/06/alpenbets-online-casino/" "Mozilla/5.0 (Windows NT 6.3; Win64; x64) AppleWebKit/537.36 (KHTML, like Gecko) Chrome/103.0.0.0 Safari/537.36"
158.173.21.1 - - [21/Mar/2026:09:11:15 -0300] "GET /wp-login.php?registration=disabled HTTP/1.1" 200 9826 "https://www.casadasbombasdeassis.com.br/wp-login.php?action=register" "Mozilla/5.0 (Windows NT 6.3; Win64; x64) AppleWebKit/537.36 (KHTML, like Gecko) Chrome/103.0.0.0 Safari/537.36"
185.229.32.15 - - [21/Mar/2026:09:11:15 -0300] "GET /2025/10/06/alpenbets-online-casino/ HTTP/1.1" 200 379813 "-" "Mozilla/5.0 (compatible; Googlebot/2.1; +http://www.google.com/bot.html)"
51.89.129.52 - - [21/Mar/2026:09:11:17 -0300] "GET /2025/02/24/mega-moolah-salle-de-jeu-un-tantinet-150-tours-gratuits-sans-avoir-i-annales/ HTTP/1.1" 200 54861 "-" "Mozilla/5.0 (compatible; AhrefsBot/7.0; +http://ahrefs.com/robot/)"
198.244.242.190 - - [21/Mar/2026:09:11:18 -0300] "GET /2025/10/13/book-of-ra-deluxe-samuser-en-ligne-sans-aucun-frais/ HTTP/1.1" 200 55619 "-" "Mozilla/5.0 (compatible; AhrefsBot/7.0; +http://ahrefs.com/robot/)"
198.244.242.29 - - [21/Mar/2026:09:11:31 -0300] "GET /2025/10/06/5-and-you-can-celtic-casino-games-ten-minimum-put-casinos-for-sale-in-the-united-states/ HTTP/1.1" 200 51473 "-" "Mozilla/5.0 (compatible; AhrefsBot/7.0; +http://ahrefs.com/robot/)"
216.73.216.20 - - [21/Mar/2026:09:11:33 -0300] "GET /shopdetail/2657506920 HTTP/1.1" 404 41416 "-" "Mozilla/5.0 AppleWebKit/537.36 (KHTML, like Gecko; compatible; ClaudeBot/1.0; +claudebot@anthropic.com)"
216.73.216.20 - - [21/Mar/2026:09:11:36 -0300] "GET /shopdetail/1203092653 HTTP/1.1" 404 41416 "-" "Mozilla/5.0 AppleWebKit/537.36 (KHTML, like Gecko; compatible; ClaudeBot/1.0; +claudebot@anthropic.com)"
207.180.204.56 - - [21/Mar/2026:09:11:58 -0300] "GET /2025/07/22/well-known-american-express-gambling-establishment-web-sites-all-of-us-positions/ HTTP/1.1" 200 48748 "binance.com" "Mozilla/5.0 (Windows NT 10.0; Win64; x64) AppleWebKit/537.36 (KHTML, like Gecko) Chrome/90.0.4430.85 Safari/537.36"
216.73.216.20 - - [21/Mar/2026:09:12:04 -0300] "GET /shopdetail/1053822681 HTTP/1.1" 404 41416 "-" "Mozilla/5.0 AppleWebKit/537.36 (KHTML, like Gecko; compatible; ClaudeBot/1.0; +claudebot@anthropic.com)"
216.73.216.20 - - [21/Mar/2026:09:12:07 -0300] "GET /shopdetail/1585790019 HTTP/1.1" 404 41416 "-" "Mozilla/5.0 AppleWebKit/537.36 (KHTML, like Gecko; compatible; ClaudeBot/1.0; +claudebot@anthropic.com)"
51.195.183.61 - - [21/Mar/2026:09:12:15 -0300] "GET /2024/01/25/find-local-hookups-now-find-the-best-way-to-meet-local-singles/ HTTP/1.1" 200 48066 "-" "Mozilla/5.0 (compatible; AhrefsBot/7.0; +http://ahrefs.com/robot/)"
54.38.147.14 - - [21/Mar/2026:09:12:15 -0300] "GET /2025/10/07/la-best-5-min-deposit-casino-cucaracha-position-remark-2025/ HTTP/1.1" 200 54713 "-" "Mozilla/5.0 (compatible; AhrefsBot/7.0; +http://ahrefs.com/robot/)"
216.73.216.20 - - [21/Mar/2026:09:12:16 -0300] "GET /shopdetail/1269203618 HTTP/1.1" 404 41416 "-" "Mozilla/5.0 AppleWebKit/537.36 (KHTML, like Gecko; compatible; ClaudeBot/1.0; +claudebot@anthropic.com)"
216.73.216.20 - - [21/Mar/2026:09:12:20 -0300] "GET /shopdetail/1739205920 HTTP/1.1" 404 41416 "-" "Mozilla/5.0 AppleWebKit/537.36 (KHTML, like Gecko; compatible; ClaudeBot/1.0; +claudebot@anthropic.com)"
207.180.204.56 - - [21/Mar/2026:09:12:23 -0300] "GET /2025/11/02/extension-suitable-link/ HTTP/1.1" 200 52270 "binance.com" "Mozilla/5.0 (Windows NT 10.0; Win64; x64) AppleWebKit/537.36 (KHTML, like Gecko) Chrome/90.0.4430.85 Safari/537.36"
51.195.183.170 - - [21/Mar/2026:09:12:28 -0300] "GET /2025/10/14/greatest-casinos-on-the-internet-2025-2/ HTTP/1.1" 200 51274 "-" "Mozilla/5.0 (compatible; AhrefsBot/7.0; +http://ahrefs.com/robot/)"
198.244.183.78 - - [21/Mar/2026:09:12:32 -0300] "GET /2025/09/30/greatest-online-slots-games-for-real-money-having-amazing-graphics-2025/ HTTP/1.1" 200 53552 "-" "Mozilla/5.0 (compatible; AhrefsBot/7.0; +http://ahrefs.com/robot/)"
114.119.129.218 - - [21/Mar/2026:09:12:40 -0300] "GET /2025/10/08/anbieter-online-wetten/ HTTP/1.1" 200 553254 "https://www.coralgardens.biz/shop/coral-ghanaian-locals/fettuccine-bolognese/" "Mozilla/5.0 (Linux; Android 7.0;) AppleWebKit/537.36 (KHTML, like Gecko) Mobile Safari/537.36 (compatible; PetalBot;+https://webmaster.petalsearch.com/site/petalbot)"
66.249.70.35 - - [21/Mar/2026:09:12:42 -0300] "GET /bep/m/prom90?id=915744519 HTTP/1.1" 200 376829 "-" "Mozilla/5.0 (Linux; Android 6.0.1; Nexus 5X Build/MMB29P) AppleWebKit/537.36 (KHTML, like Gecko) Chrome/145.0.7632.159 Mobile Safari/537.36 (compatible; Googlebot/2.1; +http://www.google.com/bot.html)"
51.195.183.151 - - [21/Mar/2026:09:12:43 -0300] "GET /2025/08/25/hot-shot-modern-slot-comment-games-provides-and-how-to-whirlwind-slots-casino-mobile-app-play/ HTTP/1.1" 200 51241 "-" "Mozilla/5.0 (compatible; AhrefsBot/7.0; +http://ahrefs.com/robot/)"
216.73.216.20 - - [21/Mar/2026:09:12:45 -0300] "GET /shopdetail/1465336456 HTTP/1.1" 404 41416 "-" "Mozilla/5.0 AppleWebKit/537.36 (KHTML, like Gecko; compatible; ClaudeBot/1.0; +claudebot@anthropic.com)"
216.73.216.20 - - [21/Mar/2026:09:12:48 -0300] "GET /shopdetail/3873039000 HTTP/1.1" 404 41416 "-" "Mozilla/5.0 AppleWebKit/537.36 (KHTML, like Gecko; compatible; ClaudeBot/1.0; +claudebot@anthropic.com)"
207.180.204.56 - - [21/Mar/2026:09:12:53 -0300] "GET /2025/09/02/images-out-of-reno-gambling-enterprise-crime-scene-immediately-after-bulk-shooting/ HTTP/1.1" 200 52012 "binance.com" "Mozilla/5.0 (Windows NT 10.0; Win64; x64) AppleWebKit/537.36 (KHTML, like Gecko) Chrome/90.0.4430.85 Safari/537.36"
198.244.240.14 - - [21/Mar/2026:09:12:56 -0300] "GET /2025/10/13/mania-kiedy-ja-zaznajomic-jak-i-rowniez-kiedy-zamierzasz-pomoc-samemu-lub-kolejnym/ HTTP/1.1" 200 56512 "-" "Mozilla/5.0 (compatible; AhrefsBot/7.0; +http://ahrefs.com/robot/)"
198.244.183.99 - - [21/Mar/2026:09:13:05 -0300] "GET /2025/08/26/bukmekerskaya-kontora-baltbet-vkhod-nate-sayt-i-registratsiya/ HTTP/1.1" 200 57464 "-" "Mozilla/5.0 (compatible; AhrefsBot/7.0; +http://ahrefs.com/robot/)"
103.122.3.28 - - [21/Mar/2026:09:13:12 -0300] "GET /2025/10/06/karamba-willkommensbonus/ HTTP/1.1" 301 - "https://casadasbombasdeassis.com.br/" "Mozilla/5.0 (X11; Ubuntu; Linux x86_64; rv:114.0) Gecko/20100101 Firefox/114.0"
216.73.216.20 - - [21/Mar/2026:09:13:15 -0300] "GET /shopdetail/1862083681 HTTP/1.1" 404 41416 "-" "Mozilla/5.0 AppleWebKit/537.36 (KHTML, like Gecko; compatible; ClaudeBot/1.0; +claudebot@anthropic.com)"
103.122.3.28 - - [21/Mar/2026:09:13:15 -0300] "GET /2025/10/06/karamba-willkommensbonus/ HTTP/1.1" 200 386219 "https://casadasbombasdeassis.com.br/2025/10/06/karamba-willkommensbonus/" "Mozilla/5.0 (X11; Ubuntu; Linux x86_64; rv:114.0) Gecko/20100101 Firefox/114.0"
198.244.240.16 - - [21/Mar/2026:09:13:16 -0300] "GET /2025/10/10/greatest-no-deposit-bonuses-book-of-dead-real-cash-pokies-2024-greatest-100-percent-free-gambling-establishment-extra-offers/ HTTP/1.1" 200 50164 "-" "Mozilla/5.0 (compatible; AhrefsBot/7.0; +http://ahrefs.com/robot/)"
103.15.222.42 - - [21/Mar/2026:09:13:16 -0300] "GET /2025/10/06/karamba-willkommensbonus/ HTTP/1.1" 200 386219 "-" "Mozilla/5.0 (Windows NT 10.0; Win64; x64) AppleWebKit/537.36 (KHTML, like Gecko) Chrome/114.0.0.0 Safari/537.36 Vivaldi/5.3.2679.68"
216.73.216.20 - - [21/Mar/2026:09:13:18 -0300] "GET /shopdetail/2874609572 HTTP/1.1" 404 41416 "-" "Mozilla/5.0 AppleWebKit/537.36 (KHTML, like Gecko; compatible; ClaudeBot/1.0; +claudebot@anthropic.com)"
198.244.168.252 - - [21/Mar/2026:09:13:35 -0300] "GET /2025/05/15/jokers-luck-download-do-aplicativo-trinocasino-apk-deluxe-slot-machine-apostar-dado-sada-holding/ HTTP/1.1" 200 50830 "-" "Mozilla/5.0 (compatible; AhrefsBot/7.0; +http://ahrefs.com/robot/)"
198.244.242.61 - - [21/Mar/2026:09:13:47 -0300] "GET /2025/05/12/csi-play-super-nudge-6000-real-money-ports-real-money-slot-machine-free-play-demo/ HTTP/1.1" 200 55595 "-" "Mozilla/5.0 (compatible; AhrefsBot/7.0; +http://ahrefs.com/robot/)"
216.73.216.20 - - [21/Mar/2026:09:13:48 -0300] "GET /shopdetail/2880573998 HTTP/1.1" 404 41416 "-" "Mozilla/5.0 AppleWebKit/537.36 (KHTML, like Gecko; compatible; ClaudeBot/1.0; +claudebot@anthropic.com)"
216.73.216.20 - - [21/Mar/2026:09:13:50 -0300] "GET /shopdetail/14513061 HTTP/1.1" 404 41416 "-" "Mozilla/5.0 AppleWebKit/537.36 (KHTML, like Gecko; compatible; ClaudeBot/1.0; +claudebot@anthropic.com)"
198.244.168.106 - - [21/Mar/2026:09:13:53 -0300] "GET /2025/10/14/casino-einzahlung-mit-herr-bet-casino-melden-sich-an-natel/ HTTP/1.1" 200 52195 "-" "Mozilla/5.0 (compatible; AhrefsBot/7.0; +http://ahrefs.com/robot/)"
51.195.244.243 - - [21/Mar/2026:09:14:03 -0300] "GET /2025/10/13/appareil-pour-avec-desinteressees-de-bonus-1000-gaming-avec-salle-de-jeu/ HTTP/1.1" 200 56723 "-" "Mozilla/5.0 (compatible; AhrefsBot/7.0; +http://ahrefs.com/robot/)"
198.244.242.12 - - [21/Mar/2026:09:14:09 -0300] "GET /2025/08/05/finest-all-of-us-slot-software-better-cellular-casinos-within-the-50-no-deposit-spins-tycoons-2025/ HTTP/1.1" 200 56139 "-" "Mozilla/5.0 (compatible; AhrefsBot/7.0; +http://ahrefs.com/robot/)"
51.195.244.219 - - [21/Mar/2026:09:14:27 -0300] "GET /2025/10/06/free-south-carolina-30-sweeps-dollars-gambling-establishment-no-deposit-red-white-blue-casino-bonus-bonuses-sweepscasinos-us/ HTTP/1.1" 200 51470 "-" "Mozilla/5.0 (compatible; AhrefsBot/7.0; +http://ahrefs.com/robot/)"
51.195.183.8 - - [21/Mar/2026:09:14:32 -0300] "GET /2025/05/18/best-united-kingdom-esports-playing-websites-inside-2024-considering-oddschecker/ HTTP/1.1" 200 53018 "-" "Mozilla/5.0 (compatible; AhrefsBot/7.0; +http://ahrefs.com/robot/)"
216.73.216.20 - - [21/Mar/2026:09:14:33 -0300] "GET /shopdetail/3256494131 HTTP/1.1" 404 41416 "-" "Mozilla/5.0 AppleWebKit/537.36 (KHTML, like Gecko; compatible; ClaudeBot/1.0; +claudebot@anthropic.com)"
161.97.77.0 - - [21/Mar/2026:09:14:59 -0300] "GET /2025/10/06/karamba-willkommensbonus/ HTTP/1.1" 301 - "-" "Mozilla/5.0 (X11; Ubuntu; Linux x86_64; rv:114.0) Gecko/20100101 Firefox/114.0"
161.97.77.0 - - [21/Mar/2026:09:15:02 -0300] "GET /2025/10/06/karamba-willkommensbonus/ HTTP/1.1" 200 386219 "https://casadasbombasdeassis.com.br/2025/10/06/karamba-willkommensbonus/" "Mozilla/5.0 (X11; Ubuntu; Linux x86_64; rv:114.0) Gecko/20100101 Firefox/114.0"
216.73.216.20 - - [21/Mar/2026:09:15:02 -0300] "GET /shopdetail/3994704662 HTTP/1.1" 404 41416 "-" "Mozilla/5.0 AppleWebKit/537.36 (KHTML, like Gecko; compatible; ClaudeBot/1.0; +claudebot@anthropic.com)"
139.5.1.175 - - [21/Mar/2026:09:15:03 -0300] "GET /wp-json/wp/v2/users HTTP/1.1" 200 759 "-" "Mozilla/4.0 (compatible; Win32; WinHttp.WinHttpRequest.5)"
198.244.168.70 - - [21/Mar/2026:09:15:13 -0300] "GET /2025/05/13/top-gambling-establishment-perth-best-betting-area-inside-the-west-australia/ HTTP/1.1" 200 53704 "-" "Mozilla/5.0 (compatible; AhrefsBot/7.0; +http://ahrefs.com/robot/)"
216.73.216.20 - - [21/Mar/2026:09:15:18 -0300] "GET /shopdetail/667489002 HTTP/1.1" 404 41416 "-" "Mozilla/5.0 AppleWebKit/537.36 (KHTML, like Gecko; compatible; ClaudeBot/1.0; +claudebot@anthropic.com)"
216.73.216.20 - - [21/Mar/2026:09:15:21 -0300] "GET /shopdetail/2437891079 HTTP/1.1" 404 41416 "-" "Mozilla/5.0 AppleWebKit/537.36 (KHTML, like Gecko; compatible; ClaudeBot/1.0; +claudebot@anthropic.com)"
51.89.129.101 - - [21/Mar/2026:09:15:22 -0300] "GET /2025/06/04/neprazdnichnoe-1xbet-geliostat-nate-v-dannyy-moment-pryamo-seychas-adverbializatsiya-nate-ofitsialnyy-sayt-1khbet/ HTTP/1.1" 200 54415 "-" "Mozilla/5.0 (compatible; AhrefsBot/7.0; +http://ahrefs.com/robot/)"
216.73.216.20 - - [21/Mar/2026:09:15:24 -0300] "GET /shopdetail/3370654955 HTTP/1.1" 404 41416 "-" "Mozilla/5.0 AppleWebKit/537.36 (KHTML, like Gecko; compatible; ClaudeBot/1.0; +claudebot@anthropic.com)"
216.73.216.20 - - [21/Mar/2026:09:15:27 -0300] "GET /shopdetail/249501201 HTTP/1.1" 404 41416 "-" "Mozilla/5.0 AppleWebKit/537.36 (KHTML, like Gecko; compatible; ClaudeBot/1.0; +claudebot@anthropic.com)"
216.73.216.20 - - [21/Mar/2026:09:15:30 -0300] "GET /shopdetail/85603580 HTTP/1.1" 404 41416 "-" "Mozilla/5.0 AppleWebKit/537.36 (KHTML, like Gecko; compatible; ClaudeBot/1.0; +claudebot@anthropic.com)"
161.97.77.0 - - [21/Mar/2026:09:15:34 -0300] "GET /2025/10/06/karamba-willkommensbonus/ HTTP/1.1" 301 - "-" "Mozilla/5.0 (Windows NT 10.0; Win64; x64) AppleWebKit/537.36 (KHTML, like Gecko) Chrome/114.0.0.0 Safari/537.36 Vivaldi/5.3.2679.68"
161.97.77.0 - - [21/Mar/2026:09:15:35 -0300] "GET /2025/10/06/karamba-willkommensbonus/ HTTP/1.1" 200 386219 "https://casadasbombasdeassis.com.br/2025/10/06/karamba-willkommensbonus/" "Mozilla/5.0 (Windows NT 10.0; Win64; x64) AppleWebKit/537.36 (KHTML, like Gecko) Chrome/114.0.0.0 Safari/537.36 Vivaldi/5.3.2679.68"
51.195.183.53 - - [21/Mar/2026:09:15:40 -0300] "GET /2025/06/05/choosing-bankrupt-6-popular-on-line-gambling-cons-and-the-ways-to-avoid-them/ HTTP/1.1" 200 54577 "-" "Mozilla/5.0 (compatible; AhrefsBot/7.0; +http://ahrefs.com/robot/)"
216.73.216.20 - - [21/Mar/2026:09:15:48 -0300] "GET /shopdetail/345357315 HTTP/1.1" 404 41416 "-" "Mozilla/5.0 AppleWebKit/537.36 (KHTML, like Gecko; compatible; ClaudeBot/1.0; +claudebot@anthropic.com)"
216.73.216.20 - - [21/Mar/2026:09:15:51 -0300] "GET /shopdetail/878438567 HTTP/1.1" 404 41416 "-" "Mozilla/5.0 AppleWebKit/537.36 (KHTML, like Gecko; compatible; ClaudeBot/1.0; +claudebot@anthropic.com)"
216.73.216.20 - - [21/Mar/2026:09:15:55 -0300] "GET /shopdetail/2396724693 HTTP/1.1" 404 41416 "-" "Mozilla/5.0 AppleWebKit/537.36 (KHTML, like Gecko; compatible; ClaudeBot/1.0; +claudebot@anthropic.com)"
216.73.216.20 - - [21/Mar/2026:09:15:58 -0300] "GET /shopdetail/75937003 HTTP/1.1" 404 41416 "-" "Mozilla/5.0 AppleWebKit/537.36 (KHTML, like Gecko; compatible; ClaudeBot/1.0; +claudebot@anthropic.com)"
216.73.216.20 - - [21/Mar/2026:09:16:00 -0300] "GET /shopdetail/549348359 HTTP/1.1" 404 41416 "-" "Mozilla/5.0 AppleWebKit/537.36 (KHTML, like Gecko; compatible; ClaudeBot/1.0; +claudebot@anthropic.com)"
51.83.6.44 - - [21/Mar/2026:09:16:07 -0300] "GET /2025/10/06/alpenbets-online-casino/ HTTP/1.1" 200 782858 "https://www.casadasbombasdeassis.com.br/" "Mozilla/5.0 (Windows NT 10.0; WOW64; x64) AppleWebKit/537.36 (KHTML, like Gecko) Chrome/114.0.0.0 Safari/537.36 OPR/89.0.4447.51"
51.195.215.133 - - [21/Mar/2026:09:16:10 -0300] "GET /2025/09/21/all-western-video-poker-free-use-range-all-american-poker-5-hand-on-the-guts-casino-web-a-real-income-family/ HTTP/1.1" 200 55279 "-" "Mozilla/5.0 (compatible; AhrefsBot/7.0; +http://ahrefs.com/robot/)"
104.207.56.46 - - [21/Mar/2026:09:16:14 -0300] "GET /wp-login.php?action=register HTTP/1.1" 302 - "https://www.casadasbombasdeassis.com.br/2025/10/06/alpenbets-online-casino/" "Mozilla/5.0 (Windows NT 6.3; Win64; x64) AppleWebKit/537.36 (KHTML, like Gecko) Chrome/103.0.0.0 Safari/537.36"
104.207.56.46 - - [21/Mar/2026:09:16:15 -0300] "GET /wp-login.php?registration=disabled HTTP/1.1" 200 9826 "https://www.casadasbombasdeassis.com.br/wp-login.php?action=register" "Mozilla/5.0 (Windows NT 6.3; Win64; x64) AppleWebKit/537.36 (KHTML, like Gecko) Chrome/103.0.0.0 Safari/537.36"
54.38.147.205 - - [21/Mar/2026:09:16:24 -0300] "GET /2025/09/21/beste-safari-heat-spielautomat-gewinn-bitcoin-kasino-september-2025-kollationieren-test/ HTTP/1.1" 200 55220 "-" "Mozilla/5.0 (compatible; AhrefsBot/7.0; +http://ahrefs.com/robot/)"
112.135.188.117 - - [21/Mar/2026:09:16:29 -0300] "POST /xmlrpc.php HTTP/1.1" 200 403 "-" "XML-RPC for PHP 4.11.1"
185.229.32.15 - - [21/Mar/2026:09:16:33 -0300] "GET /2025/10/06/alpenbets-online-casino/ HTTP/1.1" 200 379813 "-" "Mozilla/5.0 (compatible; Googlebot/2.1; +http://www.google.com/bot.html)"
216.73.216.20 - - [21/Mar/2026:09:16:34 -0300] "GET /shopdetail/3437696145 HTTP/1.1" 404 41416 "-" "Mozilla/5.0 AppleWebKit/537.36 (KHTML, like Gecko; compatible; ClaudeBot/1.0; +claudebot@anthropic.com)"
216.73.216.20 - - [21/Mar/2026:09:16:37 -0300] "GET /shopdetail/55532921 HTTP/1.1" 404 41416 "-" "Mozilla/5.0 AppleWebKit/537.36 (KHTML, like Gecko; compatible; ClaudeBot/1.0; +claudebot@anthropic.com)"
216.73.216.20 - - [21/Mar/2026:09:16:40 -0300] "GET /shopdetail/3631437182 HTTP/1.1" 404 41416 "-" "Mozilla/5.0 AppleWebKit/537.36 (KHTML, like Gecko; compatible; ClaudeBot/1.0; +claudebot@anthropic.com)"
139.5.1.175 - - [21/Mar/2026:09:16:41 -0300] "POST /xmlrpc.php HTTP/1.1" 200 409 "-" "Mozilla/5.0 (X11; Ubuntu; Linux x86_64; arm64) AppleWebKit/537.36 (KHTML, like Gecko) Opera/69.0.0.0 Safari/537.36"
216.73.216.20 - - [21/Mar/2026:09:16:43 -0300] "GET /shopdetail/3404248813 HTTP/1.1" 404 41416 "-" "Mozilla/5.0 AppleWebKit/537.36 (KHTML, like Gecko; compatible; ClaudeBot/1.0; +claudebot@anthropic.com)"
216.73.216.20 - - [21/Mar/2026:09:16:46 -0300] "GET /shopdetail/2412963497 HTTP/1.1" 404 41416 "-" "Mozilla/5.0 AppleWebKit/537.36 (KHTML, like Gecko; compatible; ClaudeBot/1.0; +claudebot@anthropic.com)"
216.73.216.20 - - [21/Mar/2026:09:16:49 -0300] "GET /shopdetail/887435008 HTTP/1.1" 404 41416 "-" "Mozilla/5.0 AppleWebKit/537.36 (KHTML, like Gecko; compatible; ClaudeBot/1.0; +claudebot@anthropic.com)"
198.244.242.193 - - [21/Mar/2026:09:16:49 -0300] "GET /2025/08/11/uber-lexikon-deutsche-sprache-englisch/ HTTP/1.1" 200 54327 "-" "Mozilla/5.0 (compatible; AhrefsBot/7.0; +http://ahrefs.com/robot/)"
216.73.216.20 - - [21/Mar/2026:09:16:53 -0300] "GET /shopdetail/2600740140 HTTP/1.1" 404 41416 "-" "Mozilla/5.0 AppleWebKit/537.36 (KHTML, like Gecko; compatible; ClaudeBot/1.0; +claudebot@anthropic.com)"
216.73.216.20 - - [21/Mar/2026:09:16:56 -0300] "GET /shopdetail/3850931635 HTTP/1.1" 404 41416 "-" "Mozilla/5.0 AppleWebKit/537.36 (KHTML, like Gecko; compatible; ClaudeBot/1.0; +claudebot@anthropic.com)"
216.73.216.20 - - [21/Mar/2026:09:16:59 -0300] "GET /shopdetail/3385518121 HTTP/1.1" 404 41416 "-" "Mozilla/5.0 AppleWebKit/537.36 (KHTML, like Gecko; compatible; ClaudeBot/1.0; +claudebot@anthropic.com)"
216.73.216.20 - - [21/Mar/2026:09:17:10 -0300] "GET /shopdetail/1965182190 HTTP/1.1" 404 41416 "-" "Mozilla/5.0 AppleWebKit/537.36 (KHTML, like Gecko; compatible; ClaudeBot/1.0; +claudebot@anthropic.com)"
216.73.216.20 - - [21/Mar/2026:09:17:13 -0300] "GET /shopdetail/1232772546 HTTP/1.1" 404 41416 "-" "Mozilla/5.0 AppleWebKit/537.36 (KHTML, like Gecko; compatible; ClaudeBot/1.0; +claudebot@anthropic.com)"
216.73.216.20 - - [21/Mar/2026:09:17:15 -0300] "GET /shopdetail/1930359220 HTTP/1.1" 404 41416 "-" "Mozilla/5.0 AppleWebKit/537.36 (KHTML, like Gecko; compatible; ClaudeBot/1.0; +claudebot@anthropic.com)"
198.244.240.206 - - [21/Mar/2026:09:17:16 -0300] "GET /2025/05/16/choy-sunshine-dragon-link-casino-doa-video-slot-opinion-free-enjoy-demonstration/ HTTP/1.1" 200 53517 "-" "Mozilla/5.0 (compatible; AhrefsBot/7.0; +http://ahrefs.com/robot/)"
216.73.216.20 - - [21/Mar/2026:09:17:18 -0300] "GET /shopdetail/4121564078 HTTP/1.1" 404 41416 "-" "Mozilla/5.0 AppleWebKit/537.36 (KHTML, like Gecko; compatible; ClaudeBot/1.0; +claudebot@anthropic.com)"
216.73.216.20 - - [21/Mar/2026:09:17:21 -0300] "GET /shopdetail/2083307624 HTTP/1.1" 404 41416 "-" "Mozilla/5.0 AppleWebKit/537.36 (KHTML, like Gecko; compatible; ClaudeBot/1.0; +claudebot@anthropic.com)"
5.157.14.19 - - [21/Mar/2026:09:17:20 -0300] "GET /2025/10/06/alpenbets-online-casino/ HTTP/1.1" 200 379813 "-" "Mozilla/5.0 (compatible; Googlebot/2.1; +http://www.google.com/bot.html)"
216.73.216.20 - - [21/Mar/2026:09:17:25 -0300] "GET /shopdetail/2653966708 HTTP/1.1" 404 41416 "-" "Mozilla/5.0 AppleWebKit/537.36 (KHTML, like Gecko; compatible; ClaudeBot/1.0; +claudebot@anthropic.com)"
216.73.216.20 - - [21/Mar/2026:09:17:32 -0300] "GET /shopdetail/669913216 HTTP/1.1" 404 41416 "-" "Mozilla/5.0 AppleWebKit/537.36 (KHTML, like Gecko; compatible; ClaudeBot/1.0; +claudebot@anthropic.com)"
114.26.112.121 - - [21/Mar/2026:09:17:33 -0300] "GET /2025/10/20/gambling-statistics-south-australia/ HTTP/1.1" 200 349301 "https://www.casadasbombasdeassis.com.br/" "Mozilla/5.0 (Windows NT 10.0; WOW64; x64) AppleWebKit/537.36 (KHTML, like Gecko) Chrome/114.0.0.0 Safari/537.36 OPR/89.0.4447.51"
216.73.216.20 - - [21/Mar/2026:09:17:34 -0300] "GET /shopdetail/1160860678 HTTP/1.1" 404 41416 "-" "Mozilla/5.0 AppleWebKit/537.36 (KHTML, like Gecko; compatible; ClaudeBot/1.0; +claudebot@anthropic.com)"
198.244.240.15 - - [21/Mar/2026:09:17:34 -0300] "GET /2025/01/17/casinobonuser-2024-hent-norges-beste-casino-arv-spinfest-bonusregler-her-og-na/ HTTP/1.1" 200 51356 "-" "Mozilla/5.0 (compatible; AhrefsBot/7.0; +http://ahrefs.com/robot/)"
216.73.216.20 - - [21/Mar/2026:09:17:37 -0300] "GET /shopdetail/4094262975 HTTP/1.1" 404 41416 "-" "Mozilla/5.0 AppleWebKit/537.36 (KHTML, like Gecko; compatible; ClaudeBot/1.0; +claudebot@anthropic.com)"
216.73.216.20 - - [21/Mar/2026:09:17:40 -0300] "GET /shopdetail/2607753110 HTTP/1.1" 404 41416 "-" "Mozilla/5.0 AppleWebKit/537.36 (KHTML, like Gecko; compatible; ClaudeBot/1.0; +claudebot@anthropic.com)"
216.73.216.20 - - [21/Mar/2026:09:17:43 -0300] "GET /shopdetail/3285959840 HTTP/1.1" 404 41416 "-" "Mozilla/5.0 AppleWebKit/537.36 (KHTML, like Gecko; compatible; ClaudeBot/1.0; +claudebot@anthropic.com)"
114.26.112.121 - - [21/Mar/2026:09:17:49 -0300] "GET /2025/10/20/gambling-statistics-south-australia/nashdiabet.ru/lechenie/vyzvat-narkologa-na-dom-v-sankt-peterburge.html HTTP/1.1" 404 41416 "https://www.casadasbombasdeassis.com.br/2025/10/20/gambling-statistics-south-australia/" "Mozilla/5.0 (Windows NT 10.0; WOW64; x64) AppleWebKit/537.36 (KHTML, like Gecko) Chrome/114.0.0.0 Safari/537.36 OPR/89.0.4447.51"
209.145.58.97 - - [21/Mar/2026:09:17:51 -0300] "POST /wp-cron.php?doing_wp_cron=1774095471.1715509891510009765625 HTTP/1.1" 200 - "-" "WordPress/6.9.4; https://www.casadasbombasdeassis.com.br"
98.98.9.59 - - [21/Mar/2026:09:17:49 -0300] "POST /xmlrpc.php HTTP/1.1" 200 181 "-" "Mozilla/5.0 (Windows NT 10.0; Win64; x64) AppleWebKit/537.36 (KHTML, like Gecko) Chrome/114.0.0.0 Safari/537.36"
114.26.112.121 - - [21/Mar/2026:09:17:51 -0300] "GET / HTTP/1.1" 200 272534 "https://www.casadasbombasdeassis.com.br/2025/10/20/gambling-statistics-south-australia/" "Mozilla/5.0 (Windows NT 10.0; WOW64; x64) AppleWebKit/537.36 (KHTML, like Gecko) Chrome/114.0.0.0 Safari/537.36 OPR/89.0.4447.51"
54.37.252.229 - - [21/Mar/2026:09:17:55 -0300] "GET /robots.txt HTTP/1.1" 200 96 "-" "Mozilla/5.0 (compatible; MJ12bot/v1.4.8; http://mj12bot.com/)"
198.244.240.91 - - [21/Mar/2026:09:17:56 -0300] "GET /2025/05/13/1xbet-sloty-kak-delat-a-kak-vyigrat/ HTTP/1.1" 200 52701 "-" "Mozilla/5.0 (compatible; AhrefsBot/7.0; +http://ahrefs.com/robot/)"
98.98.9.59 - - [21/Mar/2026:09:17:57 -0300] "POST /xmlrpc.php HTTP/1.1" 200 13833 "-" "Mozilla/5.0 (Windows NT 10.0; Win64; x64) AppleWebKit/537.36 (KHTML, like Gecko) Chrome/114.0.0.0 Safari/537.36"
98.98.9.59 - - [21/Mar/2026:09:17:59 -0300] "GET /2026/03/21/step-1-put-casinos-greatest-uk-step-1-put-gambling-enterprises/ HTTP/1.1" 200 52912 "-" "Mozilla/5.0 (Windows NT 10.0; Win64; x64) AppleWebKit/537.36 (KHTML, like Gecko) Chrome/124.0.0.0 Safari/537.36 Edg/124.0.0.0"
216.73.216.20 - - [21/Mar/2026:09:18:09 -0300] "GET /shopdetail/2767478763 HTTP/1.1" 404 41416 "-" "Mozilla/5.0 AppleWebKit/537.36 (KHTML, like Gecko; compatible; ClaudeBot/1.0; +claudebot@anthropic.com)"
216.73.216.20 - - [21/Mar/2026:09:18:12 -0300] "GET /shopdetail/941875857 HTTP/1.1" 404 41416 "-" "Mozilla/5.0 AppleWebKit/537.36 (KHTML, like Gecko; compatible; ClaudeBot/1.0; +claudebot@anthropic.com)"
54.37.252.229 - - [21/Mar/2026:09:17:59 -0300] "GET /2025/04/30/%D8%A7%D9%84%D8%B1%D9%88%D9%84%D9%8A%D8%AA-%D8%B9%D9%84%D9%89-%D8%A7%D9%84%D8%A5%D9%86%D8%AA%D8%B1%D9%86%D8%AA-%D8%A7%D9%84%D9%84%D8%B9%D8%A8-%D8%A7%D9%84%D9%85%D8%AC%D8%A7%D9%86%D9%8A%D8%8C-%D8%A7/feed/ HTTP/1.1" 200 1291 "-" "Mozilla/5.0 (compatible; MJ12bot/v1.4.8; http://mj12bot.com/)"
216.73.216.20 - - [21/Mar/2026:09:18:15 -0300] "GET /shopdetail/3316030467 HTTP/1.1" 404 41416 "-" "Mozilla/5.0 AppleWebKit/537.36 (KHTML, like Gecko; compatible; ClaudeBot/1.0; +claudebot@anthropic.com)"
216.73.216.20 - - [21/Mar/2026:09:18:17 -0300] "GET /shopdetail/1960429863 HTTP/1.1" 404 41416 "-" "Mozilla/5.0 AppleWebKit/537.36 (KHTML, like Gecko; compatible; ClaudeBot/1.0; +claudebot@anthropic.com)"
54.37.252.229 - - [21/Mar/2026:09:18:18 -0300] "GET /2025/09/12/lotto-aviaclub-%D2%9Baza%D2%9Bstanda%D2%93y-resmi-onlayn-kazino-zhurnaly/ HTTP/1.1" 200 53022 "-" "Mozilla/5.0 (compatible; MJ12bot/v1.4.8; http://mj12bot.com/)"
139.5.1.175 - - [21/Mar/2026:09:18:19 -0300] "POST /xmlrpc.php HTTP/1.1" 200 409 "-" "Mozilla/5.0 (Windows NT 6.2; x86) AppleWebKit/537.36 (KHTML, like Gecko) Opera/60.0.0.0 Safari/537.36"
216.73.216.20 - - [21/Mar/2026:09:18:19 -0300] "GET /shopdetail/3407625502 HTTP/1.1" 404 41416 "-" "Mozilla/5.0 AppleWebKit/537.36 (KHTML, like Gecko; compatible; ClaudeBot/1.0; +claudebot@anthropic.com)"
54.37.252.229 - - [21/Mar/2026:09:18:22 -0300] "GET /2025/09/12/lotto-aviaclub-%D2%9Baza%D2%9Bstanda%D2%93y-resmi-onlayn-kazino-zhurnaly/feed/ HTTP/1.1" 200 996 "-" "Mozilla/5.0 (compatible; MJ12bot/v1.4.8; http://mj12bot.com/)"
216.73.216.20 - - [21/Mar/2026:09:18:23 -0300] "GET /shopdetail/947676728 HTTP/1.1" 404 41416 "-" "Mozilla/5.0 AppleWebKit/537.36 (KHTML, like Gecko; compatible; ClaudeBot/1.0; +claudebot@anthropic.com)"
54.37.252.229 - - [21/Mar/2026:09:18:25 -0300] "GET /2025/09/14/1xbet-%D2%9Boldanbasy-bangladeshte-2025-zhyly-android-operatsiyaly%D2%9B-zh%D2%AFyes%D1%96-men-apple-ios-zh%D2%AFyes%D1%96ne-ie-bolu-%D2%AFsh%D1%96n-apk-aly%D2%A3yz/feed/ HTTP/1.1" 200 1268 "-" "Mozilla/5.0 (compatible; MJ12bot/v1.4.8; http://mj12bot.com/)"
216.73.216.20 - - [21/Mar/2026:09:18:28 -0300] "GET /shopdetail/3822236614 HTTP/1.1" 404 41416 "-" "Mozilla/5.0 AppleWebKit/537.36 (KHTML, like Gecko; compatible; ClaudeBot/1.0; +claudebot@anthropic.com)"
54.37.252.229 - - [21/Mar/2026:09:18:29 -0300] "GET /2025/10/13/%E2%AD%90-gamble-buffalo-spirit-dolphin-reef-online-casino-slot-on-the-web-the-real-deal-money-otherwise-100-percent-free-sign-up-now/ HTTP/1.1" 200 53835 "-" "Mozilla/5.0 (compatible; MJ12bot/v1.4.8; http://mj12bot.com/)"
216.73.216.20 - - [21/Mar/2026:09:18:33 -0300] "GET /shopdetail/1737993821 HTTP/1.1" 404 41416 "-" "Mozilla/5.0 AppleWebKit/537.36 (KHTML, like Gecko; compatible; ClaudeBot/1.0; +claudebot@anthropic.com)"
216.73.216.20 - - [21/Mar/2026:09:18:36 -0300] "GET /shopdetail/3431731719 HTTP/1.1" 404 41416 "-" "Mozilla/5.0 AppleWebKit/537.36 (KHTML, like Gecko; compatible; ClaudeBot/1.0; +claudebot@anthropic.com)"
54.38.147.168 - - [21/Mar/2026:09:18:38 -0300] "GET /2025/01/20/jungle-casino-grand-hotel-login-soul-name-of-your-nuts-slot-totally-free-demonstration-2025/ HTTP/1.1" 200 52537 "-" "Mozilla/5.0 (compatible; AhrefsBot/7.0; +http://ahrefs.com/robot/)"
216.73.216.20 - - [21/Mar/2026:09:18:39 -0300] "GET /shopdetail/1691009551 HTTP/1.1" 404 41416 "-" "Mozilla/5.0 AppleWebKit/537.36 (KHTML, like Gecko; compatible; ClaudeBot/1.0; +claudebot@anthropic.com)"
216.73.216.20 - - [21/Mar/2026:09:18:42 -0300] "GET /shopdetail/4141247245 HTTP/1.1" 404 41416 "-" "Mozilla/5.0 AppleWebKit/537.36 (KHTML, like Gecko; compatible; ClaudeBot/1.0; +claudebot@anthropic.com)"
216.73.216.20 - - [21/Mar/2026:09:18:44 -0300] "GET /shopdetail/4142459344 HTTP/1.1" 404 41416 "-" "Mozilla/5.0 AppleWebKit/537.36 (KHTML, like Gecko; compatible; ClaudeBot/1.0; +claudebot@anthropic.com)"
198.244.183.169 - - [21/Mar/2026:09:18:47 -0300] "GET /2025/09/17/aquacal-casino-expekt-online-tropicool-genius-from-oz-ruby-slippers-step-1-deposit-tc1000-h2o-fridge-cool-only-digitalpod/ HTTP/1.1" 200 53819 "-" "Mozilla/5.0 (compatible; AhrefsBot/7.0; +http://ahrefs.com/robot/)"
216.73.216.20 - - [21/Mar/2026:09:18:48 -0300] "GET /shopdetail/1543212734 HTTP/1.1" 404 41416 "-" "Mozilla/5.0 AppleWebKit/537.36 (KHTML, like Gecko; compatible; ClaudeBot/1.0; +claudebot@anthropic.com)"
216.73.216.20 - - [21/Mar/2026:09:18:51 -0300] "GET /shopdetail/3507183783 HTTP/1.1" 404 41416 "-" "Mozilla/5.0 AppleWebKit/537.36 (KHTML, like Gecko; compatible; ClaudeBot/1.0; +claudebot@anthropic.com)"
216.73.216.20 - - [21/Mar/2026:09:18:54 -0300] "GET /shopdetail/1466548571 HTTP/1.1" 404 41416 "-" "Mozilla/5.0 AppleWebKit/537.36 (KHTML, like Gecko; compatible; ClaudeBot/1.0; +claudebot@anthropic.com)"
216.73.216.20 - - [21/Mar/2026:09:18:57 -0300] "GET /shopdetail/36620426 HTTP/1.1" 404 41416 "-" "Mozilla/5.0 AppleWebKit/537.36 (KHTML, like Gecko; compatible; ClaudeBot/1.0; +claudebot@anthropic.com)"
216.73.216.20 - - [21/Mar/2026:09:19:00 -0300] "GET /shopdetail/2642412557 HTTP/1.1" 404 41416 "-" "Mozilla/5.0 AppleWebKit/537.36 (KHTML, like Gecko; compatible; ClaudeBot/1.0; +claudebot@anthropic.com)"
216.73.216.20 - - [21/Mar/2026:09:19:03 -0300] "GET /shopdetail/672455513 HTTP/1.1" 404 41416 "-" "Mozilla/5.0 AppleWebKit/537.36 (KHTML, like Gecko; compatible; ClaudeBot/1.0; +claudebot@anthropic.com)"
198.244.226.249 - - [21/Mar/2026:09:19:05 -0300] "GET /2025/10/10/%CE%B7-%CE%B5%CE%BC%CF%86%CE%AC%CE%BD%CE%B9%CF%83%CE%B7-%CF%84%CE%BF%CF%85-%CE%B8%CE%B7%CF%83%CE%B1%CF%85%CF%81%CE%BF%CF%8D-%CF%84%CE%BF%CF%85-%CF%87%CF%81%CF%8C%CE%BD%CE%BF%CF%85-%CF%84%CE%BF%CF%85/ HTTP/1.1" 200 56578 "-" "Mozilla/5.0 (compatible; AhrefsBot/7.0; +http://ahrefs.com/robot/)"
216.73.216.20 - - [21/Mar/2026:09:19:07 -0300] "GET /shopdetail/1495016365 HTTP/1.1" 404 41416 "-" "Mozilla/5.0 AppleWebKit/537.36 (KHTML, like Gecko; compatible; ClaudeBot/1.0; +claudebot@anthropic.com)"
216.73.216.20 - - [21/Mar/2026:09:19:10 -0300] "GET /shopdetail/518921513 HTTP/1.1" 404 41416 "-" "Mozilla/5.0 AppleWebKit/537.36 (KHTML, like Gecko; compatible; ClaudeBot/1.0; +claudebot@anthropic.com)"
198.244.226.12 - - [21/Mar/2026:09:19:11 -0300] "GET /2025/10/20/with-each-bet-you-create-you-will-get-currency-%EF%BF%BD-win-or-lose-2/ HTTP/1.1" 200 47682 "-" "Mozilla/5.0 (compatible; AhrefsBot/7.0; +http://ahrefs.com/robot/)"
216.73.216.20 - - [21/Mar/2026:09:19:12 -0300] "GET /shopdetail/3436484046 HTTP/1.1" 404 41416 "-" "Mozilla/5.0 AppleWebKit/537.36 (KHTML, like Gecko; compatible; ClaudeBot/1.0; +claudebot@anthropic.com)"
17.22.245.68 - - [21/Mar/2026:09:19:14 -0300] "GET /2025/01/03/10-neosurf-visit-this-site-here-gambling-enterprises-that-have-immediate-withdrawals/ HTTP/1.1" 200 50539 "-" "Mozilla/5.0 (Macintosh; Intel Mac OS X 10_15_7) AppleWebKit/605.1.15 (KHTML, like Gecko) Version/17.4 Safari/605.1.15 (Applebot/0.1; +http://www.apple.com/go/applebot)"
216.73.216.20 - - [21/Mar/2026:09:19:16 -0300] "GET /shopdetail/1302650934 HTTP/1.1" 404 41416 "-" "Mozilla/5.0 AppleWebKit/537.36 (KHTML, like Gecko; compatible; ClaudeBot/1.0; +claudebot@anthropic.com)"
216.73.216.20 - - [21/Mar/2026:09:19:18 -0300] "GET /shopdetail/1589426332 HTTP/1.1" 404 41416 "-" "Mozilla/5.0 AppleWebKit/537.36 (KHTML, like Gecko; compatible; ClaudeBot/1.0; +claudebot@anthropic.com)"
51.89.129.152 - - [21/Mar/2026:09:19:19 -0300] "GET /2025/01/20/bucks-splash-local-cinderellas-ball-online-slot-casino-bnc-comment-bonus-codes-bnc-en/ HTTP/1.1" 200 52796 "-" "Mozilla/5.0 (compatible; AhrefsBot/7.0; +http://ahrefs.com/robot/)"
198.244.242.172 - - [21/Mar/2026:09:19:30 -0300] "GET /2025/08/08/rotiri-casino-de-depozit-de-5-usd-rocky-gratuite-dar-plata-tu-oferte-freespins-pe-2025/ HTTP/1.1" 200 50932 "-" "Mozilla/5.0 (compatible; AhrefsBot/7.0; +http://ahrefs.com/robot/)"
216.73.216.20 - - [21/Mar/2026:09:19:34 -0300] "GET /shopdetail/3461265102 HTTP/1.1" 404 41416 "-" "Mozilla/5.0 AppleWebKit/537.36 (KHTML, like Gecko; compatible; ClaudeBot/1.0; +claudebot@anthropic.com)"
216.73.216.20 - - [21/Mar/2026:09:19:36 -0300] "GET /shopdetail/344145232 HTTP/1.1" 404 41416 "-" "Mozilla/5.0 AppleWebKit/537.36 (KHTML, like Gecko; compatible; ClaudeBot/1.0; +claudebot@anthropic.com)"
216.73.216.20 - - [21/Mar/2026:09:19:39 -0300] "GET /shopdetail/32147587 HTTP/1.1" 404 41416 "-" "Mozilla/5.0 AppleWebKit/537.36 (KHTML, like Gecko; compatible; ClaudeBot/1.0; +claudebot@anthropic.com)"
198.244.168.60 - - [21/Mar/2026:09:19:41 -0300] "GET /2025/10/15/bestway-fantastic-aquarium-enjoy-pool-1053052xxx21-auction-web-sites-com-au-playthings-games/ HTTP/1.1" 200 51573 "-" "Mozilla/5.0 (compatible; AhrefsBot/7.0; +http://ahrefs.com/robot/)"
216.73.216.20 - - [21/Mar/2026:09:19:42 -0300] "GET /shopdetail/514007263 HTTP/1.1" 404 41416 "-" "Mozilla/5.0 AppleWebKit/537.36 (KHTML, like Gecko; compatible; ClaudeBot/1.0; +claudebot@anthropic.com)"
216.73.216.20 - - [21/Mar/2026:09:19:46 -0300] "GET /shopdetail/98993976 HTTP/1.1" 404 41416 "-" "Mozilla/5.0 AppleWebKit/537.36 (KHTML, like Gecko; compatible; ClaudeBot/1.0; +claudebot@anthropic.com)"
216.73.216.20 - - [21/Mar/2026:09:19:48 -0300] "GET /shopdetail/765769346 HTTP/1.1" 404 41416 "-" "Mozilla/5.0 AppleWebKit/537.36 (KHTML, like Gecko; compatible; ClaudeBot/1.0; +claudebot@anthropic.com)"
198.244.168.97 - - [21/Mar/2026:09:19:53 -0300] "GET /2025/10/13/darmowe-zabawy-hot-spot-zagraj-przy-gry-hot-spot-darmowo/ HTTP/1.1" 200 54845 "-" "Mozilla/5.0 (compatible; AhrefsBot/7.0; +http://ahrefs.com/robot/)"
139.5.1.175 - - [21/Mar/2026:09:19:54 -0300] "POST /xmlrpc.php HTTP/1.1" 200 409 "-" "Mozilla/5.0 (Macintosh; Intel Mac OS X 10_15_7; x86) AppleWebKit/537.36 (KHTML, like Gecko) Edge/90.0.0.0 Safari/537.36"
51.195.244.154 - - [21/Mar/2026:09:20:04 -0300] "GET /2025/08/23/dotbig-agent-remark-an-extensive-system-to-have-modern-investors/ HTTP/1.1" 200 50708 "-" "Mozilla/5.0 (compatible; AhrefsBot/7.0; +http://ahrefs.com/robot/)"
216.73.216.20 - - [21/Mar/2026:09:20:04 -0300] "GET /shopdetail/1419564301 HTTP/1.1" 404 41416 "-" "Mozilla/5.0 AppleWebKit/537.36 (KHTML, like Gecko; compatible; ClaudeBot/1.0; +claudebot@anthropic.com)"
216.73.216.20 - - [21/Mar/2026:09:20:08 -0300] "GET /shopdetail/3291153562 HTTP/1.1" 404 41416 "-" "Mozilla/5.0 AppleWebKit/537.36 (KHTML, like Gecko; compatible; ClaudeBot/1.0; +claudebot@anthropic.com)"
216.73.216.20 - - [21/Mar/2026:09:20:10 -0300] "GET /shopdetail/2338496321 HTTP/1.1" 404 41416 "-" "Mozilla/5.0 AppleWebKit/537.36 (KHTML, like Gecko; compatible; ClaudeBot/1.0; +claudebot@anthropic.com)"
216.73.216.20 - - [21/Mar/2026:09:20:12 -0300] "GET /shopdetail/2516158107 HTTP/1.1" 404 41416 "-" "Mozilla/5.0 AppleWebKit/537.36 (KHTML, like Gecko; compatible; ClaudeBot/1.0; +claudebot@anthropic.com)"
51.195.215.114 - - [21/Mar/2026:09:20:13 -0300] "GET /2025/05/29/gamble-on-line-keno-the-real-glory-casino-bonus-account-withdrawal-deal-money-best-keno-games/ HTTP/1.1" 200 50583 "-" "Mozilla/5.0 (compatible; AhrefsBot/7.0; +http://ahrefs.com/robot/)"
216.73.216.20 - - [21/Mar/2026:09:20:15 -0300] "GET /shopdetail/1513747041 HTTP/1.1" 404 41416 "-" "Mozilla/5.0 AppleWebKit/537.36 (KHTML, like Gecko; compatible; ClaudeBot/1.0; +claudebot@anthropic.com)"
216.73.216.20 - - [21/Mar/2026:09:20:18 -0300] "GET /shopdetail/133799949 HTTP/1.1" 404 41416 "-" "Mozilla/5.0 AppleWebKit/537.36 (KHTML, like Gecko; compatible; ClaudeBot/1.0; +claudebot@anthropic.com)"
198.244.168.10 - - [21/Mar/2026:09:20:25 -0300] "GET /2025/05/29/king-wild-gambler-online-uk-away-from-glasses-meaning-tarot-cards-significance/ HTTP/1.1" 200 55299 "-" "Mozilla/5.0 (compatible; AhrefsBot/7.0; +http://ahrefs.com/robot/)"
216.73.216.20 - - [21/Mar/2026:09:20:25 -0300] "GET /shopdetail/2583155693 HTTP/1.1" 404 41416 "-" "Mozilla/5.0 AppleWebKit/537.36 (KHTML, like Gecko; compatible; ClaudeBot/1.0; +claudebot@anthropic.com)"
216.73.216.20 - - [21/Mar/2026:09:20:27 -0300] "GET /shopdetail/3354560259 HTTP/1.1" 404 41416 "-" "Mozilla/5.0 AppleWebKit/537.36 (KHTML, like Gecko; compatible; ClaudeBot/1.0; +claudebot@anthropic.com)"
17.246.15.242 - - [21/Mar/2026:09:20:28 -0300] "GET /2025/01/30/fortschrittlich-spielbank-freispiele-abzuglich-einzahlung-gebuhrenfrei-free-spins-2024/ HTTP/1.1" 200 50479 "-" "Mozilla/5.0 (Macintosh; Intel Mac OS X 10_15_7) AppleWebKit/605.1.15 (KHTML, like Gecko) Version/17.4 Safari/605.1.15 (Applebot/0.1; +http://www.apple.com/go/applebot)"
216.73.216.20 - - [21/Mar/2026:09:20:30 -0300] "GET /shopdetail/709609683 HTTP/1.1" 404 41416 "-" "Mozilla/5.0 AppleWebKit/537.36 (KHTML, like Gecko; compatible; ClaudeBot/1.0; +claudebot@anthropic.com)"
216.73.216.20 - - [21/Mar/2026:09:20:33 -0300] "GET /shopdetail/30935504 HTTP/1.1" 404 41416 "-" "Mozilla/5.0 AppleWebKit/537.36 (KHTML, like Gecko; compatible; ClaudeBot/1.0; +claudebot@anthropic.com)"
216.73.216.20 - - [21/Mar/2026:09:20:35 -0300] "GET /shopdetail/3196457401 HTTP/1.1" 404 41416 "-" "Mozilla/5.0 AppleWebKit/537.36 (KHTML, like Gecko; compatible; ClaudeBot/1.0; +claudebot@anthropic.com)"
198.244.226.5 - - [21/Mar/2026:09:20:37 -0300] "GET /2025/08/17/blackjack-vortragen-die-leser-referenz-anklicken-erreichbar-kostenlos-auf-unserer-inter-seite/ HTTP/1.1" 200 53687 "-" "Mozilla/5.0 (compatible; AhrefsBot/7.0; +http://ahrefs.com/robot/)"
216.73.216.20 - - [21/Mar/2026:09:20:38 -0300] "GET /shopdetail/3972597313 HTTP/1.1" 404 41416 "-" "Mozilla/5.0 AppleWebKit/537.36 (KHTML, like Gecko; compatible; ClaudeBot/1.0; +claudebot@anthropic.com)"
216.73.216.20 - - [21/Mar/2026:09:20:41 -0300] "GET /shopdetail/232146131 HTTP/1.1" 404 41416 "-" "Mozilla/5.0 AppleWebKit/537.36 (KHTML, like Gecko; compatible; ClaudeBot/1.0; +claudebot@anthropic.com)"
216.73.216.20 - - [21/Mar/2026:09:20:44 -0300] "GET /shopdetail/1456881978 HTTP/1.1" 404 41416 "-" "Mozilla/5.0 AppleWebKit/537.36 (KHTML, like Gecko; compatible; ClaudeBot/1.0; +claudebot@anthropic.com)"
216.73.216.20 - - [21/Mar/2026:09:20:48 -0300] "GET /shopdetail/714687488 HTTP/1.1" 404 41416 "-" "Mozilla/5.0 AppleWebKit/537.36 (KHTML, like Gecko; compatible; ClaudeBot/1.0; +claudebot@anthropic.com)"
216.73.216.20 - - [21/Mar/2026:09:20:50 -0300] "GET /shopdetail/2219436660 HTTP/1.1" 404 41416 "-" "Mozilla/5.0 AppleWebKit/537.36 (KHTML, like Gecko; compatible; ClaudeBot/1.0; +claudebot@anthropic.com)"
216.73.216.20 - - [21/Mar/2026:09:20:53 -0300] "GET /shopdetail/1409897724 HTTP/1.1" 404 41416 "-" "Mozilla/5.0 AppleWebKit/537.36 (KHTML, like Gecko; compatible; ClaudeBot/1.0; +claudebot@anthropic.com)"
51.195.244.117 - - [21/Mar/2026:09:20:54 -0300] "GET /2025/10/07/penalty-shoot-out-que-aparelhar-estrategias-que-onde-aprestar/ HTTP/1.1" 200 56124 "-" "Mozilla/5.0 (compatible; AhrefsBot/7.0; +http://ahrefs.com/robot/)"
216.73.216.20 - - [21/Mar/2026:09:20:58 -0300] "GET /shopdetail/3533340477 HTTP/1.1" 404 41416 "-" "Mozilla/5.0 AppleWebKit/537.36 (KHTML, like Gecko; compatible; ClaudeBot/1.0; +claudebot@anthropic.com)"
216.73.216.20 - - [21/Mar/2026:09:20:59 -0300] "GET /shopdetail/3880465002 HTTP/1.1" 404 41416 "-" "Mozilla/5.0 AppleWebKit/537.36 (KHTML, like Gecko; compatible; ClaudeBot/1.0; +claudebot@anthropic.com)"
51.195.183.182 - - [21/Mar/2026:09:21:00 -0300] "GET /2025/10/13/regarding-the-dinosaur-adventure-1-deposit-you/ HTTP/1.1" 200 52921 "-" "Mozilla/5.0 (compatible; AhrefsBot/7.0; +http://ahrefs.com/robot/)"
