196.196.254.71 - - [21/Mar/2026:10:12:44 -0300] "GET /wp-content/uploads/font-organizer/fo-declarations.css?ver=6.9.4 HTTP/1.1" 200 513 "https://www.casadasbombasdeassis.com.br/2025/10/06/alpenbets-online-casino/" "Mozilla/5.0 (Windows NT 10.0; Win64; x64) AppleWebKit/537.36 (KHTML, like Gecko) Chrome/143.0.0.0 Safari/537.36"
196.196.254.71 - - [21/Mar/2026:10:12:47 -0300] "GET /wp-content/uploads/font-organizer/fo-elements.css?ver=6.9.4 HTTP/1.1" 200 234 "https://www.casadasbombasdeassis.com.br/2025/10/06/alpenbets-online-casino/" "Mozilla/5.0 (Windows NT 10.0; Win64; x64) AppleWebKit/537.36 (KHTML, like Gecko) Chrome/143.0.0.0 Safari/537.36"
196.196.254.71 - - [21/Mar/2026:10:12:51 -0300] "POST /wp-comments-post.php HTTP/1.1" 302 - "https://www.casadasbombasdeassis.com.br/2025/10/06/alpenbets-online-casino/" "Mozilla/5.0 (Macintosh; Intel Mac OS X 12_5) AppleWebKit/537.36 (KHTML, like Gecko) Chrome/114.0.0.0 Safari/537.36 Edg/114.0.1264.71"
51.195.215.173 - - [21/Mar/2026:10:13:01 -0300] "GET /2025/10/07/sultan-games-polnyj-obzor-platformy-66-2/ HTTP/1.1" 200 62705 "-" "Mozilla/5.0 (compatible; AhrefsBot/7.0; +http://ahrefs.com/robot/)"
51.89.129.222 - - [21/Mar/2026:10:13:04 -0300] "GET /2025/02/06/joya-safari-madness-deluxe-kasino/ HTTP/1.1" 200 53869 "-" "Mozilla/5.0 (compatible; AhrefsBot/7.0; +http://ahrefs.com/robot/)"
216.73.216.20 - - [21/Mar/2026:10:13:14 -0300] "GET /shopdetail/2689211735 HTTP/1.1" 404 41416 "-" "Mozilla/5.0 AppleWebKit/537.36 (KHTML, like Gecko; compatible; ClaudeBot/1.0; +claudebot@anthropic.com)"
198.244.183.73 - - [21/Mar/2026:10:13:17 -0300] "GET /2025/10/22/play-slot-minotaurus-free-online-casino-games/ HTTP/1.1" 200 54179 "-" "Mozilla/5.0 (compatible; AhrefsBot/7.0; +http://ahrefs.com/robot/)"
51.195.183.60 - - [21/Mar/2026:10:13:18 -0300] "GET /2025/10/29/provision-bis-zu-keno-online-100-inside-golden-tiger-slowenien/ HTTP/1.1" 200 51452 "-" "Mozilla/5.0 (compatible; AhrefsBot/7.0; +http://ahrefs.com/robot/)"
51.89.129.195 - - [21/Mar/2026:10:13:32 -0300] "GET /2025/05/13/ten-better-online-casinos-for-real-money-april-2025/ HTTP/1.1" 200 53579 "-" "Mozilla/5.0 (compatible; AhrefsBot/7.0; +http://ahrefs.com/robot/)"
216.73.216.20 - - [21/Mar/2026:10:13:37 -0300] "GET /shopdetail/936909346 HTTP/1.1" 404 41416 "-" "Mozilla/5.0 AppleWebKit/537.36 (KHTML, like Gecko; compatible; ClaudeBot/1.0; +claudebot@anthropic.com)"
198.244.168.197 - - [21/Mar/2026:10:13:52 -0300] "GET /2025/08/09/eye-of-horus-tricks-tipps-bonus-enthullt-pharaos-riches-deutschland-mega-jackpot-2025-it-solutions/ HTTP/1.1" 200 53192 "-" "Mozilla/5.0 (compatible; AhrefsBot/7.0; +http://ahrefs.com/robot/)"
216.73.216.20 - - [21/Mar/2026:10:13:58 -0300] "GET /shopdetail/2193165853 HTTP/1.1" 404 41416 "-" "Mozilla/5.0 AppleWebKit/537.36 (KHTML, like Gecko; compatible; ClaudeBot/1.0; +claudebot@anthropic.com)"
51.195.183.80 - - [21/Mar/2026:10:14:02 -0300] "GET /2025/10/16/skachat-dopolnenie-1xbet-dolzhnostnoy-zhurnal-verbovoe-vdobavok-fiksatsiya/ HTTP/1.1" 200 57488 "-" "Mozilla/5.0 (compatible; AhrefsBot/7.0; +http://ahrefs.com/robot/)"
196.196.254.71 - - [21/Mar/2026:10:12:53 -0300] "GET /2025/10/06/alpenbets-online-casino/ HTTP/1.1" 200 784774 "https://www.casadasbombasdeassis.com.br/wp-comments-post.php" "Mozilla/5.0 (Macintosh; Intel Mac OS X 12_5) AppleWebKit/537.36 (KHTML, like Gecko) Chrome/114.0.0.0 Safari/537.36 Edg/114.0.1264.71"
57.141.4.70 - - [21/Mar/2026:10:14:07 -0300] "GET /2025/10/11/spinfest-casino-ridefinire-il-artificio-online-con-italia/ HTTP/1.1" 200 52546 "-" "meta-externalagent/1.1 (+https://developers.facebook.com/docs/sharing/webmasters/crawler)"
17.246.19.122 - - [21/Mar/2026:10:14:10 -0300] "GET /wp-content/plugins/contact-form-7/includes/css/styles.css?ver=5.1.6 HTTP/1.1" 200 1645 "https://www.casadasbombasdeassis.com.br/2025/01/28/verbunden-casino-unter-einsatz-von-handyguthaben-bezahlen-tagesordnungspunkt-casinos-2024/" "Mozilla/5.0 (Macintosh; Intel Mac OS X 10_15_7) AppleWebKit/605.1.15 (KHTML, like Gecko) Version/17.4 Safari/605.1.15 (Applebot/0.1; +http://www.apple.com/go/applebot)"
17.246.19.168 - - [21/Mar/2026:10:14:12 -0300] "GET /wp-includes/js/jquery/jquery-migrate.min.js?ver=3.4.1 HTTP/1.1" 200 13577 "https://www.casadasbombasdeassis.com.br/2025/01/28/verbunden-casino-unter-einsatz-von-handyguthaben-bezahlen-tagesordnungspunkt-casinos-2024/" "Mozilla/5.0 (Macintosh; Intel Mac OS X 10_15_7) AppleWebKit/605.1.15 (KHTML, like Gecko) Version/17.4 Safari/605.1.15 (Applebot/0.1; +http://www.apple.com/go/applebot)"
51.89.129.135 - - [21/Mar/2026:10:14:14 -0300] "GET /2025/10/20/vaga-ultimata-casino-sidan-villig-natet-bonusinsattning-500-hos-oss/ HTTP/1.1" 200 51724 "-" "Mozilla/5.0 (compatible; AhrefsBot/7.0; +http://ahrefs.com/robot/)"
17.246.19.52 - - [21/Mar/2026:10:14:20 -0300] "GET /wp-content/plugins/wonderplugin-carousel-trial/engine/wonderplugincarouselengine.css?ver=16.9 HTTP/1.1" 200 18710 "https://www.casadasbombasdeassis.com.br/2025/01/28/verbunden-casino-unter-einsatz-von-handyguthaben-bezahlen-tagesordnungspunkt-casinos-2024/" "Mozilla/5.0 (Macintosh; Intel Mac OS X 10_15_7) AppleWebKit/605.1.15 (KHTML, like Gecko) Version/17.4 Safari/605.1.15 (Applebot/0.1; +http://www.apple.com/go/applebot)"
51.89.129.15 - - [21/Mar/2026:10:14:23 -0300] "GET /2025/08/07/guijarro-casino-paris-vip-sin-bonificacion-de-deposito-shores-slot-demo-entretenimiento-tragamonedas-de-balde/ HTTP/1.1" 200 58700 "-" "Mozilla/5.0 (compatible; AhrefsBot/7.0; +http://ahrefs.com/robot/)"
17.246.19.18 - - [21/Mar/2026:10:14:23 -0300] "GET /wp-includes/js/jquery/jquery.min.js?ver=3.7.1 HTTP/1.1" 200 87553 "https://www.casadasbombasdeassis.com.br/2025/01/28/verbunden-casino-unter-einsatz-von-handyguthaben-bezahlen-tagesordnungspunkt-casinos-2024/" "Mozilla/5.0 (Macintosh; Intel Mac OS X 10_15_7) AppleWebKit/605.1.15 (KHTML, like Gecko) Version/17.4 Safari/605.1.15 (Applebot/0.1; +http://www.apple.com/go/applebot)"
57.141.4.62 - - [21/Mar/2026:10:14:25 -0300] "GET /wp-json/wp/v2/posts/651847 HTTP/1.1" 200 12012 "-" "meta-externalagent/1.1 (+https://developers.facebook.com/docs/sharing/webmasters/crawler)"
57.141.4.41 - - [21/Mar/2026:10:14:27 -0300] "GET /2025/10/11/nota-dei-migliori-gratifica-slot-con-codice-bonus-billionairespin-2025/ HTTP/1.1" 200 50010 "-" "meta-externalagent/1.1 (+https://developers.facebook.com/docs/sharing/webmasters/crawler)"
103.215.229.119 - - [21/Mar/2026:10:14:27 -0300] "GET /2025/10/24/fuball-heute-live-heute/ HTTP/1.1" 200 379813 "-" "Mozilla/5.0 (compatible; Googlebot/2.1; +http://www.google.com/bot.html)"
57.141.4.46 - - [21/Mar/2026:10:14:28 -0300] "GET /wp-json/oembed/1.0/embed?url=https%3A%2F%2Fwww.casadasbombasdeassis.com.br%2F2025%2F10%2F11%2Fspinfest-casino-ridefinire-il-artificio-online-con-italia%2F HTTP/1.1" 200 2506 "-" "meta-externalagent/1.1 (+https://developers.facebook.com/docs/sharing/webmasters/crawler)"
57.141.4.35 - - [21/Mar/2026:10:14:29 -0300] "GET /?p=651847 HTTP/1.1" 301 - "-" "meta-externalagent/1.1 (+https://developers.facebook.com/docs/sharing/webmasters/crawler)"
112.42.38.246 - - [21/Mar/2026:10:14:23 -0300] "GET / HTTP/1.1" 200 272627 "http://www.casadasbombasdeassis.com.br" "Mozilla/5.0 (Macintosh; Intel Mac OS X 12_5) AppleWebKit/537.36 (KHTML, like Gecko) Chrome/114.0.0.0 Safari/537.36 Edg/114.0.1264.71"
57.141.4.13 - - [21/Mar/2026:10:14:25 -0300] "GET /2025/10/11/spinfest-casino-ridefinire-il-artificio-online-con-italia/feed/ HTTP/1.1" 200 930 "-" "meta-externalagent/1.1 (+https://developers.facebook.com/docs/sharing/webmasters/crawler)"
209.145.58.97 - - [21/Mar/2026:10:14:41 -0300] "POST /wp-cron.php?doing_wp_cron=1774098881.3723969459533691406250 HTTP/1.1" 200 - "-" "WordPress/6.9.4; https://www.casadasbombasdeassis.com.br"
98.98.9.59 - - [21/Mar/2026:10:14:37 -0300] "POST /xmlrpc.php HTTP/1.1" 200 181 "-" "Mozilla/5.0 (Windows NT 10.0; Win64; x64) AppleWebKit/537.36 (KHTML, like Gecko) Chrome/114.0.0.0 Safari/537.36"
112.42.38.246 - - [21/Mar/2026:10:14:42 -0300] "GET /manutencao-sistemas-de-irrigacao/ HTTP/1.1" 200 51535 "https://www.casadasbombasdeassis.com.br/" "Mozilla/5.0 (Macintosh; Intel Mac OS X 12_5) AppleWebKit/537.36 (KHTML, like Gecko) Chrome/114.0.0.0 Safari/537.36 Edg/114.0.1264.71"
51.195.244.247 - - [21/Mar/2026:10:14:44 -0300] "GET /2025/05/14/rainbow-riches-erreichbar-slot-demonstration-vortragen-diese-zum-wohlgefallen/ HTTP/1.1" 200 53098 "-" "Mozilla/5.0 (compatible; AhrefsBot/7.0; +http://ahrefs.com/robot/)"
57.141.4.13 - - [21/Mar/2026:10:14:46 -0300] "GET /wp-json/wp/v2/posts/651843 HTTP/1.1" 200 9376 "-" "meta-externalagent/1.1 (+https://developers.facebook.com/docs/sharing/webmasters/crawler)"
216.73.216.20 - - [21/Mar/2026:10:14:46 -0300] "GET /shopdetail/3426817469 HTTP/1.1" 404 41416 "-" "Mozilla/5.0 AppleWebKit/537.36 (KHTML, like Gecko; compatible; ClaudeBot/1.0; +claudebot@anthropic.com)"
20.220.232.101 - - [21/Mar/2026:10:14:47 -0300] "GET /admin.php HTTP/1.1" 301 - "-" "Mozilla/5.0 (Windows NT 10.0; Win64; x64) AppleWebKit/537.36 (KHTML, like Gecko) Chrome/120.0.0.0 Safari/537.36"
20.220.232.101 - - [21/Mar/2026:10:14:47 -0300] "GET /wp-trackback.php HTTP/1.1" 404 151 "-" "Mozilla/5.0 (Windows NT 10.0; Win64; x64) AppleWebKit/537.36 (KHTML, like Gecko) Chrome/120.0.0.0 Safari/537.36"
20.220.232.101 - - [21/Mar/2026:10:14:47 -0300] "GET /wp-content/uploads/index.php HTTP/1.1" 301 - "-" "Mozilla/5.0 (Windows NT 10.0; Win64; x64) AppleWebKit/537.36 (KHTML, like Gecko) Chrome/120.0.0.0 Safari/537.36"
20.220.232.101 - - [21/Mar/2026:10:14:47 -0300] "GET /adminfuns.php HTTP/1.1" 301 - "-" "Mozilla/5.0 (Windows NT 10.0; Win64; x64) AppleWebKit/537.36 (KHTML, like Gecko) Chrome/120.0.0.0 Safari/537.36"
20.220.232.101 - - [21/Mar/2026:10:14:48 -0300] "GET /wk/index.php HTTP/1.1" 301 - "-" "Mozilla/5.0 (Windows NT 10.0; Win64; x64) AppleWebKit/537.36 (KHTML, like Gecko) Chrome/120.0.0.0 Safari/537.36"
20.220.232.101 - - [21/Mar/2026:10:14:48 -0300] "GET /inputs.php HTTP/1.1" 301 - "-" "Mozilla/5.0 (Windows NT 10.0; Win64; x64) AppleWebKit/537.36 (KHTML, like Gecko) Chrome/120.0.0.0 Safari/537.36"
57.141.4.40 - - [21/Mar/2026:10:14:48 -0300] "GET /?p=651843 HTTP/1.1" 301 - "-" "meta-externalagent/1.1 (+https://developers.facebook.com/docs/sharing/webmasters/crawler)"
20.220.232.101 - - [21/Mar/2026:10:14:48 -0300] "GET /wp-admin/user/index.php HTTP/1.1" 301 - "-" "Mozilla/5.0 (Windows NT 10.0; Win64; x64) AppleWebKit/537.36 (KHTML, like Gecko) Chrome/120.0.0.0 Safari/537.36"
98.98.9.59 - - [21/Mar/2026:10:14:47 -0300] "POST /xmlrpc.php HTTP/1.1" 200 13933 "-" "Mozilla/5.0 (Windows NT 10.0; Win64; x64) AppleWebKit/537.36 (KHTML, like Gecko) Chrome/114.0.0.0 Safari/537.36"
20.220.232.101 - - [21/Mar/2026:10:14:48 -0300] "GET /404.php HTTP/1.1" 301 - "-" "Mozilla/5.0 (Windows NT 10.0; Win64; x64) AppleWebKit/537.36 (KHTML, like Gecko) Chrome/120.0.0.0 Safari/537.36"
20.220.232.101 - - [21/Mar/2026:10:14:48 -0300] "GET /file.php HTTP/1.1" 301 - "-" "Mozilla/5.0 (Windows NT 10.0; Win64; x64) AppleWebKit/537.36 (KHTML, like Gecko) Chrome/120.0.0.0 Safari/537.36"
57.141.4.44 - - [21/Mar/2026:10:14:48 -0300] "GET /wp-json/oembed/1.0/embed?url=https%3A%2F%2Fwww.casadasbombasdeassis.com.br%2F2025%2F10%2F11%2Fnota-dei-migliori-gratifica-slot-con-codice-bonus-billionairespin-2025%2F HTTP/1.1" 200 2568 "-" "meta-externalagent/1.1 (+https://developers.facebook.com/docs/sharing/webmasters/crawler)"
20.220.232.101 - - [21/Mar/2026:10:14:49 -0300] "GET /wp-content/admin.php HTTP/1.1" 301 - "-" "Mozilla/5.0 (Windows NT 10.0; Win64; x64) AppleWebKit/537.36 (KHTML, like Gecko) Chrome/120.0.0.0 Safari/537.36"
216.73.216.20 - - [21/Mar/2026:10:14:49 -0300] "GET /shopdetail/3692697585 HTTP/1.1" 404 41416 "-" "Mozilla/5.0 AppleWebKit/537.36 (KHTML, like Gecko; compatible; ClaudeBot/1.0; +claudebot@anthropic.com)"
20.220.232.101 - - [21/Mar/2026:10:14:49 -0300] "GET /wp-includes/Requests/src/Response/about.php HTTP/1.1" 301 - "-" "Mozilla/5.0 (Windows NT 10.0; Win64; x64) AppleWebKit/537.36 (KHTML, like Gecko) Chrome/120.0.0.0 Safari/537.36"
20.220.232.101 - - [21/Mar/2026:10:14:49 -0300] "GET /abcd.php HTTP/1.1" 301 - "-" "Mozilla/5.0 (Windows NT 10.0; Win64; x64) AppleWebKit/537.36 (KHTML, like Gecko) Chrome/120.0.0.0 Safari/537.36"
20.220.232.101 - - [21/Mar/2026:10:14:49 -0300] "GET /wp-includes/PHPMailer/ HTTP/1.1" 301 - "-" "Mozilla/5.0 (Windows NT 10.0; Win64; x64) AppleWebKit/537.36 (KHTML, like Gecko) Chrome/120.0.0.0 Safari/537.36"
20.220.232.101 - - [21/Mar/2026:10:14:49 -0300] "GET /wp-includes/ HTTP/1.1" 301 - "-" "Mozilla/5.0 (Windows NT 10.0; Win64; x64) AppleWebKit/537.36 (KHTML, like Gecko) Chrome/120.0.0.0 Safari/537.36"
20.220.232.101 - - [21/Mar/2026:10:14:50 -0300] "GET /wp-admin/js/ HTTP/1.1" 301 - "-" "Mozilla/5.0 (Windows NT 10.0; Win64; x64) AppleWebKit/537.36 (KHTML, like Gecko) Chrome/120.0.0.0 Safari/537.36"
98.98.9.59 - - [21/Mar/2026:10:14:50 -0300] "GET /2026/03/21/whales-pearl-position-gamble-on-the-internet-free-of-charge-and-you-will-victory-real-money/ HTTP/1.1" 200 53355 "-" "Mozilla/5.0 (Windows NT 10.0; Win64; x64) AppleWebKit/537.36 (KHTML, like Gecko) Chrome/109.0.0.0 Safari/537.36"
20.220.232.101 - - [21/Mar/2026:10:14:50 -0300] "GET /wp-admin/network/index.php HTTP/1.1" 301 - "-" "Mozilla/5.0 (Windows NT 10.0; Win64; x64) AppleWebKit/537.36 (KHTML, like Gecko) Chrome/120.0.0.0 Safari/537.36"
20.220.232.101 - - [21/Mar/2026:10:14:50 -0300] "GET /222.php HTTP/1.1" 301 - "-" "Mozilla/5.0 (Windows NT 10.0; Win64; x64) AppleWebKit/537.36 (KHTML, like Gecko) Chrome/120.0.0.0 Safari/537.36"
20.220.232.101 - - [21/Mar/2026:10:14:50 -0300] "GET /wp-content/themes/ HTTP/1.1" 301 - "-" "Mozilla/5.0 (Windows NT 10.0; Win64; x64) AppleWebKit/537.36 (KHTML, like Gecko) Chrome/120.0.0.0 Safari/537.36"
20.220.232.101 - - [21/Mar/2026:10:14:50 -0300] "GET /wp-includes/ID3/?p= HTTP/1.1" 301 - "-" "Mozilla/5.0 (Windows NT 10.0; Win64; x64) AppleWebKit/537.36 (KHTML, like Gecko) Chrome/120.0.0.0 Safari/537.36"
20.220.232.101 - - [21/Mar/2026:10:14:51 -0300] "GET /test1.php HTTP/1.1" 301 - "-" "Mozilla/5.0 (Windows NT 10.0; Win64; x64) AppleWebKit/537.36 (KHTML, like Gecko) Chrome/120.0.0.0 Safari/537.36"
20.220.232.101 - - [21/Mar/2026:10:14:51 -0300] "GET /wp-good.php HTTP/1.1" 301 - "-" "Mozilla/5.0 (Windows NT 10.0; Win64; x64) AppleWebKit/537.36 (KHTML, like Gecko) Chrome/120.0.0.0 Safari/537.36"
20.220.232.101 - - [21/Mar/2026:10:14:51 -0300] "GET /wp-admin/js/widgets/ HTTP/1.1" 301 - "-" "Mozilla/5.0 (Windows NT 10.0; Win64; x64) AppleWebKit/537.36 (KHTML, like Gecko) Chrome/120.0.0.0 Safari/537.36"
20.220.232.101 - - [21/Mar/2026:10:14:51 -0300] "GET /ioxi-o.php HTTP/1.1" 301 - "-" "Mozilla/5.0 (Windows NT 10.0; Win64; x64) AppleWebKit/537.36 (KHTML, like Gecko) Chrome/120.0.0.0 Safari/537.36"
216.73.216.20 - - [21/Mar/2026:10:14:52 -0300] "GET /shopdetail/224903752 HTTP/1.1" 404 41416 "-" "Mozilla/5.0 AppleWebKit/537.36 (KHTML, like Gecko; compatible; ClaudeBot/1.0; +claudebot@anthropic.com)"
20.220.232.101 - - [21/Mar/2026:10:14:52 -0300] "GET /wp-includes/ID3/ HTTP/1.1" 301 - "-" "Mozilla/5.0 (Windows NT 10.0; Win64; x64) AppleWebKit/537.36 (KHTML, like Gecko) Chrome/120.0.0.0 Safari/537.36"
20.220.232.101 - - [21/Mar/2026:10:14:52 -0300] "GET /wp-content/themes/?p= HTTP/1.1" 301 - "-" "Mozilla/5.0 (Windows NT 10.0; Win64; x64) AppleWebKit/537.36 (KHTML, like Gecko) Chrome/120.0.0.0 Safari/537.36"
20.220.232.101 - - [21/Mar/2026:10:14:52 -0300] "GET /about.php?p= HTTP/1.1" 301 - "-" "Mozilla/5.0 (Windows NT 10.0; Win64; x64) AppleWebKit/537.36 (KHTML, like Gecko) Chrome/120.0.0.0 Safari/537.36"
20.220.232.101 - - [21/Mar/2026:10:14:52 -0300] "GET /css/autoload_classmap.php HTTP/1.1" 301 - "-" "Mozilla/5.0 (Windows NT 10.0; Win64; x64) AppleWebKit/537.36 (KHTML, like Gecko) Chrome/120.0.0.0 Safari/537.36"
57.141.4.43 - - [21/Mar/2026:10:14:52 -0300] "GET /2025/10/11/casino-boku-ireland/ HTTP/1.1" 200 49032 "-" "meta-externalagent/1.1 (+https://developers.facebook.com/docs/sharing/webmasters/crawler)"
20.220.232.101 - - [21/Mar/2026:10:14:52 -0300] "GET /about.php HTTP/1.1" 301 - "-" "Mozilla/5.0 (Windows NT 10.0; Win64; x64) AppleWebKit/537.36 (KHTML, like Gecko) Chrome/120.0.0.0 Safari/537.36"
20.220.232.101 - - [21/Mar/2026:10:14:53 -0300] "GET /goods.php HTTP/1.1" 301 - "-" "Mozilla/5.0 (Windows NT 10.0; Win64; x64) AppleWebKit/537.36 (KHTML, like Gecko) Chrome/120.0.0.0 Safari/537.36"
20.220.232.101 - - [21/Mar/2026:10:14:53 -0300] "GET /wp-content/uploads/ HTTP/1.1" 301 - "-" "Mozilla/5.0 (Windows NT 10.0; Win64; x64) AppleWebKit/537.36 (KHTML, like Gecko) Chrome/120.0.0.0 Safari/537.36"
20.220.232.101 - - [21/Mar/2026:10:14:53 -0300] "GET /wp-content/themes/admin.php HTTP/1.1" 301 - "-" "Mozilla/5.0 (Windows NT 10.0; Win64; x64) AppleWebKit/537.36 (KHTML, like Gecko) Chrome/120.0.0.0 Safari/537.36"
20.220.232.101 - - [21/Mar/2026:10:14:53 -0300] "GET /index/function.php HTTP/1.1" 301 - "-" "Mozilla/5.0 (Windows NT 10.0; Win64; x64) AppleWebKit/537.36 (KHTML, like Gecko) Chrome/120.0.0.0 Safari/537.36"
20.220.232.101 - - [21/Mar/2026:10:14:53 -0300] "GET /wp-content/plugins/WordPressCore/ HTTP/1.1" 301 - "-" "Mozilla/5.0 (Windows NT 10.0; Win64; x64) AppleWebKit/537.36 (KHTML, like Gecko) Chrome/120.0.0.0 Safari/537.36"
20.220.232.101 - - [21/Mar/2026:10:14:54 -0300] "GET /wp-admin/images/ HTTP/1.1" 301 - "-" "Mozilla/5.0 (Windows NT 10.0; Win64; x64) AppleWebKit/537.36 (KHTML, like Gecko) Chrome/120.0.0.0 Safari/537.36"
20.220.232.101 - - [21/Mar/2026:10:14:54 -0300] "GET /wp-includes/images/ HTTP/1.1" 301 - "-" "Mozilla/5.0 (Windows NT 10.0; Win64; x64) AppleWebKit/537.36 (KHTML, like Gecko) Chrome/120.0.0.0 Safari/537.36"
20.220.232.101 - - [21/Mar/2026:10:14:54 -0300] "GET /wp-content/themes/index.php HTTP/1.1" 301 - "-" "Mozilla/5.0 (Windows NT 10.0; Win64; x64) AppleWebKit/537.36 (KHTML, like Gecko) Chrome/120.0.0.0 Safari/537.36"
20.220.232.101 - - [21/Mar/2026:10:14:54 -0300] "GET /randkeyword.PhP7 HTTP/1.1" 301 - "-" "Mozilla/5.0 (Windows NT 10.0; Win64; x64) AppleWebKit/537.36 (KHTML, like Gecko) Chrome/120.0.0.0 Safari/537.36"
20.220.232.101 - - [21/Mar/2026:10:14:55 -0300] "GET /wp-login.php HTTP/1.1" 200 9622 "-" "Mozilla/5.0 (Windows NT 10.0; Win64; x64) AppleWebKit/537.36 (KHTML, like Gecko) Chrome/120.0.0.0 Safari/537.36"
216.73.216.20 - - [21/Mar/2026:10:14:55 -0300] "GET /shopdetail/1363684126 HTTP/1.1" 404 41416 "-" "Mozilla/5.0 AppleWebKit/537.36 (KHTML, like Gecko; compatible; ClaudeBot/1.0; +claudebot@anthropic.com)"
57.141.4.35 - - [21/Mar/2026:10:14:47 -0300] "GET /2025/10/11/nota-dei-migliori-gratifica-slot-con-codice-bonus-billionairespin-2025/feed/ HTTP/1.1" 200 968 "-" "meta-externalagent/1.1 (+https://developers.facebook.com/docs/sharing/webmasters/crawler)"
20.220.232.101 - - [21/Mar/2026:10:14:55 -0300] "GET /defaults.php HTTP/1.1" 301 - "-" "Mozilla/5.0 (Windows NT 10.0; Win64; x64) AppleWebKit/537.36 (KHTML, like Gecko) Chrome/120.0.0.0 Safari/537.36"
54.38.147.19 - - [21/Mar/2026:10:14:55 -0300] "GET /2025/08/14/1xbet-skidka-pri-registratsii-krome-depo-a-takzhe-vyshe-kooptirovanie-besschetno/ HTTP/1.1" 200 57969 "-" "Mozilla/5.0 (compatible; AhrefsBot/7.0; +http://ahrefs.com/robot/)"
20.220.232.101 - - [21/Mar/2026:10:14:55 -0300] "GET /wp-content/plugins/index.php HTTP/1.1" 301 - "-" "Mozilla/5.0 (Windows NT 10.0; Win64; x64) AppleWebKit/537.36 (KHTML, like Gecko) Chrome/120.0.0.0 Safari/537.36"
20.220.232.101 - - [21/Mar/2026:10:14:55 -0300] "GET /as.php HTTP/1.1" 301 - "-" "Mozilla/5.0 (Windows NT 10.0; Win64; x64) AppleWebKit/537.36 (KHTML, like Gecko) Chrome/120.0.0.0 Safari/537.36"
20.220.232.101 - - [21/Mar/2026:10:14:55 -0300] "GET /sf.php HTTP/1.1" 301 - "-" "Mozilla/5.0 (Windows NT 10.0; Win64; x64) AppleWebKit/537.36 (KHTML, like Gecko) Chrome/120.0.0.0 Safari/537.36"
20.220.232.101 - - [21/Mar/2026:10:14:56 -0300] "GET /wp-includes/html-api/ HTTP/1.1" 301 - "-" "Mozilla/5.0 (Windows NT 10.0; Win64; x64) AppleWebKit/537.36 (KHTML, like Gecko) Chrome/120.0.0.0 Safari/537.36"
20.220.232.101 - - [21/Mar/2026:10:14:56 -0300] "GET /simple.php HTTP/1.1" 301 - "-" "Mozilla/5.0 (Windows NT 10.0; Win64; x64) AppleWebKit/537.36 (KHTML, like Gecko) Chrome/120.0.0.0 Safari/537.36"
20.220.232.101 - - [21/Mar/2026:10:14:56 -0300] "GET /about/function.php HTTP/1.1" 301 - "-" "Mozilla/5.0 (Windows NT 10.0; Win64; x64) AppleWebKit/537.36 (KHTML, like Gecko) Chrome/120.0.0.0 Safari/537.36"
20.220.232.101 - - [21/Mar/2026:10:14:56 -0300] "GET /autoload_classmap.php?p= HTTP/1.1" 301 - "-" "Mozilla/5.0 (Windows NT 10.0; Win64; x64) AppleWebKit/537.36 (KHTML, like Gecko) Chrome/120.0.0.0 Safari/537.36"
20.220.232.101 - - [21/Mar/2026:10:14:56 -0300] "GET /wp-admin/css/colors/blue/index.php HTTP/1.1" 301 - "-" "Mozilla/5.0 (Windows NT 10.0; Win64; x64) AppleWebKit/537.36 (KHTML, like Gecko) Chrome/120.0.0.0 Safari/537.36"
20.220.232.101 - - [21/Mar/2026:10:14:57 -0300] "GET /wp-admin/js/index.php HTTP/1.1" 301 - "-" "Mozilla/5.0 (Windows NT 10.0; Win64; x64) AppleWebKit/537.36 (KHTML, like Gecko) Chrome/120.0.0.0 Safari/537.36"
20.220.232.101 - - [21/Mar/2026:10:14:57 -0300] "GET /wp-admin/about.php HTTP/1.1" 301 - "-" "Mozilla/5.0 (Windows NT 10.0; Win64; x64) AppleWebKit/537.36 (KHTML, like Gecko) Chrome/120.0.0.0 Safari/537.36"
20.220.232.101 - - [21/Mar/2026:10:14:57 -0300] "GET /wp-includes/index.php HTTP/1.1" 301 - "-" "Mozilla/5.0 (Windows NT 10.0; Win64; x64) AppleWebKit/537.36 (KHTML, like Gecko) Chrome/120.0.0.0 Safari/537.36"
20.220.232.101 - - [21/Mar/2026:10:14:57 -0300] "GET /403.php HTTP/1.1" 301 - "-" "Mozilla/5.0 (Windows NT 10.0; Win64; x64) AppleWebKit/537.36 (KHTML, like Gecko) Chrome/120.0.0.0 Safari/537.36"
216.73.216.20 - - [21/Mar/2026:10:14:58 -0300] "GET /shopdetail/740892425 HTTP/1.1" 404 41416 "-" "Mozilla/5.0 AppleWebKit/537.36 (KHTML, like Gecko; compatible; ClaudeBot/1.0; +claudebot@anthropic.com)"
20.220.232.101 - - [21/Mar/2026:10:14:58 -0300] "GET /admin.php?p= HTTP/1.1" 301 - "-" "Mozilla/5.0 (Windows NT 10.0; Win64; x64) AppleWebKit/537.36 (KHTML, like Gecko) Chrome/120.0.0.0 Safari/537.36"
20.220.232.101 - - [21/Mar/2026:10:14:58 -0300] "GET /manager.php?p= HTTP/1.1" 301 - "-" "Mozilla/5.0 (Windows NT 10.0; Win64; x64) AppleWebKit/537.36 (KHTML, like Gecko) Chrome/120.0.0.0 Safari/537.36"
20.220.232.101 - - [21/Mar/2026:10:14:58 -0300] "GET /wp-includes/widgets/index.php HTTP/1.1" 301 - "-" "Mozilla/5.0 (Windows NT 10.0; Win64; x64) AppleWebKit/537.36 (KHTML, like Gecko) Chrome/120.0.0.0 Safari/537.36"
20.220.232.101 - - [21/Mar/2026:10:14:58 -0300] "GET /wp-admin/js/wp-conflg.php?p= HTTP/1.1" 301 - "-" "Mozilla/5.0 (Windows NT 10.0; Win64; x64) AppleWebKit/537.36 (KHTML, like Gecko) Chrome/120.0.0.0 Safari/537.36"
51.195.215.17 - - [21/Mar/2026:10:14:58 -0300] "GET /2025/09/13/better-internet-casino-sites-2025-trusted-global-book/ HTTP/1.1" 200 48748 "-" "Mozilla/5.0 (compatible; AhrefsBot/7.0; +http://ahrefs.com/robot/)"
20.220.232.101 - - [21/Mar/2026:10:14:58 -0300] "GET /wp-admin/maint/about.php HTTP/1.1" 301 - "-" "Mozilla/5.0 (Windows NT 10.0; Win64; x64) AppleWebKit/537.36 (KHTML, like Gecko) Chrome/120.0.0.0 Safari/537.36"
20.220.232.101 - - [21/Mar/2026:10:14:58 -0300] "GET /file.php? HTTP/1.1" 301 - "-" "Mozilla/5.0 (Windows NT 10.0; Win64; x64) AppleWebKit/537.36 (KHTML, like Gecko) Chrome/120.0.0.0 Safari/537.36"
20.220.232.101 - - [21/Mar/2026:10:14:59 -0300] "GET /wp-includes/assets/index.php HTTP/1.1" 301 - "-" "Mozilla/5.0 (Windows NT 10.0; Win64; x64) AppleWebKit/537.36 (KHTML, like Gecko) Chrome/120.0.0.0 Safari/537.36"
20.220.232.101 - - [21/Mar/2026:10:14:59 -0300] "GET /install.php HTTP/1.1" 301 - "-" "Mozilla/5.0 (Windows NT 10.0; Win64; x64) AppleWebKit/537.36 (KHTML, like Gecko) Chrome/120.0.0.0 Safari/537.36"
20.220.232.101 - - [21/Mar/2026:10:14:59 -0300] "GET /alfa.php HTTP/1.1" 301 - "-" "Mozilla/5.0 (Windows NT 10.0; Win64; x64) AppleWebKit/537.36 (KHTML, like Gecko) Chrome/120.0.0.0 Safari/537.36"
20.220.232.101 - - [21/Mar/2026:10:14:59 -0300] "GET /file51.php HTTP/1.1" 301 - "-" "Mozilla/5.0 (Windows NT 10.0; Win64; x64) AppleWebKit/537.36 (KHTML, like Gecko) Chrome/120.0.0.0 Safari/537.36"
20.220.232.101 - - [21/Mar/2026:10:15:00 -0300] "GET /wp-admin/maint/index.php HTTP/1.1" 301 - "-" "Mozilla/5.0 (Windows NT 10.0; Win64; x64) AppleWebKit/537.36 (KHTML, like Gecko) Chrome/120.0.0.0 Safari/537.36"
20.220.232.101 - - [21/Mar/2026:10:15:00 -0300] "GET /wp-signin.php HTTP/1.1" 301 - "-" "Mozilla/5.0 (Windows NT 10.0; Win64; x64) AppleWebKit/537.36 (KHTML, like Gecko) Chrome/120.0.0.0 Safari/537.36"
20.220.232.101 - - [21/Mar/2026:10:15:00 -0300] "GET /item.php HTTP/1.1" 301 - "-" "Mozilla/5.0 (Windows NT 10.0; Win64; x64) AppleWebKit/537.36 (KHTML, like Gecko) Chrome/120.0.0.0 Safari/537.36"
20.220.232.101 - - [21/Mar/2026:10:15:00 -0300] "GET /wp-content/radio.php HTTP/1.1" 301 - "-" "Mozilla/5.0 (Windows NT 10.0; Win64; x64) AppleWebKit/537.36 (KHTML, like Gecko) Chrome/120.0.0.0 Safari/537.36"
20.220.232.101 - - [21/Mar/2026:10:15:00 -0300] "GET /ws.php HTTP/1.1" 301 - "-" "Mozilla/5.0 (Windows NT 10.0; Win64; x64) AppleWebKit/537.36 (KHTML, like Gecko) Chrome/120.0.0.0 Safari/537.36"
20.220.232.101 - - [21/Mar/2026:10:15:01 -0300] "GET /wp-content/themes/index.php?p= HTTP/1.1" 301 - "-" "Mozilla/5.0 (Windows NT 10.0; Win64; x64) AppleWebKit/537.36 (KHTML, like Gecko) Chrome/120.0.0.0 Safari/537.36"
20.220.232.101 - - [21/Mar/2026:10:15:01 -0300] "GET /rip.php HTTP/1.1" 301 - "-" "Mozilla/5.0 (Windows NT 10.0; Win64; x64) AppleWebKit/537.36 (KHTML, like Gecko) Chrome/120.0.0.0 Safari/537.36"
51.195.244.168 - - [21/Mar/2026:10:15:04 -0300] "GET /2025/08/13/greatest-lgbtq-dating-apps-and-websites-of-2025/ HTTP/1.1" 200 49613 "-" "Mozilla/5.0 (compatible; AhrefsBot/7.0; +http://ahrefs.com/robot/)"
57.141.4.4 - - [21/Mar/2026:10:15:11 -0300] "GET /2025/10/11/casino-boku-ireland/feed/ HTTP/1.1" 200 815 "-" "meta-externalagent/1.1 (+https://developers.facebook.com/docs/sharing/webmasters/crawler)"
198.244.226.234 - - [21/Mar/2026:10:15:12 -0300] "GET /2025/09/03/las-vegas-piles-slot-comment-enjoy-online-the-immortal-captain-rizk-slot-for-free-now/ HTTP/1.1" 200 52946 "-" "Mozilla/5.0 (compatible; AhrefsBot/7.0; +http://ahrefs.com/robot/)"
57.141.4.5 - - [21/Mar/2026:10:15:12 -0300] "GET /2025/10/11/gioca-alle-slot-con-bonus-applicativo-billionairespin-senza-tenuta-sopra-2025/ HTTP/1.1" 200 51824 "-" "meta-externalagent/1.1 (+https://developers.facebook.com/docs/sharing/webmasters/crawler)"
216.73.216.20 - - [21/Mar/2026:10:15:15 -0300] "GET /shopdetail/2429436601 HTTP/1.1" 404 41416 "-" "Mozilla/5.0 AppleWebKit/537.36 (KHTML, like Gecko; compatible; ClaudeBot/1.0; +claudebot@anthropic.com)"
198.244.226.189 - - [21/Mar/2026:10:15:16 -0300] "GET /2025/05/07/tien-thuong-song-bac-internet-tot-hon-tat-ca-cac-song-bac-dia-phuong-tham-gia-them-cho-tat-ca-chung-toi/ HTTP/1.1" 200 53767 "-" "Mozilla/5.0 (compatible; AhrefsBot/7.0; +http://ahrefs.com/robot/)"
216.73.216.20 - - [21/Mar/2026:10:15:18 -0300] "GET /shopdetail/1992995261 HTTP/1.1" 404 41416 "-" "Mozilla/5.0 AppleWebKit/537.36 (KHTML, like Gecko; compatible; ClaudeBot/1.0; +claudebot@anthropic.com)"
216.73.216.20 - - [21/Mar/2026:10:15:22 -0300] "GET /shopdetail/2120625317 HTTP/1.1" 404 41416 "-" "Mozilla/5.0 AppleWebKit/537.36 (KHTML, like Gecko; compatible; ClaudeBot/1.0; +claudebot@anthropic.com)"
23.230.243.157 - - [21/Mar/2026:10:15:18 -0300] "GET /2025/10/21/apple-pay-sportwetten/ HTTP/1.1" 200 10442447 "-" "Mozilla/5.0 (Windows NT 10.0; Win64; x64) AppleWebKit/537.36 (KHTML, like Gecko) Chrome/106.0.0.0 Safari/537.36"
216.73.216.20 - - [21/Mar/2026:10:15:24 -0300] "GET /shopdetail/2823923151 HTTP/1.1" 404 41416 "-" "Mozilla/5.0 AppleWebKit/537.36 (KHTML, like Gecko; compatible; ClaudeBot/1.0; +claudebot@anthropic.com)"
51.89.129.226 - - [21/Mar/2026:10:15:26 -0300] "GET /2025/08/09/eye-of-horus-fur-bezahlen-sie-mit-paypal-am-telefon-am-kreditkartenautomaten-nusse-spielen-abzuglich-anmeldung-2025/ HTTP/1.1" 200 55508 "-" "Mozilla/5.0 (compatible; AhrefsBot/7.0; +http://ahrefs.com/robot/)"
216.73.216.20 - - [21/Mar/2026:10:15:27 -0300] "GET /shopdetail/4846484 HTTP/1.1" 404 41416 "-" "Mozilla/5.0 AppleWebKit/537.36 (KHTML, like Gecko; compatible; ClaudeBot/1.0; +claudebot@anthropic.com)"
57.141.4.64 - - [21/Mar/2026:10:15:28 -0300] "GET /?p=651841 HTTP/1.1" 301 - "-" "meta-externalagent/1.1 (+https://developers.facebook.com/docs/sharing/webmasters/crawler)"
57.141.4.24 - - [21/Mar/2026:10:15:29 -0300] "GET /wp-json/wp/v2/posts/875143 HTTP/1.1" 200 6015 "-" "meta-externalagent/1.1 (+https://developers.facebook.com/docs/sharing/webmasters/crawler)"
57.141.4.6 - - [21/Mar/2026:10:15:31 -0300] "GET /2025/10/11/slot-premio-di-addebitamento-i24slot-gallina-a-scrocco-trucchi-come-bonus-yoyospins-vincere/ HTTP/1.1" 200 50414 "-" "meta-externalagent/1.1 (+https://developers.facebook.com/docs/sharing/webmasters/crawler)"
57.141.4.49 - - [21/Mar/2026:10:15:32 -0300] "GET /wp-json/wp/v2/posts/651841 HTTP/1.1" 200 11280 "-" "meta-externalagent/1.1 (+https://developers.facebook.com/docs/sharing/webmasters/crawler)"
216.73.216.20 - - [21/Mar/2026:10:15:32 -0300] "GET /shopdetail/875764892 HTTP/1.1" 404 41416 "-" "Mozilla/5.0 AppleWebKit/537.36 (KHTML, like Gecko; compatible; ClaudeBot/1.0; +claudebot@anthropic.com)"
23.230.243.157 - - [21/Mar/2026:10:15:28 -0300] "GET /2025/10/21/apple-pay-sportwetten/ HTTP/1.1" 200 10442447 "-" "Mozilla/5.0 (Windows NT 10.0; Win64; x64) AppleWebKit/537.36 (KHTML, like Gecko) Chrome/106.0.0.0 Safari/537.36"
196.196.254.71 - - [21/Mar/2026:10:14:28 -0300] "GET /2025/10/06/alpenbets-online-casino/ HTTP/1.1" 200 784774 "-" "Mozilla/5.0 (Macintosh; Intel Mac OS X 12_5) AppleWebKit/537.36 (KHTML, like Gecko) Chrome/114.0.0.0 Safari/537.36 Edg/114.0.1264.71"
57.141.4.36 - - [21/Mar/2026:10:15:34 -0300] "GET /wp-json/oembed/1.0/embed?url=https%3A%2F%2Fwww.casadasbombasdeassis.com.br%2F2025%2F10%2F11%2Fgioca-alle-slot-con-bonus-applicativo-billionairespin-senza-tenuta-sopra-2025%2F HTTP/1.1" 200 2603 "-" "meta-externalagent/1.1 (+https://developers.facebook.com/docs/sharing/webmasters/crawler)"
54.38.147.174 - - [21/Mar/2026:10:15:34 -0300] "GET /2025/10/08/choy-sun-attila-slot-echtes-geld-doa-spielautomat-unabhangige-kostenloses-spin-spielsaal-echtes-bimbes-besprechung/ HTTP/1.1" 200 53318 "-" "Mozilla/5.0 (compatible; AhrefsBot/7.0; +http://ahrefs.com/robot/)"
57.141.4.66 - - [21/Mar/2026:10:15:35 -0300] "GET /?p=875143 HTTP/1.1" 301 - "-" "meta-externalagent/1.1 (+https://developers.facebook.com/docs/sharing/webmasters/crawler)"
216.73.216.20 - - [21/Mar/2026:10:15:35 -0300] "GET /shopdetail/81901397 HTTP/1.1" 404 41416 "-" "Mozilla/5.0 AppleWebKit/537.36 (KHTML, like Gecko; compatible; ClaudeBot/1.0; +claudebot@anthropic.com)"
23.230.243.157 - - [21/Mar/2026:10:15:36 -0300] "POST /wp-comments-post.php HTTP/1.1" 302 - "https://www.casadasbombasdeassis.com.br/2025/10/21/apple-pay-sportwetten/" "Mozilla/5.0 (Windows NT 10.0; Win64; x64) AppleWebKit/537.36 (KHTML, like Gecko) Chrome/106.0.0.0 Safari/537.36"
216.73.216.20 - - [21/Mar/2026:10:15:38 -0300] "GET /shopdetail/402008178 HTTP/1.1" 404 41416 "-" "Mozilla/5.0 AppleWebKit/537.36 (KHTML, like Gecko; compatible; ClaudeBot/1.0; +claudebot@anthropic.com)"
57.141.4.23 - - [21/Mar/2026:10:15:39 -0300] "GET /wp-json/oembed/1.0/embed?url=https%3A%2F%2Fwww.casadasbombasdeassis.com.br%2F2025%2F10%2F11%2Fcasino-boku-ireland%2F HTTP/1.1" 200 2313 "-" "meta-externalagent/1.1 (+https://developers.facebook.com/docs/sharing/webmasters/crawler)"
185.207.96.116 - - [21/Mar/2026:10:15:24 -0300] "GET /2025/10/21/apple-pay-sportwetten/ HTTP/1.1" 200 10442447 "-" "Mozilla/5.0 (Windows NT 10.0; Win64; x64) AppleWebKit/537.36 (KHTML, like Gecko) Chrome/106.0.0.0 Safari/537.36"
216.73.216.20 - - [21/Mar/2026:10:15:41 -0300] "GET /shopdetail/3946326474 HTTP/1.1" 404 41416 "-" "Mozilla/5.0 AppleWebKit/537.36 (KHTML, like Gecko; compatible; ClaudeBot/1.0; +claudebot@anthropic.com)"
51.195.183.207 - - [21/Mar/2026:10:15:44 -0300] "GET /2025/06/04/free-spins-inte-me-insattning-jamfor-gallande-casinon-inte-med-svensk-licens/ HTTP/1.1" 200 51121 "-" "Mozilla/5.0 (compatible; AhrefsBot/7.0; +http://ahrefs.com/robot/)"
216.73.216.20 - - [21/Mar/2026:10:15:45 -0300] "GET /shopdetail/549577752 HTTP/1.1" 404 41416 "-" "Mozilla/5.0 AppleWebKit/537.36 (KHTML, like Gecko; compatible; ClaudeBot/1.0; +claudebot@anthropic.com)"
57.141.4.25 - - [21/Mar/2026:10:15:47 -0300] "GET /wp-json/wp/v2/posts/651839 HTTP/1.1" 200 9528 "-" "meta-externalagent/1.1 (+https://developers.facebook.com/docs/sharing/webmasters/crawler)"
23.230.243.157 - - [21/Mar/2026:10:15:43 -0300] "GET /2025/10/24/fuball-kickers/ HTTP/1.1" 200 9951666 "-" "Mozilla/5.0 (Windows NT 10.0; Win64; x64) AppleWebKit/537.36 (KHTML, like Gecko) Chrome/106.0.0.0 Safari/537.36"
144.79.133.31 - - [21/Mar/2026:10:15:49 -0300] "GET /2025/10/06/alle-wettanbieter-deutschland/ HTTP/1.1" 200 717690 "-" "Mozilla/5.0 (Windows NT 10.0; WOW64) AppleWebKit/537.36 (KHTML, like Gecko) Chrome/103.0.0.0 Safari/537.36"
57.141.4.38 - - [21/Mar/2026:10:15:51 -0300] "GET /?p=651839 HTTP/1.1" 301 - "-" "meta-externalagent/1.1 (+https://developers.facebook.com/docs/sharing/webmasters/crawler)"
57.141.4.20 - - [21/Mar/2026:10:15:52 -0300] "GET /2025/10/11/spinfest-casinobonus-versione-piu-recente-dellapplicazione-yoyospins-i-migliori-premiper-i-giocatori-italiani/ HTTP/1.1" 200 52267 "-" "meta-externalagent/1.1 (+https://developers.facebook.com/docs/sharing/webmasters/crawler)"
57.141.4.41 - - [21/Mar/2026:10:15:52 -0300] "GET /wp-json/oembed/1.0/embed?url=https%3A%2F%2Fwww.casadasbombasdeassis.com.br%2F2025%2F10%2F11%2Fslot-premio-di-addebitamento-i24slot-gallina-a-scrocco-trucchi-come-bonus-yoyospins-vincere%2F HTTP/1.1" 200 2679 "-" "meta-externalagent/1.1 (+https://developers.facebook.com/docs/sharing/webmasters/crawler)"
185.191.171.2 - - [21/Mar/2026:10:15:53 -0300] "GET /2025/05/06/zhiznennoe-neprazdnichnoe-luchnik-1xbet-na-dannyy-moment-ofitsialnyy-veb-zhurnal-bukmekerskoy-firmy/ HTTP/1.1" 200 58782 "-" "Mozilla/5.0 (compatible; SemrushBot/7~bl; +http://www.semrush.com/bot.html)"
23.230.243.157 - - [21/Mar/2026:10:15:49 -0300] "GET /2025/10/24/fuball-kickers/ HTTP/1.1" 200 9951666 "-" "Mozilla/5.0 (Windows NT 10.0; Win64; x64) AppleWebKit/537.36 (KHTML, like Gecko) Chrome/106.0.0.0 Safari/537.36"
51.195.183.202 - - [21/Mar/2026:10:15:54 -0300] "GET /2025/01/20/moon-spin-party-slot-free-spins-princess-position/ HTTP/1.1" 200 54123 "-" "Mozilla/5.0 (compatible; AhrefsBot/7.0; +http://ahrefs.com/robot/)"
57.141.4.14 - - [21/Mar/2026:10:15:49 -0300] "GET /2025/10/11/slot-premio-di-addebitamento-i24slot-gallina-a-scrocco-trucchi-come-bonus-yoyospins-vincere/feed/ HTTP/1.1" 200 1033 "-" "meta-externalagent/1.1 (+https://developers.facebook.com/docs/sharing/webmasters/crawler)"
23.230.243.157 - - [21/Mar/2026:10:15:56 -0300] "POST /wp-comments-post.php HTTP/1.1" 302 - "https://www.casadasbombasdeassis.Com.br/2025/10/24/fuball-kickers/" "Mozilla/5.0 (Windows NT 10.0; Win64; x64) AppleWebKit/537.36 (KHTML, like Gecko) Chrome/106.0.0.0 Safari/537.36"
185.207.96.116 - - [21/Mar/2026:10:15:45 -0300] "GET /2025/10/24/fuball-kickers/ HTTP/1.1" 200 9951666 "-" "Mozilla/5.0 (Windows NT 10.0; Win64; x64) AppleWebKit/537.36 (KHTML, like Gecko) Chrome/106.0.0.0 Safari/537.36"
20.151.11.236 - - [21/Mar/2026:10:16:00 -0300] "GET /wp-content/plugins/hellopress/wp_filemanager.php HTTP/1.1" 401 36 "-" "-"
20.151.11.236 - - [21/Mar/2026:10:16:01 -0300] "GET /gptsh.php HTTP/1.1" 401 36 "-" "-"
20.151.11.236 - - [21/Mar/2026:10:16:01 -0300] "GET /xocx.php HTTP/1.1" 401 36 "-" "-"
20.151.11.236 - - [21/Mar/2026:10:16:01 -0300] "GET /pep.php HTTP/1.1" 401 36 "-" "-"
20.151.11.236 - - [21/Mar/2026:10:16:01 -0300] "GET /sdm.php HTTP/1.1" 401 36 "-" "-"
20.151.11.236 - - [21/Mar/2026:10:16:01 -0300] "GET /file52.php HTTP/1.1" 401 36 "-" "-"
20.151.11.236 - - [21/Mar/2026:10:16:01 -0300] "GET /13ede.php HTTP/1.1" 401 36 "-" "-"
20.151.11.236 - - [21/Mar/2026:10:16:01 -0300] "GET /z3ki.php HTTP/1.1" 401 36 "-" "-"
20.151.11.236 - - [21/Mar/2026:10:16:02 -0300] "GET /chromed.php HTTP/1.1" 401 36 "-" "-"
20.151.11.236 - - [21/Mar/2026:10:16:02 -0300] "GET /scxy.php HTTP/1.1" 401 36 "-" "-"
20.151.11.236 - - [21/Mar/2026:10:16:02 -0300] "GET /ote.php HTTP/1.1" 401 36 "-" "-"
20.151.11.236 - - [21/Mar/2026:10:16:02 -0300] "GET /.wp-db.php HTTP/1.1" 401 36 "-" "-"
20.151.11.236 - - [21/Mar/2026:10:16:02 -0300] "GET /zample.php HTTP/1.1" 401 36 "-" "-"
20.151.11.236 - - [21/Mar/2026:10:16:03 -0300] "GET /read.php HTTP/1.1" 401 36 "-" "-"
20.151.11.236 - - [21/Mar/2026:10:16:03 -0300] "GET /ox.php HTTP/1.1" 401 36 "-" "-"
20.151.11.236 - - [21/Mar/2026:10:16:03 -0300] "GET /1754569357_be.php HTTP/1.1" 401 36 "-" "-"
20.151.11.236 - - [21/Mar/2026:10:16:03 -0300] "GET /wp-kd4xalrg7m.php HTTP/1.1" 401 36 "-" "-"
20.151.11.236 - - [21/Mar/2026:10:16:03 -0300] "GET /hplfuns.php HTTP/1.1" 401 36 "-" "-"
20.151.11.236 - - [21/Mar/2026:10:16:03 -0300] "GET /test2.php HTTP/1.1" 401 36 "-" "-"
20.151.11.236 - - [21/Mar/2026:10:16:03 -0300] "GET /100.php HTTP/1.1" 401 36 "-" "-"
20.151.11.236 - - [21/Mar/2026:10:16:03 -0300] "GET /1998.php HTTP/1.1" 401 36 "-" "-"
20.151.11.236 - - [21/Mar/2026:10:16:03 -0300] "GET /wtiiy.php HTTP/1.1" 401 36 "-" "-"
20.151.11.236 - - [21/Mar/2026:10:16:04 -0300] "GET /wp-mter.php HTTP/1.1" 401 36 "-" "-"
20.151.11.236 - - [21/Mar/2026:10:16:04 -0300] "GET /inege.php HTTP/1.1" 401 36 "-" "-"
20.151.11.236 - - [21/Mar/2026:10:16:04 -0300] "GET /hc.php HTTP/1.1" 401 36 "-" "-"
20.151.11.236 - - [21/Mar/2026:10:16:04 -0300] "GET /aifa.php HTTP/1.1" 401 36 "-" "-"
20.151.11.236 - - [21/Mar/2026:10:16:04 -0300] "GET /awh.php HTTP/1.1" 401 36 "-" "-"
20.151.11.236 - - [21/Mar/2026:10:16:04 -0300] "GET /yussef.php HTTP/1.1" 401 36 "-" "-"
20.151.11.236 - - [21/Mar/2026:10:16:04 -0300] "GET /19.php HTTP/1.1" 401 36 "-" "-"
20.151.11.236 - - [21/Mar/2026:10:16:04 -0300] "GET /fe5.php HTTP/1.1" 401 36 "-" "-"
20.151.11.236 - - [21/Mar/2026:10:16:04 -0300] "GET /wp11.php HTTP/1.1" 401 36 "-" "-"
20.151.11.236 - - [21/Mar/2026:10:16:05 -0300] "GET /file61.php HTTP/1.1" 401 36 "-" "-"
20.151.11.236 - - [21/Mar/2026:10:16:05 -0300] "GET /16.php HTTP/1.1" 401 36 "-" "-"
20.151.11.236 - - [21/Mar/2026:10:16:05 -0300] "GET /bb.php HTTP/1.1" 401 36 "-" "-"
20.151.11.236 - - [21/Mar/2026:10:16:05 -0300] "GET /ss.php HTTP/1.1" 401 36 "-" "-"
51.89.129.252 - - [21/Mar/2026:10:16:05 -0300] "GET /2025/08/19/los-tragaperras-sobre-gamomat-gratuito-falto-descargar/ HTTP/1.1" 200 59454 "-" "Mozilla/5.0 (compatible; AhrefsBot/7.0; +http://ahrefs.com/robot/)"
20.151.11.236 - - [21/Mar/2026:10:16:05 -0300] "GET /wp-p2r3q9c8k4.php HTTP/1.1" 401 36 "-" "-"
20.151.11.236 - - [21/Mar/2026:10:16:05 -0300] "GET /ty.php HTTP/1.1" 401 36 "-" "-"
20.151.11.236 - - [21/Mar/2026:10:16:05 -0300] "GET /albin.php HTTP/1.1" 401 36 "-" "-"
20.151.11.236 - - [21/Mar/2026:10:16:05 -0300] "GET /utky.php HTTP/1.1" 401 36 "-" "-"
20.151.11.236 - - [21/Mar/2026:10:16:05 -0300] "GET /settings.php HTTP/1.1" 401 36 "-" "-"
20.151.11.236 - - [21/Mar/2026:10:16:06 -0300] "GET /uuu.php HTTP/1.1" 401 36 "-" "-"
20.151.11.236 - - [21/Mar/2026:10:16:06 -0300] "GET /by.php HTTP/1.1" 401 36 "-" "-"
20.151.11.236 - - [21/Mar/2026:10:16:06 -0300] "GET /sf.php HTTP/1.1" 401 36 "-" "-"
20.151.11.236 - - [21/Mar/2026:10:16:06 -0300] "GET /asw.php HTTP/1.1" 401 36 "-" "-"
20.151.11.236 - - [21/Mar/2026:10:16:06 -0300] "GET /eee.php HTTP/1.1" 401 36 "-" "-"
20.151.11.236 - - [21/Mar/2026:10:16:06 -0300] "GET /lp6.php HTTP/1.1" 401 36 "-" "-"
20.151.11.236 - - [21/Mar/2026:10:16:06 -0300] "GET /akses.php HTTP/1.1" 401 36 "-" "-"
20.151.11.236 - - [21/Mar/2026:10:16:06 -0300] "GET /no1.php HTTP/1.1" 401 36 "-" "-"
20.151.11.236 - - [21/Mar/2026:10:16:06 -0300] "GET /kk.php HTTP/1.1" 401 36 "-" "-"
20.151.11.236 - - [21/Mar/2026:10:16:06 -0300] "GET /path.php HTTP/1.1" 401 36 "-" "-"
20.151.11.236 - - [21/Mar/2026:10:16:07 -0300] "GET /cs.php HTTP/1.1" 401 36 "-" "-"
20.151.11.236 - - [21/Mar/2026:10:16:07 -0300] "GET /w2025.php HTTP/1.1" 401 36 "-" "-"
20.151.11.236 - - [21/Mar/2026:10:16:07 -0300] "GET /swallowable.php HTTP/1.1" 401 36 "-" "-"
20.151.11.236 - - [21/Mar/2026:10:16:07 -0300] "GET /fvvff.php HTTP/1.1" 401 36 "-" "-"
20.151.11.236 - - [21/Mar/2026:10:16:07 -0300] "GET /a2.php HTTP/1.1" 401 36 "-" "-"
20.151.11.236 - - [21/Mar/2026:10:16:07 -0300] "GET /sty.php HTTP/1.1" 401 36 "-" "-"
20.151.11.236 - - [21/Mar/2026:10:16:07 -0300] "GET /g.php HTTP/1.1" 401 36 "-" "-"
20.151.11.236 - - [21/Mar/2026:10:16:07 -0300] "GET /sys.php HTTP/1.1" 401 36 "-" "-"
216.73.216.20 - - [21/Mar/2026:10:16:07 -0300] "GET /shopdetail/447994533 HTTP/1.1" 404 41416 "-" "Mozilla/5.0 AppleWebKit/537.36 (KHTML, like Gecko; compatible; ClaudeBot/1.0; +claudebot@anthropic.com)"
20.151.11.236 - - [21/Mar/2026:10:16:07 -0300] "GET /txets.php HTTP/1.1" 401 36 "-" "-"
20.151.11.236 - - [21/Mar/2026:10:16:08 -0300] "GET /2.php HTTP/1.1" 401 36 "-" "-"
20.151.11.236 - - [21/Mar/2026:10:16:08 -0300] "GET /3.php HTTP/1.1" 401 36 "-" "-"
20.151.11.236 - - [21/Mar/2026:10:16:08 -0300] "GET /edit.php HTTP/1.1" 401 36 "-" "-"
20.151.11.236 - - [21/Mar/2026:10:16:08 -0300] "GET /ioxi-o.php HTTP/1.1" 401 36 "-" "-"
20.151.11.236 - - [21/Mar/2026:10:16:08 -0300] "GET /wp-content/admin.php HTTP/1.1" 401 36 "-" "-"
20.151.11.236 - - [21/Mar/2026:10:16:08 -0300] "GET /66.php HTTP/1.1" 401 36 "-" "-"
20.151.11.236 - - [21/Mar/2026:10:16:08 -0300] "GET /wp-includes/js/tinymce/themes/inlite/ HTTP/1.1" 401 36 "-" "-"
20.151.11.236 - - [21/Mar/2026:10:16:08 -0300] "GET /gifclass.php HTTP/1.1" 401 36 "-" "-"
20.151.11.236 - - [21/Mar/2026:10:16:09 -0300] "GET /wp-includes/assets/index.php HTTP/1.1" 401 36 "-" "-"
20.151.11.236 - - [21/Mar/2026:10:16:09 -0300] "GET /wp-admin/images/wp-conflg.php HTTP/1.1" 401 36 "-" "-"
20.151.11.236 - - [21/Mar/2026:10:16:09 -0300] "GET /wp-content/plugins/index.php HTTP/1.1" 401 36 "-" "-"
57.141.4.51 - - [21/Mar/2026:10:16:09 -0300] "GET /2025/10/11/slot-machines-online-applicazione-di-login-spinfest-login-i24slot-mucchio-san-marino-gioca-verso-777-giochi-slot-gratis/ HTTP/1.1" 200 55827 "-" "meta-externalagent/1.1 (+https://developers.facebook.com/docs/sharing/webmasters/crawler)"
20.151.11.236 - - [21/Mar/2026:10:16:09 -0300] "GET /assets/css/index.php HTTP/1.1" 401 36 "-" "-"
20.151.11.236 - - [21/Mar/2026:10:16:09 -0300] "GET /a5.php HTTP/1.1" 401 36 "-" "-"
20.151.11.236 - - [21/Mar/2026:10:16:09 -0300] "GET /xmlrpc.php HTTP/1.1" 401 36 "-" "-"
20.151.11.236 - - [21/Mar/2026:10:16:09 -0300] "GET /ol.php HTTP/1.1" 401 36 "-" "-"
20.151.11.236 - - [21/Mar/2026:10:16:09 -0300] "GET /f6.php HTTP/1.1" 401 36 "-" "-"
20.151.11.236 - - [21/Mar/2026:10:16:09 -0300] "GET /inputs.php HTTP/1.1" 401 36 "-" "-"
20.151.11.236 - - [21/Mar/2026:10:16:10 -0300] "GET /style.php HTTP/1.1" 401 36 "-" "-"
20.151.11.236 - - [21/Mar/2026:10:16:10 -0300] "GET /bgymj.php HTTP/1.1" 401 36 "-" "-"
20.151.11.236 - - [21/Mar/2026:10:16:10 -0300] "GET /aa.php HTTP/1.1" 401 36 "-" "-"
216.73.216.20 - - [21/Mar/2026:10:16:10 -0300] "GET /shopdetail/710985305 HTTP/1.1" 404 41416 "-" "Mozilla/5.0 AppleWebKit/537.36 (KHTML, like Gecko; compatible; ClaudeBot/1.0; +claudebot@anthropic.com)"
20.151.11.236 - - [21/Mar/2026:10:16:10 -0300] "GET /1.php HTTP/1.1" 401 36 "-" "-"
20.151.11.236 - - [21/Mar/2026:10:16:10 -0300] "GET /av.php HTTP/1.1" 401 36 "-" "-"
20.151.11.236 - - [21/Mar/2026:10:16:10 -0300] "GET /file.php HTTP/1.1" 401 36 "-" "-"
20.151.11.236 - - [21/Mar/2026:10:16:10 -0300] "GET /file59.php HTTP/1.1" 401 36 "-" "-"
20.151.11.236 - - [21/Mar/2026:10:16:10 -0300] "GET /bless.php HTTP/1.1" 401 36 "-" "-"
20.151.11.236 - - [21/Mar/2026:10:16:10 -0300] "GET /wp-act.php HTTP/1.1" 401 36 "-" "-"
20.151.11.236 - - [21/Mar/2026:10:16:11 -0300] "GET /xqq.php HTTP/1.1" 401 36 "-" "-"
57.141.4.39 - - [21/Mar/2026:10:16:11 -0300] "GET /wp-json/oembed/1.0/embed?url=https%3A%2F%2Fwww.casadasbombasdeassis.com.br%2F2025%2F10%2F11%2Fspinfest-casinobonus-versione-piu-recente-dellapplicazione-yoyospins-i-migliori-premiper-i-giocatori-italiani%2F HTTP/1.1" 200 2802 "-" "meta-externalagent/1.1 (+https://developers.facebook.com/docs/sharing/webmasters/crawler)"
20.151.11.236 - - [21/Mar/2026:10:16:11 -0300] "GET /wp-admin/css/bolt.php HTTP/1.1" 401 36 "-" "-"
57.141.4.11 - - [21/Mar/2026:10:16:04 -0300] "GET /2025/10/11/gioca-alle-slot-con-bonus-applicativo-billionairespin-senza-tenuta-sopra-2025/feed/ HTTP/1.1" 200 989 "-" "meta-externalagent/1.1 (+https://developers.facebook.com/docs/sharing/webmasters/crawler)"
20.151.11.236 - - [21/Mar/2026:10:16:11 -0300] "GET /a.php HTTP/1.1" 401 36 "-" "-"
20.151.11.236 - - [21/Mar/2026:10:16:11 -0300] "GET /06.php HTTP/1.1" 401 36 "-" "-"
20.151.11.236 - - [21/Mar/2026:10:16:11 -0300] "GET /plss3.php HTTP/1.1" 401 36 "-" "-"
20.151.11.236 - - [21/Mar/2026:10:16:11 -0300] "GET /aaa.php HTTP/1.1" 401 36 "-" "-"
20.151.11.236 - - [21/Mar/2026:10:16:11 -0300] "GET /classwithtostring.php HTTP/1.1" 401 36 "-" "-"
20.151.11.236 - - [21/Mar/2026:10:16:11 -0300] "GET /wp-content/themes/index.php HTTP/1.1" 401 36 "-" "-"
57.141.4.12 - - [21/Mar/2026:10:16:11 -0300] "GET /2025/10/11/spinfest-casinobonus-versione-piu-recente-dellapplicazione-yoyospins-i-migliori-premiper-i-giocatori-italiani/feed/ HTTP/1.1" 200 1094 "-" "meta-externalagent/1.1 (+https://developers.facebook.com/docs/sharing/webmasters/crawler)"
20.151.11.236 - - [21/Mar/2026:10:16:11 -0300] "GET /tinyfilemanager.php HTTP/1.1" 401 36 "-" "-"
20.151.11.236 - - [21/Mar/2026:10:16:12 -0300] "GET /x.php HTTP/1.1" 401 36 "-" "-"
20.151.11.236 - - [21/Mar/2026:10:16:12 -0300] "GET /ms.php HTTP/1.1" 401 36 "-" "-"
20.151.11.236 - - [21/Mar/2026:10:16:12 -0300] "GET /wp-update.php HTTP/1.1" 401 36 "-" "-"
216.73.216.20 - - [21/Mar/2026:10:16:12 -0300] "GET /shopdetail/618014664 HTTP/1.1" 404 41416 "-" "Mozilla/5.0 AppleWebKit/537.36 (KHTML, like Gecko; compatible; ClaudeBot/1.0; +claudebot@anthropic.com)"
20.151.11.236 - - [21/Mar/2026:10:16:12 -0300] "GET /sbhu.php HTTP/1.1" 401 36 "-" "-"
20.151.11.236 - - [21/Mar/2026:10:16:12 -0300] "GET /wp-blog.php HTTP/1.1" 401 36 "-" "-"
20.151.11.236 - - [21/Mar/2026:10:16:12 -0300] "GET /test1.php HTTP/1.1" 401 36 "-" "-"
20.151.11.236 - - [21/Mar/2026:10:16:12 -0300] "GET /wp-includes/js/jquery/ HTTP/1.1" 401 36 "-" "-"
20.151.11.236 - - [21/Mar/2026:10:16:12 -0300] "GET /166.php HTTP/1.1" 401 36 "-" "-"
20.151.11.236 - - [21/Mar/2026:10:16:13 -0300] "GET /wp-content/admin.php HTTP/1.1" 401 36 "-" "-"
20.151.11.236 - - [21/Mar/2026:10:16:13 -0300] "GET /ms-edit.php HTTP/1.1" 401 36 "-" "-"
20.151.11.236 - - [21/Mar/2026:10:16:13 -0300] "GET /adminfuns.php HTTP/1.1" 401 36 "-" "-"
20.151.11.236 - - [21/Mar/2026:10:16:13 -0300] "GET /goods.php HTTP/1.1" 401 36 "-" "-"
57.141.4.34 - - [21/Mar/2026:10:16:13 -0300] "GET /wp-json/wp/v2/posts/651837 HTTP/1.1" 200 11421 "-" "meta-externalagent/1.1 (+https://developers.facebook.com/docs/sharing/webmasters/crawler)"
20.151.11.236 - - [21/Mar/2026:10:16:13 -0300] "GET /ms-edit.php HTTP/1.1" 401 36 "-" "-"
20.151.11.236 - - [21/Mar/2026:10:16:13 -0300] "GET /222.php HTTP/1.1" 401 36 "-" "-"
20.151.11.236 - - [21/Mar/2026:10:16:13 -0300] "GET /plugins.php HTTP/1.1" 401 36 "-" "-"
20.151.11.236 - - [21/Mar/2026:10:16:13 -0300] "GET /cgi-bin/index.php HTTP/1.1" 401 36 "-" "-"
20.151.11.236 - - [21/Mar/2026:10:16:13 -0300] "GET /wp-includes/js/dist/ HTTP/1.1" 401 36 "-" "-"
20.151.11.236 - - [21/Mar/2026:10:16:13 -0300] "GET /ff1.php HTTP/1.1" 401 36 "-" "-"
20.151.11.236 - - [21/Mar/2026:10:16:14 -0300] "GET /fff.php HTTP/1.1" 401 36 "-" "-"
20.151.11.236 - - [21/Mar/2026:10:16:14 -0300] "GET /wp-content/ HTTP/1.1" 401 36 "-" "-"
20.151.11.236 - - [21/Mar/2026:10:16:14 -0300] "GET /155.php HTTP/1.1" 401 36 "-" "-"
20.151.11.236 - - [21/Mar/2026:10:16:14 -0300] "GET /we.php HTTP/1.1" 401 36 "-" "-"
20.151.11.236 - - [21/Mar/2026:10:16:14 -0300] "GET /alpha.php HTTP/1.1" 401 36 "-" "-"
20.151.11.236 - - [21/Mar/2026:10:16:14 -0300] "GET /makeasmtp.php HTTP/1.1" 401 36 "-" "-"
20.151.11.236 - - [21/Mar/2026:10:16:14 -0300] "GET /wp-michan.php HTTP/1.1" 401 36 "-" "-"
20.151.11.236 - - [21/Mar/2026:10:16:14 -0300] "GET /wp-content/cong.php HTTP/1.1" 401 36 "-" "-"
20.151.11.236 - - [21/Mar/2026:10:16:14 -0300] "GET /wp-the.php HTTP/1.1" 401 36 "-" "-"
20.151.11.236 - - [21/Mar/2026:10:16:15 -0300] "GET /wp-includes/css/dist/ HTTP/1.1" 401 36 "-" "-"
57.141.4.29 - - [21/Mar/2026:10:16:14 -0300] "GET /?p=651837 HTTP/1.1" 301 - "-" "meta-externalagent/1.1 (+https://developers.facebook.com/docs/sharing/webmasters/crawler)"
20.151.11.236 - - [21/Mar/2026:10:16:15 -0300] "GET /BDKR28WP.php HTTP/1.1" 401 36 "-" "-"
20.151.11.236 - - [21/Mar/2026:10:16:15 -0300] "GET /wp-includes/l10n/ HTTP/1.1" 401 36 "-" "-"
20.151.11.236 - - [21/Mar/2026:10:16:15 -0300] "GET /wp.php HTTP/1.1" 401 36 "-" "-"
216.73.216.20 - - [21/Mar/2026:10:16:15 -0300] "GET /shopdetail/355023892 HTTP/1.1" 404 41416 "-" "Mozilla/5.0 AppleWebKit/537.36 (KHTML, like Gecko; compatible; ClaudeBot/1.0; +claudebot@anthropic.com)"
20.151.11.236 - - [21/Mar/2026:10:16:15 -0300] "GET /assets/css/index.php HTTP/1.1" 401 36 "-" "-"
20.151.11.236 - - [21/Mar/2026:10:16:15 -0300] "GET /wp-good.php HTTP/1.1" 401 36 "-" "-"
20.151.11.236 - - [21/Mar/2026:10:16:15 -0300] "GET /wp-admin/js/widgets/index.php HTTP/1.1" 401 36 "-" "-"
20.151.11.236 - - [21/Mar/2026:10:16:15 -0300] "GET /ok.php HTTP/1.1" 401 36 "-" "-"
20.151.11.236 - - [21/Mar/2026:10:16:15 -0300] "GET /about.php HTTP/1.1" 401 36 "-" "-"
198.244.240.79 - - [21/Mar/2026:10:16:15 -0300] "GET /2025/10/20/kazino-oficialnyj-sajt-igrat-v-onlajn-kazino-pin-595/ HTTP/1.1" 200 58047 "-" "Mozilla/5.0 (compatible; AhrefsBot/7.0; +http://ahrefs.com/robot/)"
20.151.11.236 - - [21/Mar/2026:10:16:15 -0300] "GET /wp-admin/js/fi.php HTTP/1.1" 401 36 "-" "-"
