198.244.183.102 - - [21/Mar/2026:13:28:09 -0300] "GET /2025/01/20/gems-away-from-india-slot-gameplay-the-newest-h5g-best-alberta-online-casino-slot-machine-game-on-the-web/ HTTP/1.1" 200 49632 "-" "Mozilla/5.0 (compatible; AhrefsBot/7.0; +http://ahrefs.com/robot/)"
216.73.216.20 - - [21/Mar/2026:13:28:11 -0300] "GET /shopdetail/853479463 HTTP/1.1" 404 41416 "-" "Mozilla/5.0 AppleWebKit/537.36 (KHTML, like Gecko; compatible; ClaudeBot/1.0; +claudebot@anthropic.com)"
66.249.70.37 - - [21/Mar/2026:13:28:14 -0300] "GET /policy/90010.php?shopdetail/231415410 HTTP/1.1" 200 386150 "-" "Mozilla/5.0 (Linux; Android 6.0.1; Nexus 5X Build/MMB29P) AppleWebKit/537.36 (KHTML, like Gecko) Chrome/145.0.7632.159 Mobile Safari/537.36 (compatible; GoogleOther)"
216.73.216.20 - - [21/Mar/2026:13:28:15 -0300] "GET /shopdetail/929322277 HTTP/1.1" 404 41416 "-" "Mozilla/5.0 AppleWebKit/537.36 (KHTML, like Gecko; compatible; ClaudeBot/1.0; +claudebot@anthropic.com)"
216.73.216.20 - - [21/Mar/2026:13:28:18 -0300] "GET /shopdetail/730601702 HTTP/1.1" 404 41416 "-" "Mozilla/5.0 AppleWebKit/537.36 (KHTML, like Gecko; compatible; ClaudeBot/1.0; +claudebot@anthropic.com)"
51.89.129.158 - - [21/Mar/2026:13:28:20 -0300] "GET /2025/10/10/enjoy-dragon-shard-from-the-microgaming-for-free-for-the-casino-pearls/ HTTP/1.1" 200 55179 "-" "Mozilla/5.0 (compatible; AhrefsBot/7.0; +http://ahrefs.com/robot/)"
216.73.216.20 - - [21/Mar/2026:13:28:21 -0300] "GET /shopdetail/4159749196 HTTP/1.1" 404 41416 "-" "Mozilla/5.0 AppleWebKit/537.36 (KHTML, like Gecko; compatible; ClaudeBot/1.0; +claudebot@anthropic.com)"
216.73.216.20 - - [21/Mar/2026:13:28:23 -0300] "GET /shopdetail/838548623 HTTP/1.1" 404 41416 "-" "Mozilla/5.0 AppleWebKit/537.36 (KHTML, like Gecko; compatible; ClaudeBot/1.0; +claudebot@anthropic.com)"
216.73.216.20 - - [21/Mar/2026:13:28:29 -0300] "GET /shopdetail/1112486261 HTTP/1.1" 404 41416 "-" "Mozilla/5.0 AppleWebKit/537.36 (KHTML, like Gecko; compatible; ClaudeBot/1.0; +claudebot@anthropic.com)"
54.38.147.231 - - [21/Mar/2026:13:28:30 -0300] "GET /2025/08/17/jeetcity-gambling-establishment-opinion-get-welcome-bonus-around-c3000-350-free-spins-2/ HTTP/1.1" 200 52485 "-" "Mozilla/5.0 (compatible; AhrefsBot/7.0; +http://ahrefs.com/robot/)"
198.244.242.159 - - [21/Mar/2026:13:28:34 -0300] "GET /2025/10/09/wettanbieter-ohne-oasis-wie-kann-man-sie-in-deutschland-finden/ HTTP/1.1" 200 71770 "-" "Mozilla/5.0 (compatible; AhrefsBot/7.0; +http://ahrefs.com/robot/)"
216.73.216.20 - - [21/Mar/2026:13:28:34 -0300] "GET /shopdetail/79228626 HTTP/1.1" 404 41416 "-" "Mozilla/5.0 AppleWebKit/537.36 (KHTML, like Gecko; compatible; ClaudeBot/1.0; +claudebot@anthropic.com)"
216.73.216.20 - - [21/Mar/2026:13:28:39 -0300] "GET /shopdetail/3449021571 HTTP/1.1" 404 41416 "-" "Mozilla/5.0 AppleWebKit/537.36 (KHTML, like Gecko; compatible; ClaudeBot/1.0; +claudebot@anthropic.com)"
216.73.216.20 - - [21/Mar/2026:13:28:40 -0300] "GET /shopdetail/3918796646 HTTP/1.1" 404 41416 "-" "Mozilla/5.0 AppleWebKit/537.36 (KHTML, like Gecko; compatible; ClaudeBot/1.0; +claudebot@anthropic.com)"
216.73.216.20 - - [21/Mar/2026:13:28:44 -0300] "GET /shopdetail/640989470 HTTP/1.1" 404 41416 "-" "Mozilla/5.0 AppleWebKit/537.36 (KHTML, like Gecko; compatible; ClaudeBot/1.0; +claudebot@anthropic.com)"
51.195.183.214 - - [21/Mar/2026:13:28:46 -0300] "GET /2025/10/13/rabochee-geliostat-1xbet-na-seychas-ofitsialnyy-sayt-1khbet/ HTTP/1.1" 200 58763 "-" "Mozilla/5.0 (compatible; AhrefsBot/7.0; +http://ahrefs.com/robot/)"
66.249.70.36 - - [21/Mar/2026:13:28:46 -0300] "GET /policy/90010.php?shopdetail/2366460605 HTTP/1.1" 200 395490 "-" "Mozilla/5.0 (Linux; Android 6.0.1; Nexus 5X Build/MMB29P) AppleWebKit/537.36 (KHTML, like Gecko) Chrome/145.0.7632.159 Mobile Safari/537.36 (compatible; GoogleOther)"
198.244.226.158 - - [21/Mar/2026:13:28:58 -0300] "GET /2025/05/14/play-finn-and-also-the-swirly-twist-slot-from-enchanted-mermaid-online-slot-the-netent/ HTTP/1.1" 200 51248 "-" "Mozilla/5.0 (compatible; AhrefsBot/7.0; +http://ahrefs.com/robot/)"
209.145.58.97 - - [21/Mar/2026:13:29:09 -0300] "POST /wp-cron.php?doing_wp_cron=1774110549.1635789871215820312500 HTTP/1.1" 200 - "-" "WordPress/6.9.4; https://www.casadasbombasdeassis.com.br"
23.90.184.36 - - [21/Mar/2026:13:29:07 -0300] "POST /xmlrpc.php HTTP/1.1" 200 181 "-" "Mozilla/5.0 (Windows NT 10.0; Win64; x64) AppleWebKit/537.36 (KHTML, like Gecko) Chrome/114.0.0.0 Safari/537.36"
51.195.244.116 - - [21/Mar/2026:13:29:16 -0300] "GET /2025/10/19/excelentes-11-casinos-en-linea-de-mexico/ HTTP/1.1" 200 59265 "-" "Mozilla/5.0 (compatible; AhrefsBot/7.0; +http://ahrefs.com/robot/)"
23.90.184.36 - - [21/Mar/2026:13:29:16 -0300] "POST /xmlrpc.php HTTP/1.1" 200 8488 "-" "Mozilla/5.0 (Windows NT 10.0; Win64; x64) AppleWebKit/537.36 (KHTML, like Gecko) Chrome/114.0.0.0 Safari/537.36"
66.249.70.36 - - [21/Mar/2026:13:29:17 -0300] "GET /policy/90010.php?shopdetail/3488359891 HTTP/1.1" 200 384637 "-" "Mozilla/5.0 (Linux; Android 6.0.1; Nexus 5X Build/MMB29P) AppleWebKit/537.36 (KHTML, like Gecko) Chrome/145.0.7632.159 Mobile Safari/537.36 (compatible; GoogleOther)"
23.90.184.36 - - [21/Mar/2026:13:29:20 -0300] "GET /2026/03/21/you-to-apparent-drawback-of-ones-mcluck-gambling-enterprise-games-choices-are-an-excellent-decreased-rng-dining-table-video-game/ HTTP/1.1" 200 48167 "-" "Mozilla/5.0 (Windows NT 10.0; Win64; x64) AppleWebKit/537.36 (KHTML, like Gecko) Chrome/124.0.0.0 Safari/537.36"
51.195.183.209 - - [21/Mar/2026:13:29:29 -0300] "GET /2025/10/10/nabavite-besplatnu-probnu-verziju-all-american-web-pokera-od-50-ruku/ HTTP/1.1" 200 49454 "-" "Mozilla/5.0 (compatible; AhrefsBot/7.0; +http://ahrefs.com/robot/)"
198.244.226.95 - - [21/Mar/2026:13:29:31 -0300] "GET /2025/09/10/free-ports-winnings-real-cash-no-deposit-necessary/ HTTP/1.1" 200 54820 "-" "Mozilla/5.0 (compatible; AhrefsBot/7.0; +http://ahrefs.com/robot/)"
216.73.216.20 - - [21/Mar/2026:13:29:32 -0300] "GET /shopdetail/2899094229 HTTP/1.1" 404 41416 "-" "Mozilla/5.0 AppleWebKit/537.36 (KHTML, like Gecko; compatible; ClaudeBot/1.0; +claudebot@anthropic.com)"
216.73.216.20 - - [21/Mar/2026:13:29:37 -0300] "GET /shopdetail/1506341807 HTTP/1.1" 404 41416 "-" "Mozilla/5.0 AppleWebKit/537.36 (KHTML, like Gecko; compatible; ClaudeBot/1.0; +claudebot@anthropic.com)"
216.73.216.20 - - [21/Mar/2026:13:29:38 -0300] "GET /shopdetail/3536027802 HTTP/1.1" 404 41416 "-" "Mozilla/5.0 AppleWebKit/537.36 (KHTML, like Gecko; compatible; ClaudeBot/1.0; +claudebot@anthropic.com)"
216.73.216.20 - - [21/Mar/2026:13:29:41 -0300] "GET /shopdetail/2579270791 HTTP/1.1" 404 41416 "-" "Mozilla/5.0 AppleWebKit/537.36 (KHTML, like Gecko; compatible; ClaudeBot/1.0; +claudebot@anthropic.com)"
51.89.129.50 - - [21/Mar/2026:13:29:41 -0300] "GET /2025/09/10/100-percent-free-gambling-games-you-to-spend-pot-o-luck-1-deposit-real-cash-without-deposit/ HTTP/1.1" 200 52213 "-" "Mozilla/5.0 (compatible; AhrefsBot/7.0; +http://ahrefs.com/robot/)"
216.73.216.20 - - [21/Mar/2026:13:29:44 -0300] "GET /shopdetail/276346352 HTTP/1.1" 404 41416 "-" "Mozilla/5.0 AppleWebKit/537.36 (KHTML, like Gecko; compatible; ClaudeBot/1.0; +claudebot@anthropic.com)"
216.73.216.20 - - [21/Mar/2026:13:29:47 -0300] "GET /shopdetail/837336524 HTTP/1.1" 404 41416 "-" "Mozilla/5.0 AppleWebKit/537.36 (KHTML, like Gecko; compatible; ClaudeBot/1.0; +claudebot@anthropic.com)"
216.73.216.20 - - [21/Mar/2026:13:29:50 -0300] "GET /shopdetail/3989723626 HTTP/1.1" 404 41416 "-" "Mozilla/5.0 AppleWebKit/537.36 (KHTML, like Gecko; compatible; ClaudeBot/1.0; +claudebot@anthropic.com)"
66.249.70.36 - - [21/Mar/2026:13:29:50 -0300] "GET /policy/90010.php?shopdetail/867167630 HTTP/1.1" 200 394767 "-" "Mozilla/5.0 (Linux; Android 6.0.1; Nexus 5X Build/MMB29P) AppleWebKit/537.36 (KHTML, like Gecko) Chrome/145.0.7632.159 Mobile Safari/537.36 (compatible; GoogleOther)"
216.73.216.20 - - [21/Mar/2026:13:29:54 -0300] "GET /shopdetail/712901306 HTTP/1.1" 404 41416 "-" "Mozilla/5.0 AppleWebKit/537.36 (KHTML, like Gecko; compatible; ClaudeBot/1.0; +claudebot@anthropic.com)"
51.89.129.196 - - [21/Mar/2026:13:29:55 -0300] "GET /2025/08/11/double-gamble-superbet-totally-free-slot-machine-gamble-demonstration-video-game-inside-the-canada/ HTTP/1.1" 200 53308 "-" "Mozilla/5.0 (compatible; AhrefsBot/7.0; +http://ahrefs.com/robot/)"
216.73.216.20 - - [21/Mar/2026:13:29:57 -0300] "GET /shopdetail/1996535473 HTTP/1.1" 404 41416 "-" "Mozilla/5.0 AppleWebKit/537.36 (KHTML, like Gecko; compatible; ClaudeBot/1.0; +claudebot@anthropic.com)"
216.73.216.20 - - [21/Mar/2026:13:30:00 -0300] "GET /shopdetail/3966222343 HTTP/1.1" 404 41416 "-" "Mozilla/5.0 AppleWebKit/537.36 (KHTML, like Gecko; compatible; ClaudeBot/1.0; +claudebot@anthropic.com)"
216.73.216.20 - - [21/Mar/2026:13:30:03 -0300] "GET /shopdetail/1456537304 HTTP/1.1" 404 41416 "-" "Mozilla/5.0 AppleWebKit/537.36 (KHTML, like Gecko; compatible; ClaudeBot/1.0; +claudebot@anthropic.com)"
216.73.216.20 - - [21/Mar/2026:13:30:06 -0300] "GET /shopdetail/3814486038 HTTP/1.1" 404 41416 "-" "Mozilla/5.0 AppleWebKit/537.36 (KHTML, like Gecko; compatible; ClaudeBot/1.0; +claudebot@anthropic.com)"
51.195.183.107 - - [21/Mar/2026:13:30:08 -0300] "GET /2025/10/20/bulldogs-against-knights-preview-and-betting-information-nrl-round-5-primebetz-australia-login-2025/ HTTP/1.1" 200 51044 "-" "Mozilla/5.0 (compatible; AhrefsBot/7.0; +http://ahrefs.com/robot/)"
216.73.216.20 - - [21/Mar/2026:13:30:09 -0300] "GET /shopdetail/3324586385 HTTP/1.1" 404 41416 "-" "Mozilla/5.0 AppleWebKit/537.36 (KHTML, like Gecko; compatible; ClaudeBot/1.0; +claudebot@anthropic.com)"
216.73.216.20 - - [21/Mar/2026:13:30:12 -0300] "GET /shopdetail/4041674407 HTTP/1.1" 404 41416 "-" "Mozilla/5.0 AppleWebKit/537.36 (KHTML, like Gecko; compatible; ClaudeBot/1.0; +claudebot@anthropic.com)"
144.79.133.31 - - [21/Mar/2026:13:30:14 -0300] "GET /2025/10/06/alle-wettanbieter-deutschland/ HTTP/1.1" 200 721530 "-" "Mozilla/5.0 (Windows NT 10.0; WOW64) AppleWebKit/537.36 (KHTML, like Gecko) Chrome/103.0.0.0 Safari/537.36"
216.73.216.20 - - [21/Mar/2026:13:30:18 -0300] "GET /shopdetail/27050602 HTTP/1.1" 404 41416 "-" "Mozilla/5.0 AppleWebKit/537.36 (KHTML, like Gecko; compatible; ClaudeBot/1.0; +claudebot@anthropic.com)"
17.246.15.238 - - [21/Mar/2026:13:30:20 -0300] "GET /2025/01/02/next-spilleban-trustly-og-paysafe-foran-hurtige-indbetalinger/ HTTP/1.1" 200 51872 "-" "Mozilla/5.0 (Macintosh; Intel Mac OS X 10_15_7) AppleWebKit/605.1.15 (KHTML, like Gecko) Version/17.4 Safari/605.1.15 (Applebot/0.1; +http://www.apple.com/go/applebot)"
66.249.70.37 - - [21/Mar/2026:13:30:21 -0300] "GET /policy/90010.php?shopdetail/1433960514 HTTP/1.1" 200 367533 "-" "Mozilla/5.0 (Linux; Android 6.0.1; Nexus 5X Build/MMB29P) AppleWebKit/537.36 (KHTML, like Gecko) Chrome/145.0.7632.159 Mobile Safari/537.36 (compatible; GoogleOther)"
216.73.216.20 - - [21/Mar/2026:13:30:22 -0300] "GET /shopdetail/2900469867 HTTP/1.1" 404 41416 "-" "Mozilla/5.0 AppleWebKit/537.36 (KHTML, like Gecko; compatible; ClaudeBot/1.0; +claudebot@anthropic.com)"
216.73.216.20 - - [21/Mar/2026:13:30:24 -0300] "GET /shopdetail/1689386908 HTTP/1.1" 404 41416 "-" "Mozilla/5.0 AppleWebKit/537.36 (KHTML, like Gecko; compatible; ClaudeBot/1.0; +claudebot@anthropic.com)"
216.73.216.20 - - [21/Mar/2026:13:30:27 -0300] "GET /shopdetail/224559078 HTTP/1.1" 404 41416 "-" "Mozilla/5.0 AppleWebKit/537.36 (KHTML, like Gecko; compatible; ClaudeBot/1.0; +claudebot@anthropic.com)"
216.73.216.20 - - [21/Mar/2026:13:30:30 -0300] "GET /shopdetail/831372114 HTTP/1.1" 404 41416 "-" "Mozilla/5.0 AppleWebKit/537.36 (KHTML, like Gecko; compatible; ClaudeBot/1.0; +claudebot@anthropic.com)"
216.73.216.20 - - [21/Mar/2026:13:30:33 -0300] "GET /shopdetail/3373178757 HTTP/1.1" 404 41416 "-" "Mozilla/5.0 AppleWebKit/537.36 (KHTML, like Gecko; compatible; ClaudeBot/1.0; +claudebot@anthropic.com)"
198.244.226.249 - - [21/Mar/2026:13:30:34 -0300] "GET /2025/10/16/visitez-une-telle-mot-expliques-via-cresus-salle-de-jeu-solide-sauf-que-arnaque/ HTTP/1.1" 200 52057 "-" "Mozilla/5.0 (compatible; AhrefsBot/7.0; +http://ahrefs.com/robot/)"
216.73.216.20 - - [21/Mar/2026:13:30:37 -0300] "GET /shopdetail/3083279983 HTTP/1.1" 404 41416 "-" "Mozilla/5.0 AppleWebKit/537.36 (KHTML, like Gecko; compatible; ClaudeBot/1.0; +claudebot@anthropic.com)"
209.145.58.97 - - [21/Mar/2026:13:30:39 -0300] "POST /wp-cron.php?doing_wp_cron=1774110639.1538391113281250000000 HTTP/1.1" 200 - "-" "WordPress/6.9.4; https://www.casadasbombasdeassis.com.br"
23.90.184.36 - - [21/Mar/2026:13:30:37 -0300] "POST /xmlrpc.php HTTP/1.1" 200 181 "-" "Mozilla/5.0 (Windows NT 10.0; Win64; x64) AppleWebKit/537.36 (KHTML, like Gecko) Chrome/114.0.0.0 Safari/537.36"
23.90.184.36 - - [21/Mar/2026:13:30:45 -0300] "POST /xmlrpc.php HTTP/1.1" 200 8030 "-" "Mozilla/5.0 (Windows NT 10.0; Win64; x64) AppleWebKit/537.36 (KHTML, like Gecko) Chrome/114.0.0.0 Safari/537.36"
51.89.129.28 - - [21/Mar/2026:13:30:46 -0300] "GET /2025/09/10/their-top-guide-to-no-deposit-bonus-codes-casino-vegas-paradise-western-casinos-on-the-internet/ HTTP/1.1" 200 50557 "-" "Mozilla/5.0 (compatible; AhrefsBot/7.0; +http://ahrefs.com/robot/)"
23.90.184.36 - - [21/Mar/2026:13:30:47 -0300] "GET /2026/03/21/game-weighting-refers-to-the-portion-of-their-bet-that-counts-into-the-fulfilling-the-latest-wagering-standards/ HTTP/1.1" 200 47824 "-" "Mozilla/5.0 (Windows NT 10.0; rv:109.0) Gecko/20100101 Firefox/115.0"
198.244.168.135 - - [21/Mar/2026:13:30:50 -0300] "GET /2025/05/06/latest-united-kingdom-no-deposit-incentives-2025-rating-10-100-percent-free/ HTTP/1.1" 200 52684 "-" "Mozilla/5.0 (compatible; AhrefsBot/7.0; +http://ahrefs.com/robot/)"
66.249.70.36 - - [21/Mar/2026:13:30:53 -0300] "GET /policy/90010.php?shopdetail/2792835938 HTTP/1.1" 200 379410 "-" "Mozilla/5.0 (Linux; Android 6.0.1; Nexus 5X Build/MMB29P) AppleWebKit/537.36 (KHTML, like Gecko) Chrome/145.0.7632.159 Mobile Safari/537.36 (compatible; GoogleOther)"
216.73.216.20 - - [21/Mar/2026:13:30:56 -0300] "GET /shopdetail/419348691 HTTP/1.1" 404 41416 "-" "Mozilla/5.0 AppleWebKit/537.36 (KHTML, like Gecko; compatible; ClaudeBot/1.0; +claudebot@anthropic.com)"
198.244.242.247 - - [21/Mar/2026:13:30:58 -0300] "GET /2025/01/06/wild-in-love-money-150-possibility-wasteland-pull-slot-simple-tips-to-appreciate-2024/ HTTP/1.1" 200 54230 "-" "Mozilla/5.0 (compatible; AhrefsBot/7.0; +http://ahrefs.com/robot/)"
216.73.216.20 - - [21/Mar/2026:13:31:00 -0300] "GET /shopdetail/2029506989 HTTP/1.1" 404 41416 "-" "Mozilla/5.0 AppleWebKit/537.36 (KHTML, like Gecko; compatible; ClaudeBot/1.0; +claudebot@anthropic.com)"
216.73.216.20 - - [21/Mar/2026:13:31:02 -0300] "GET /shopdetail/3663494367 HTTP/1.1" 404 41416 "-" "Mozilla/5.0 AppleWebKit/537.36 (KHTML, like Gecko; compatible; ClaudeBot/1.0; +claudebot@anthropic.com)"
216.73.216.20 - - [21/Mar/2026:13:31:07 -0300] "GET /shopdetail/1266205337 HTTP/1.1" 404 41416 "-" "Mozilla/5.0 AppleWebKit/537.36 (KHTML, like Gecko; compatible; ClaudeBot/1.0; +claudebot@anthropic.com)"
216.73.216.20 - - [21/Mar/2026:13:31:08 -0300] "GET /shopdetail/2364537735 HTTP/1.1" 404 41416 "-" "Mozilla/5.0 AppleWebKit/537.36 (KHTML, like Gecko; compatible; ClaudeBot/1.0; +claudebot@anthropic.com)"
54.38.147.228 - - [21/Mar/2026:13:31:10 -0300] "GET /2025/08/11/eye-of-horus-fur-nusse-um-echtgeld-zum-besten-geben/ HTTP/1.1" 200 52546 "-" "Mozilla/5.0 (compatible; AhrefsBot/7.0; +http://ahrefs.com/robot/)"
216.73.216.20 - - [21/Mar/2026:13:31:14 -0300] "GET /shopdetail/1853284529 HTTP/1.1" 404 41416 "-" "Mozilla/5.0 AppleWebKit/537.36 (KHTML, like Gecko; compatible; ClaudeBot/1.0; +claudebot@anthropic.com)"
54.38.147.104 - - [21/Mar/2026:13:31:16 -0300] "GET /2025/08/09/jocuri-dumitrita-legion-dead-or-alive-2-big-win-slot-de-bani-reali-online/ HTTP/1.1" 200 50052 "-" "Mozilla/5.0 (compatible; AhrefsBot/7.0; +http://ahrefs.com/robot/)"
216.73.216.20 - - [21/Mar/2026:13:31:22 -0300] "GET /shopdetail/3915256450 HTTP/1.1" 404 41416 "-" "Mozilla/5.0 AppleWebKit/537.36 (KHTML, like Gecko; compatible; ClaudeBot/1.0; +claudebot@anthropic.com)"
216.73.216.20 - - [21/Mar/2026:13:31:24 -0300] "GET /shopdetail/4234430588 HTTP/1.1" 404 41416 "-" "Mozilla/5.0 AppleWebKit/537.36 (KHTML, like Gecko; compatible; ClaudeBot/1.0; +claudebot@anthropic.com)"
66.249.70.35 - - [21/Mar/2026:13:31:24 -0300] "GET /policy/90010.php?shopdetail/3270890344 HTTP/1.1" 200 380067 "-" "Mozilla/5.0 (Linux; Android 6.0.1; Nexus 5X Build/MMB29P) AppleWebKit/537.36 (KHTML, like Gecko) Chrome/145.0.7632.159 Mobile Safari/537.36 (compatible; GoogleOther)"
194.165.16.5 - - [21/Mar/2026:13:31:25 -0300] "GET /wp-login.php HTTP/1.1" 200 9622 "-" "Mozilla/5.0 (Windows NT 10.0; Win64; x64) AppleWebKit/537.36 (KHTML, like Gecko) Chrome/124.0.6367.207 Safari/537.36"
198.244.183.164 - - [21/Mar/2026:13:31:27 -0300] "GET /2025/10/14/suspended-expensive-diamonds-baywatch-step-one-deposit-2025-condition-rabcat/ HTTP/1.1" 200 52662 "-" "Mozilla/5.0 (compatible; AhrefsBot/7.0; +http://ahrefs.com/robot/)"
216.73.216.20 - - [21/Mar/2026:13:31:27 -0300] "GET /shopdetail/923357883 HTTP/1.1" 404 41416 "-" "Mozilla/5.0 AppleWebKit/537.36 (KHTML, like Gecko; compatible; ClaudeBot/1.0; +claudebot@anthropic.com)"
209.145.58.97 - - [21/Mar/2026:13:31:28 -0300] "POST /wp-cron.php?doing_wp_cron=1774110688.2004959583282470703125 HTTP/1.1" 200 - "-" "WordPress/6.9.4; https://www.casadasbombasdeassis.com.br"
194.165.16.5 - - [21/Mar/2026:13:31:26 -0300] "POST /xmlrpc.php HTTP/1.1" 200 181 "-" "Mozilla/5.0 (Macintosh; Intel Mac OS X 13_5) AppleWebKit/605.1.15 (KHTML, like Gecko) Version/17.5 Safari/605.1.15"
194.165.16.5 - - [21/Mar/2026:13:31:29 -0300] "POST /xmlrpc.php HTTP/1.1" 200 6178 "-" "Mozilla/5.0 (Windows NT 10.0; Win64; x64; rv:127.0) Gecko/20100101 Firefox/127.0"
216.73.216.20 - - [21/Mar/2026:13:31:30 -0300] "GET /shopdetail/3772254095 HTTP/1.1" 404 41416 "-" "Mozilla/5.0 AppleWebKit/537.36 (KHTML, like Gecko; compatible; ClaudeBot/1.0; +claudebot@anthropic.com)"
216.73.216.20 - - [21/Mar/2026:13:31:33 -0300] "GET /shopdetail/194488435 HTTP/1.1" 404 41416 "-" "Mozilla/5.0 AppleWebKit/537.36 (KHTML, like Gecko; compatible; ClaudeBot/1.0; +claudebot@anthropic.com)"
216.73.216.20 - - [21/Mar/2026:13:31:36 -0300] "GET /shopdetail/3646139313 HTTP/1.1" 404 41416 "-" "Mozilla/5.0 AppleWebKit/537.36 (KHTML, like Gecko; compatible; ClaudeBot/1.0; +claudebot@anthropic.com)"
216.73.216.20 - - [21/Mar/2026:13:31:39 -0300] "GET /shopdetail/223183472 HTTP/1.1" 404 41416 "-" "Mozilla/5.0 AppleWebKit/537.36 (KHTML, like Gecko; compatible; ClaudeBot/1.0; +claudebot@anthropic.com)"
51.195.244.198 - - [21/Mar/2026:13:31:43 -0300] "GET /2025/05/17/demanda-la-dolce-vita-150-revisoes-navegue-por-este-site-gratuitas/ HTTP/1.1" 200 54310 "-" "Mozilla/5.0 (compatible; AhrefsBot/7.0; +http://ahrefs.com/robot/)"
51.89.129.88 - - [21/Mar/2026:13:31:48 -0300] "GET /2025/10/15/1xbet-r%C9%99smi-bukmeker-sayti-qeydiyyat-v%C9%99-h%C9%99mcinin-istifad%C9%99ci-hesabina-is%C9%99-q%C9%99bul/ HTTP/1.1" 200 51015 "-" "Mozilla/5.0 (compatible; AhrefsBot/7.0; +http://ahrefs.com/robot/)"
23.95.212.111 - - [21/Mar/2026:13:31:31 -0300] "GET /2025/10/21/apple-pay-sportwetten/ HTTP/1.1" 200 10467631 "-" "Mozilla/5.0 (Windows NT 10.0; Win64; x64) AppleWebKit/537.36 (KHTML, like Gecko) Chrome/106.0.0.0 Safari/537.36"
66.249.70.35 - - [21/Mar/2026:13:31:56 -0300] "GET /policy/90010.php?shopdetail/3436965408 HTTP/1.1" 200 397969 "-" "Mozilla/5.0 (Linux; Android 6.0.1; Nexus 5X Build/MMB29P) AppleWebKit/537.36 (KHTML, like Gecko) Chrome/145.0.7632.159 Mobile Safari/537.36 (compatible; GoogleOther)"
209.145.58.97 - - [21/Mar/2026:13:32:01 -0300] "POST /wp-cron.php?doing_wp_cron=1774110721.2502870559692382812500 HTTP/1.1" 200 - "-" "WordPress/6.9.4; https://www.casadasbombasdeassis.com.br"
23.90.184.36 - - [21/Mar/2026:13:31:59 -0300] "POST /xmlrpc.php HTTP/1.1" 200 181 "-" "Mozilla/5.0 (Windows NT 10.0; Win64; x64) AppleWebKit/537.36 (KHTML, like Gecko) Chrome/114.0.0.0 Safari/537.36"
194.165.16.5 - - [21/Mar/2026:13:32:01 -0300] "GET /wp-login.php HTTP/1.1" 200 9622 "-" "Mozilla/5.0 (Windows NT 10.0; Win64; x64) AppleWebKit/537.36 (KHTML, like Gecko) Chrome/124.0.6367.207 Safari/537.36"
54.38.147.207 - - [21/Mar/2026:13:32:02 -0300] "GET /2025/08/26/play-spartacus-i24slot-bonus-rules-gladiator-away-from-rome-position-free/ HTTP/1.1" 200 51087 "-" "Mozilla/5.0 (compatible; AhrefsBot/7.0; +http://ahrefs.com/robot/)"
194.165.16.5 - - [21/Mar/2026:13:32:01 -0300] "POST /xmlrpc.php HTTP/1.1" 200 181 "-" "Mozilla/5.0 (Windows NT 10.0; Win64; x64; rv:127.0) Gecko/20100101 Firefox/127.0"
194.165.16.5 - - [21/Mar/2026:13:32:05 -0300] "POST /xmlrpc.php HTTP/1.1" 200 6460 "-" "Mozilla/5.0 (Windows NT 10.0; Win64; x64; rv:127.0) Gecko/20100101 Firefox/127.0"
198.244.168.31 - - [21/Mar/2026:13:32:05 -0300] "GET /2025/09/10/lucky-star-casino-review-expert-player-ratings-2025-3/ HTTP/1.1" 200 47993 "-" "Mozilla/5.0 (compatible; AhrefsBot/7.0; +http://ahrefs.com/robot/)"
209.145.58.97 - - [21/Mar/2026:13:32:11 -0300] "POST /wp-cron.php?doing_wp_cron=1774110731.5983769893646240234375 HTTP/1.1" 200 - "-" "WordPress/6.9.4; https://www.casadasbombasdeassis.com.br"
23.90.184.36 - - [21/Mar/2026:13:32:11 -0300] "POST /xmlrpc.php HTTP/1.1" 200 8274 "-" "Mozilla/5.0 (Windows NT 10.0; Win64; x64) AppleWebKit/537.36 (KHTML, like Gecko) Chrome/114.0.0.0 Safari/537.36"
198.244.240.109 - - [21/Mar/2026:13:32:14 -0300] "GET /2025/08/18/fdic-desires-nearer-look-at-8-lobstermania-play-trillion-inside-uninsured-deposits/ HTTP/1.1" 200 50407 "-" "Mozilla/5.0 (compatible; AhrefsBot/7.0; +http://ahrefs.com/robot/)"
216.73.216.20 - - [21/Mar/2026:13:32:14 -0300] "GET /shopdetail/4118565797 HTTP/1.1" 404 41416 "-" "Mozilla/5.0 AppleWebKit/537.36 (KHTML, like Gecko; compatible; ClaudeBot/1.0; +claudebot@anthropic.com)"
216.73.216.20 - - [21/Mar/2026:13:32:17 -0300] "GET /shopdetail/975308648 HTTP/1.1" 404 41416 "-" "Mozilla/5.0 AppleWebKit/537.36 (KHTML, like Gecko; compatible; ClaudeBot/1.0; +claudebot@anthropic.com)"
23.90.184.36 - - [21/Mar/2026:13:32:19 -0300] "GET /2026/03/21/how-to-decide-on-an-educated-slots-at-the-zula-gambling-enterprise/ HTTP/1.1" 200 47746 "-" "Mozilla/5.0 (Windows NT 10.0; Win64; x64) AppleWebKit/537.36 (KHTML, like Gecko) Chrome/123.0.0.0 Safari/537.36"
216.73.216.20 - - [21/Mar/2026:13:32:21 -0300] "GET /shopdetail/881125908 HTTP/1.1" 404 41416 "-" "Mozilla/5.0 AppleWebKit/537.36 (KHTML, like Gecko; compatible; ClaudeBot/1.0; +claudebot@anthropic.com)"
216.73.216.20 - - [21/Mar/2026:13:32:23 -0300] "GET /shopdetail/618882089 HTTP/1.1" 404 41416 "-" "Mozilla/5.0 AppleWebKit/537.36 (KHTML, like Gecko; compatible; ClaudeBot/1.0; +claudebot@anthropic.com)"
216.73.216.20 - - [21/Mar/2026:13:32:26 -0300] "GET /shopdetail/492603784 HTTP/1.1" 404 41416 "-" "Mozilla/5.0 AppleWebKit/537.36 (KHTML, like Gecko; compatible; ClaudeBot/1.0; +claudebot@anthropic.com)"
51.89.129.38 - - [21/Mar/2026:13:32:27 -0300] "GET /2025/08/17/invaders-regarding-the-planet-moolah-slot-100-percent-dolphin-reef-bonus-game-free-slots-because-of-the-wms/ HTTP/1.1" 200 55074 "-" "Mozilla/5.0 (compatible; AhrefsBot/7.0; +http://ahrefs.com/robot/)"
66.249.70.35 - - [21/Mar/2026:13:32:28 -0300] "GET /policy/90010.php?shopdetail/3589078623 HTTP/1.1" 200 402326 "-" "Mozilla/5.0 (Linux; Android 6.0.1; Nexus 5X Build/MMB29P) AppleWebKit/537.36 (KHTML, like Gecko) Chrome/145.0.7632.159 Mobile Safari/537.36 (compatible; GoogleOther)"
216.73.216.20 - - [21/Mar/2026:13:32:30 -0300] "GET /shopdetail/4036922112 HTTP/1.1" 404 41416 "-" "Mozilla/5.0 AppleWebKit/537.36 (KHTML, like Gecko; compatible; ClaudeBot/1.0; +claudebot@anthropic.com)"
216.73.216.20 - - [21/Mar/2026:13:32:33 -0300] "GET /shopdetail/2403048347 HTTP/1.1" 404 41416 "-" "Mozilla/5.0 AppleWebKit/537.36 (KHTML, like Gecko; compatible; ClaudeBot/1.0; +claudebot@anthropic.com)"
216.73.216.20 - - [21/Mar/2026:13:32:36 -0300] "GET /shopdetail/541827176 HTTP/1.1" 404 41416 "-" "Mozilla/5.0 AppleWebKit/537.36 (KHTML, like Gecko; compatible; ClaudeBot/1.0; +claudebot@anthropic.com)"
216.73.216.20 - - [21/Mar/2026:13:32:39 -0300] "GET /shopdetail/1000022046 HTTP/1.1" 404 41416 "-" "Mozilla/5.0 AppleWebKit/537.36 (KHTML, like Gecko; compatible; ClaudeBot/1.0; +claudebot@anthropic.com)"
51.89.129.200 - - [21/Mar/2026:13:32:39 -0300] "GET /2025/10/20/casino-utan-svensk-koncessio-knipa-nya-bonus-folkeautomaten-kasino-casinon-utan-spelpaus-kasino-castle-builder-2024/ HTTP/1.1" 200 52313 "-" "Mozilla/5.0 (compatible; AhrefsBot/7.0; +http://ahrefs.com/robot/)"
191.102.130.3 - - [21/Mar/2026:13:32:37 -0300] "GET /2025/10/21/apple-pay-sportwetten/ HTTP/1.1" 200 10467631 "-" "Mozilla/5.0 (Windows NT 10.0; Win64; x64) AppleWebKit/537.36 (KHTML, like Gecko) Chrome/106.0.0.0 Safari/537.36"
216.73.216.20 - - [21/Mar/2026:13:32:42 -0300] "GET /shopdetail/340260330 HTTP/1.1" 404 41416 "-" "Mozilla/5.0 AppleWebKit/537.36 (KHTML, like Gecko; compatible; ClaudeBot/1.0; +claudebot@anthropic.com)"
216.73.216.20 - - [21/Mar/2026:13:32:45 -0300] "GET /shopdetail/2718055754 HTTP/1.1" 404 41416 "-" "Mozilla/5.0 AppleWebKit/537.36 (KHTML, like Gecko; compatible; ClaudeBot/1.0; +claudebot@anthropic.com)"
216.73.216.20 - - [21/Mar/2026:13:32:48 -0300] "GET /shopdetail/347436839 HTTP/1.1" 404 41416 "-" "Mozilla/5.0 AppleWebKit/537.36 (KHTML, like Gecko; compatible; ClaudeBot/1.0; +claudebot@anthropic.com)"
191.102.130.3 - - [21/Mar/2026:13:32:44 -0300] "GET /2025/10/21/apple-pay-sportwetten/ HTTP/1.1" 200 10467631 "-" "Mozilla/5.0 (Windows NT 10.0; Win64; x64) AppleWebKit/537.36 (KHTML, like Gecko) Chrome/106.0.0.0 Safari/537.36"
198.244.242.238 - - [21/Mar/2026:13:32:49 -0300] "GET /2025/09/08/online-casino-norges-beste-nettcasino-casino-pa-nett-2025-2/ HTTP/1.1" 200 50459 "-" "Mozilla/5.0 (compatible; AhrefsBot/7.0; +http://ahrefs.com/robot/)"
216.73.216.20 - - [21/Mar/2026:13:32:51 -0300] "GET /shopdetail/1993862686 HTTP/1.1" 404 41416 "-" "Mozilla/5.0 AppleWebKit/537.36 (KHTML, like Gecko; compatible; ClaudeBot/1.0; +claudebot@anthropic.com)"
191.102.130.3 - - [21/Mar/2026:13:32:53 -0300] "POST /wp-comments-post.php HTTP/1.1" 302 - "https://www.casadasbombasdeassis.com.br/2025/10/21/apple-pay-sportwetten/" "Mozilla/5.0 (Windows NT 10.0; Win64; x64) AppleWebKit/537.36 (KHTML, like Gecko) Chrome/106.0.0.0 Safari/537.36"
216.73.216.20 - - [21/Mar/2026:13:32:54 -0300] "GET /shopdetail/3237352927 HTTP/1.1" 404 41416 "-" "Mozilla/5.0 AppleWebKit/537.36 (KHTML, like Gecko; compatible; ClaudeBot/1.0; +claudebot@anthropic.com)"
216.73.216.20 - - [21/Mar/2026:13:32:57 -0300] "GET /shopdetail/1451785009 HTTP/1.1" 404 41416 "-" "Mozilla/5.0 AppleWebKit/537.36 (KHTML, like Gecko; compatible; ClaudeBot/1.0; +claudebot@anthropic.com)"
15.235.145.198 - - [21/Mar/2026:13:32:59 -0300] "GET /2025/06/17/valkomstbonus-ingen-insattning-online-casino-3/ HTTP/1.1" 200 63904 "https://www.casadasbombasdeassis.com.br/" "Mozilla/5.0 (X11; Linux x86_64) AppleWebKit/537.36 (KHTML, like Gecko) Chrome/114.0.0.0 Safari/537.36 Vivaldi/5.3.2679.68"
66.249.70.35 - - [21/Mar/2026:13:32:59 -0300] "GET /policy/90010.php?shopdetail/2737771130 HTTP/1.1" 200 386237 "-" "Mozilla/5.0 (Linux; Android 6.0.1; Nexus 5X Build/MMB29P) AppleWebKit/537.36 (KHTML, like Gecko) Chrome/145.0.7632.159 Mobile Safari/537.36 (compatible; GoogleOther)"
216.73.216.20 - - [21/Mar/2026:13:33:00 -0300] "GET /shopdetail/1409207708 HTTP/1.1" 404 41416 "-" "Mozilla/5.0 AppleWebKit/537.36 (KHTML, like Gecko; compatible; ClaudeBot/1.0; +claudebot@anthropic.com)"
51.195.215.164 - - [21/Mar/2026:13:33:00 -0300] "GET /2025/05/14/diamonds-from-egypt-slot-remark-win-the-draculas-family-slot-free-spins-brand-new-grand-jackpot/ HTTP/1.1" 200 54507 "-" "Mozilla/5.0 (compatible; AhrefsBot/7.0; +http://ahrefs.com/robot/)"
15.235.145.198 - - [21/Mar/2026:13:33:00 -0300] "POST /wp-comments-post.php HTTP/1.1" 302 - "https://www.casadasbombasdeassis.com.br/2025/06/17/valkomstbonus-ingen-insattning-online-casino-3/" "Mozilla/5.0 (X11; Linux x86_64) AppleWebKit/537.36 (KHTML, like Gecko) Chrome/114.0.0.0 Safari/537.36 Vivaldi/5.3.2679.68"
23.95.212.111 - - [21/Mar/2026:13:32:46 -0300] "GET /2025/10/21/apple-pay-sportwetten/ HTTP/1.1" 200 10467631 "-" "Mozilla/5.0 (Windows NT 10.0; Win64; x64) AppleWebKit/537.36 (KHTML, like Gecko) Chrome/106.0.0.0 Safari/537.36"
15.235.145.198 - - [21/Mar/2026:13:33:01 -0300] "GET /2025/06/17/valkomstbonus-ingen-insattning-online-casino-3/ HTTP/1.1" 200 66101 "https://www.casadasbombasdeassis.com.br/wp-comments-post.php" "Mozilla/5.0 (X11; Linux x86_64) AppleWebKit/537.36 (KHTML, like Gecko) Chrome/114.0.0.0 Safari/537.36 Vivaldi/5.3.2679.68"
194.124.158.102 - - [21/Mar/2026:13:32:56 -0300] "GET /2025/10/24/fuball-kickers/ HTTP/1.1" 200 9972762 "-" "Mozilla/5.0 (Windows NT 10.0; Win64; x64) AppleWebKit/537.36 (KHTML, like Gecko) Chrome/106.0.0.0 Safari/537.36"
15.235.145.198 - - [21/Mar/2026:13:33:03 -0300] "GET /2025/06/17/valkomstbonus-ingen-insattning-online-casino-3/ HTTP/1.1" 200 66101 "-" "Mozilla/5.0 (X11; Linux x86_64) AppleWebKit/537.36 (KHTML, like Gecko) Chrome/114.0.0.0 Safari/537.36 Vivaldi/5.3.2679.68"
216.73.216.20 - - [21/Mar/2026:13:33:03 -0300] "GET /shopdetail/852267364 HTTP/1.1" 404 41416 "-" "Mozilla/5.0 AppleWebKit/537.36 (KHTML, like Gecko; compatible; ClaudeBot/1.0; +claudebot@anthropic.com)"
216.73.216.20 - - [21/Mar/2026:13:33:06 -0300] "GET /shopdetail/666914935 HTTP/1.1" 404 41416 "-" "Mozilla/5.0 AppleWebKit/537.36 (KHTML, like Gecko; compatible; ClaudeBot/1.0; +claudebot@anthropic.com)"
182.8.130.137 - - [21/Mar/2026:13:33:08 -0300] "GET /2025/10/24/fuball-heute-live-heute/ HTTP/1.1" 200 211085 "-" "Mozilla/5.0 (Windows NT 10.0; Win64; x64) AppleWebKit/537.36 (KHTML, like Gecko) Chrome/114.0.0.0 YaBrowser/22.7.0 Yowser/2.5 Safari/537.36"
51.195.215.255 - - [21/Mar/2026:13:33:09 -0300] "GET /2025/10/16/eyes-out-of-horus-the-deck-the-halls-slot-machine-electricity-4-harbors-demo-rtp-96-35-%E1%90%88-free-play/ HTTP/1.1" 200 50194 "-" "Mozilla/5.0 (compatible; AhrefsBot/7.0; +http://ahrefs.com/robot/)"
194.124.158.102 - - [21/Mar/2026:13:33:04 -0300] "GET /2025/10/24/fuball-kickers/ HTTP/1.1" 200 9972762 "-" "Mozilla/5.0 (Windows NT 10.0; Win64; x64) AppleWebKit/537.36 (KHTML, like Gecko) Chrome/106.0.0.0 Safari/537.36"
216.73.216.20 - - [21/Mar/2026:13:33:11 -0300] "GET /shopdetail/1147309231 HTTP/1.1" 404 41416 "-" "Mozilla/5.0 AppleWebKit/537.36 (KHTML, like Gecko; compatible; ClaudeBot/1.0; +claudebot@anthropic.com)"
194.124.158.102 - - [21/Mar/2026:13:33:13 -0300] "POST /wp-comments-post.php HTTP/1.1" 302 - "https://www.casadasbombasdeassis.Com.br/2025/10/24/fuball-kickers/" "Mozilla/5.0 (Windows NT 10.0; Win64; x64) AppleWebKit/537.36 (KHTML, like Gecko) Chrome/106.0.0.0 Safari/537.36"
216.73.216.20 - - [21/Mar/2026:13:33:14 -0300] "GET /shopdetail/2670044477 HTTP/1.1" 404 41416 "-" "Mozilla/5.0 AppleWebKit/537.36 (KHTML, like Gecko; compatible; ClaudeBot/1.0; +claudebot@anthropic.com)"
216.73.216.20 - - [21/Mar/2026:13:33:17 -0300] "GET /shopdetail/346224740 HTTP/1.1" 404 41416 "-" "Mozilla/5.0 AppleWebKit/537.36 (KHTML, like Gecko; compatible; ClaudeBot/1.0; +claudebot@anthropic.com)"
216.73.216.20 - - [21/Mar/2026:13:33:20 -0300] "GET /shopdetail/3379143183 HTTP/1.1" 404 41416 "-" "Mozilla/5.0 AppleWebKit/537.36 (KHTML, like Gecko; compatible; ClaudeBot/1.0; +claudebot@anthropic.com)"
198.244.226.43 - - [21/Mar/2026:13:33:22 -0300] "GET /2025/10/16/gamble-totally-free-slot-video-game-zero-obtain-no-registration/ HTTP/1.1" 200 54715 "-" "Mozilla/5.0 (compatible; AhrefsBot/7.0; +http://ahrefs.com/robot/)"
23.95.212.111 - - [21/Mar/2026:13:33:31 -0300] "POST /wp-comments-post.php HTTP/1.1" 302 - "https://www.casadasbombasdeassis.com.br/2025/10/21/apple-pay-sportwetten/" "Mozilla/5.0 (Windows NT 10.0; Win64; x64) AppleWebKit/537.36 (KHTML, like Gecko) Chrome/106.0.0.0 Safari/537.36"
66.249.70.35 - - [21/Mar/2026:13:33:31 -0300] "GET /policy/90010.php?shopdetail/3609645457 HTTP/1.1" 200 388305 "-" "Mozilla/5.0 (Linux; Android 6.0.1; Nexus 5X Build/MMB29P) AppleWebKit/537.36 (KHTML, like Gecko) Chrome/145.0.7632.159 Mobile Safari/537.36 (compatible; GoogleOther)"
198.244.168.175 - - [21/Mar/2026:13:33:32 -0300] "GET /2025/08/19/1xbet-full-comment-2023-higher-opportunity-and-several-form-of-gambling/ HTTP/1.1" 200 50157 "-" "Mozilla/5.0 (compatible; AhrefsBot/7.0; +http://ahrefs.com/robot/)"
216.73.216.20 - - [21/Mar/2026:13:33:34 -0300] "GET /shopdetail/2595577269 HTTP/1.1" 404 41416 "-" "Mozilla/5.0 AppleWebKit/537.36 (KHTML, like Gecko; compatible; ClaudeBot/1.0; +claudebot@anthropic.com)"
216.73.216.20 - - [21/Mar/2026:13:33:37 -0300] "GET /shopdetail/2549590914 HTTP/1.1" 404 41416 "-" "Mozilla/5.0 AppleWebKit/537.36 (KHTML, like Gecko; compatible; ClaudeBot/1.0; +claudebot@anthropic.com)"
51.75.24.242 - - [21/Mar/2026:13:33:39 -0300] "GET /2025/12/25/que-es-un-handicap-en-apuestas-deportivas-5/ HTTP/1.1" 200 48970 "-" "Mozilla/5.0 (Windows NT 10.0; Win64; x64) AppleWebKit/537.36 (KHTML, like Gecko) Chrome/139.0.0.0 Safari/537.36"
216.73.216.20 - - [21/Mar/2026:13:33:40 -0300] "GET /shopdetail/2528254221 HTTP/1.1" 404 41416 "-" "Mozilla/5.0 AppleWebKit/537.36 (KHTML, like Gecko; compatible; ClaudeBot/1.0; +claudebot@anthropic.com)"
198.244.183.31 - - [21/Mar/2026:13:33:41 -0300] "GET /2025/01/08/greatest-on-the-internet-pokies-gambling-enterprises-to-play-for-real-cash-in-nz/ HTTP/1.1" 200 51946 "-" "Mozilla/5.0 (compatible; AhrefsBot/7.0; +http://ahrefs.com/robot/)"
216.73.216.20 - - [21/Mar/2026:13:33:43 -0300] "GET /shopdetail/1113861899 HTTP/1.1" 404 41416 "-" "Mozilla/5.0 AppleWebKit/537.36 (KHTML, like Gecko; compatible; ClaudeBot/1.0; +claudebot@anthropic.com)"
216.73.216.20 - - [21/Mar/2026:13:33:46 -0300] "GET /shopdetail/1795305634 HTTP/1.1" 404 41416 "-" "Mozilla/5.0 AppleWebKit/537.36 (KHTML, like Gecko; compatible; ClaudeBot/1.0; +claudebot@anthropic.com)"
216.73.216.20 - - [21/Mar/2026:13:33:50 -0300] "GET /shopdetail/117824288 HTTP/1.1" 404 41416 "-" "Mozilla/5.0 AppleWebKit/537.36 (KHTML, like Gecko; compatible; ClaudeBot/1.0; +claudebot@anthropic.com)"
198.244.240.59 - - [21/Mar/2026:13:33:50 -0300] "GET /2025/08/08/best-9winz-india-the-brand-new-online-slots-sites-ranked-to-have-2025/ HTTP/1.1" 200 54008 "-" "Mozilla/5.0 (compatible; AhrefsBot/7.0; +http://ahrefs.com/robot/)"
216.73.216.20 - - [21/Mar/2026:13:33:52 -0300] "GET /shopdetail/3013401579 HTTP/1.1" 404 41416 "-" "Mozilla/5.0 AppleWebKit/537.36 (KHTML, like Gecko; compatible; ClaudeBot/1.0; +claudebot@anthropic.com)"
104.168.66.42 - - [21/Mar/2026:13:33:34 -0300] "GET /2025/10/24/fuball-kickers/ HTTP/1.1" 200 9974851 "-" "Mozilla/5.0 (Windows NT 10.0; Win64; x64) AppleWebKit/537.36 (KHTML, like Gecko) Chrome/106.0.0.0 Safari/537.36"
66.249.70.37 - - [21/Mar/2026:13:34:03 -0300] "GET /policy/90010.php?shopdetail/342669130 HTTP/1.1" 200 382216 "-" "Mozilla/5.0 (Linux; Android 6.0.1; Nexus 5X Build/MMB29P) AppleWebKit/537.36 (KHTML, like Gecko) Chrome/145.0.7632.159 Mobile Safari/537.36 (compatible; GoogleOther)"
209.145.58.97 - - [21/Mar/2026:13:34:04 -0300] "POST /wp-cron.php?doing_wp_cron=1774110844.0600569248199462890625 HTTP/1.1" 200 - "-" "WordPress/6.9.4; https://www.casadasbombasdeassis.com.br"
23.90.184.36 - - [21/Mar/2026:13:34:02 -0300] "POST /xmlrpc.php HTTP/1.1" 200 181 "-" "Mozilla/5.0 (Windows NT 10.0; Win64; x64) AppleWebKit/537.36 (KHTML, like Gecko) Chrome/114.0.0.0 Safari/537.36"
198.244.226.219 - - [21/Mar/2026:13:34:04 -0300] "GET /2025/09/10/tragamonedas-lucky-ladys-charm-deluxe-juego-gratis/ HTTP/1.1" 200 56941 "-" "Mozilla/5.0 (compatible; AhrefsBot/7.0; +http://ahrefs.com/robot/)"
23.90.184.36 - - [21/Mar/2026:13:34:09 -0300] "POST /xmlrpc.php HTTP/1.1" 200 8259 "-" "Mozilla/5.0 (Windows NT 10.0; Win64; x64) AppleWebKit/537.36 (KHTML, like Gecko) Chrome/114.0.0.0 Safari/537.36"
23.90.184.36 - - [21/Mar/2026:13:34:13 -0300] "GET /2026/03/21/5-the-new-harbors-struck-zula-gambling-enterprise-plus-one%EF%BF%BDs-currently-a-team-favorite/ HTTP/1.1" 200 47861 "-" "Mozilla/5.0 (Windows NT 10.0; Win64; x64; rv:125.0) Gecko/20100101 Firefox/125.0"
216.73.216.20 - - [21/Mar/2026:13:34:16 -0300] "GET /shopdetail/2184203162 HTTP/1.1" 404 41416 "-" "Mozilla/5.0 AppleWebKit/537.36 (KHTML, like Gecko; compatible; ClaudeBot/1.0; +claudebot@anthropic.com)"
216.73.216.20 - - [21/Mar/2026:13:34:19 -0300] "GET /shopdetail/3941248701 HTTP/1.1" 404 41416 "-" "Mozilla/5.0 AppleWebKit/537.36 (KHTML, like Gecko; compatible; ClaudeBot/1.0; +claudebot@anthropic.com)"
54.38.147.246 - - [21/Mar/2026:13:34:19 -0300] "GET /2025/09/10/greatest-casinos-on-the-internet-the-real-deal-casino-32red-login-currency-best-a-real-income-web-based-casinos-inside-the-pa/ HTTP/1.1" 200 53620 "-" "Mozilla/5.0 (compatible; AhrefsBot/7.0; +http://ahrefs.com/robot/)"
216.73.216.20 - - [21/Mar/2026:13:34:23 -0300] "GET /shopdetail/3865451963 HTTP/1.1" 404 41416 "-" "Mozilla/5.0 AppleWebKit/537.36 (KHTML, like Gecko; compatible; ClaudeBot/1.0; +claudebot@anthropic.com)"
216.73.216.20 - - [21/Mar/2026:13:34:25 -0300] "GET /shopdetail/859443889 HTTP/1.1" 404 41416 "-" "Mozilla/5.0 AppleWebKit/537.36 (KHTML, like Gecko; compatible; ClaudeBot/1.0; +claudebot@anthropic.com)"
198.244.240.87 - - [21/Mar/2026:13:34:28 -0300] "GET /2025/03/14/to-ensure-the-gambling-establishment-software-you-choose-is-safe-check-if-its-registered-from-the-reliable-government-and-utilizes-ssl-security-along-with-safer-commission-procedures-these/ HTTP/1.1" 200 53778 "-" "Mozilla/5.0 (compatible; AhrefsBot/7.0; +http://ahrefs.com/robot/)"
216.73.216.20 - - [21/Mar/2026:13:34:28 -0300] "GET /shopdetail/3520933439 HTTP/1.1" 404 41416 "-" "Mozilla/5.0 AppleWebKit/537.36 (KHTML, like Gecko; compatible; ClaudeBot/1.0; +claudebot@anthropic.com)"
216.73.216.20 - - [21/Mar/2026:13:34:31 -0300] "GET /shopdetail/4205572044 HTTP/1.1" 404 41416 "-" "Mozilla/5.0 AppleWebKit/537.36 (KHTML, like Gecko; compatible; ClaudeBot/1.0; +claudebot@anthropic.com)"
216.73.216.20 - - [21/Mar/2026:13:34:34 -0300] "GET /shopdetail/3577700235 HTTP/1.1" 404 41416 "-" "Mozilla/5.0 AppleWebKit/537.36 (KHTML, like Gecko; compatible; ClaudeBot/1.0; +claudebot@anthropic.com)"
66.249.70.35 - - [21/Mar/2026:13:34:34 -0300] "GET /policy/90010.php?shopdetail/3125160600 HTTP/1.1" 200 378189 "-" "Mozilla/5.0 (Linux; Android 6.0.1; Nexus 5X Build/MMB29P) AppleWebKit/537.36 (KHTML, like Gecko) Chrome/145.0.7632.159 Mobile Safari/537.36 (compatible; GoogleOther)"
51.195.183.110 - - [21/Mar/2026:13:34:38 -0300] "GET /2025/09/13/report-on-luck-home-online-slots-2025-rating-225-zeus-80-free-spins-100-percent-free-revolves-now/ HTTP/1.1" 200 50653 "-" "Mozilla/5.0 (compatible; AhrefsBot/7.0; +http://ahrefs.com/robot/)"
216.73.216.20 - - [21/Mar/2026:13:34:38 -0300] "GET /shopdetail/2726280839 HTTP/1.1" 404 41416 "-" "Mozilla/5.0 AppleWebKit/537.36 (KHTML, like Gecko; compatible; ClaudeBot/1.0; +claudebot@anthropic.com)"
216.73.216.20 - - [21/Mar/2026:13:34:41 -0300] "GET /shopdetail/2745356857 HTTP/1.1" 404 41416 "-" "Mozilla/5.0 AppleWebKit/537.36 (KHTML, like Gecko; compatible; ClaudeBot/1.0; +claudebot@anthropic.com)"
216.73.216.20 - - [21/Mar/2026:13:34:44 -0300] "GET /shopdetail/2065938061 HTTP/1.1" 404 41416 "-" "Mozilla/5.0 AppleWebKit/537.36 (KHTML, like Gecko; compatible; ClaudeBot/1.0; +claudebot@anthropic.com)"
216.73.216.20 - - [21/Mar/2026:13:34:47 -0300] "GET /shopdetail/3498729305 HTTP/1.1" 404 41416 "-" "Mozilla/5.0 AppleWebKit/537.36 (KHTML, like Gecko; compatible; ClaudeBot/1.0; +claudebot@anthropic.com)"
184.181.217.194 - - [21/Mar/2026:13:34:49 -0300] "GET / HTTP/1.1" 200 272627 "-" "Mozilla/5.0 (Windows NT 10.0; Win64; x64; rv:114.0) Gecko/20100101 Firefox/114.0"
51.89.129.95 - - [21/Mar/2026:13:34:50 -0300] "GET /2025/08/10/mybet-erfahrungen-resident-casinos-2025-isoftbet-kasino-computerprogramm-spielbank-probe-unter-einsatz-von-schatzung-%D9%85%D8%B1%D9%83%D8%B2-%D9%88%D8%A7%D9%86-%D9%84%D8%A7%D9%8A%D9%81-one-life/ HTTP/1.1" 200 54741 "-" "Mozilla/5.0 (compatible; AhrefsBot/7.0; +http://ahrefs.com/robot/)"
216.73.216.20 - - [21/Mar/2026:13:34:50 -0300] "GET /shopdetail/4274238349 HTTP/1.1" 404 41416 "-" "Mozilla/5.0 AppleWebKit/537.36 (KHTML, like Gecko; compatible; ClaudeBot/1.0; +claudebot@anthropic.com)"
216.73.216.20 - - [21/Mar/2026:13:34:53 -0300] "GET /shopdetail/1922772167 HTTP/1.1" 404 41416 "-" "Mozilla/5.0 AppleWebKit/537.36 (KHTML, like Gecko; compatible; ClaudeBot/1.0; +claudebot@anthropic.com)"
216.73.216.20 - - [21/Mar/2026:13:34:56 -0300] "GET /shopdetail/4077941956 HTTP/1.1" 404 41416 "-" "Mozilla/5.0 AppleWebKit/537.36 (KHTML, like Gecko; compatible; ClaudeBot/1.0; +claudebot@anthropic.com)"
198.244.183.59 - - [21/Mar/2026:13:34:59 -0300] "GET /2025/01/08/finn-and-the-swirly-twist-slot-dari-netent/ HTTP/1.1" 200 51135 "-" "Mozilla/5.0 (compatible; AhrefsBot/7.0; +http://ahrefs.com/robot/)"
216.73.216.20 - - [21/Mar/2026:13:35:02 -0300] "GET /shopdetail/2323732743 HTTP/1.1" 404 41416 "-" "Mozilla/5.0 AppleWebKit/537.36 (KHTML, like Gecko; compatible; ClaudeBot/1.0; +claudebot@anthropic.com)"
104.168.66.42 - - [21/Mar/2026:13:34:28 -0300] "GET /2025/10/24/fuball-kickers/ HTTP/1.1" 200 9974851 "-" "Mozilla/5.0 (Windows NT 10.0; Win64; x64) AppleWebKit/537.36 (KHTML, like Gecko) Chrome/106.0.0.0 Safari/537.36"
216.73.216.20 - - [21/Mar/2026:13:35:05 -0300] "GET /shopdetail/2429091927 HTTP/1.1" 404 41416 "-" "Mozilla/5.0 AppleWebKit/537.36 (KHTML, like Gecko; compatible; ClaudeBot/1.0; +claudebot@anthropic.com)"
66.249.70.37 - - [21/Mar/2026:13:35:06 -0300] "GET /policy/90010.php?shopdetail/39679336 HTTP/1.1" 200 406591 "-" "Mozilla/5.0 (Linux; Android 6.0.1; Nexus 5X Build/MMB29P) AppleWebKit/537.36 (KHTML, like Gecko) Chrome/145.0.7632.159 Mobile Safari/537.36 (compatible; GoogleOther)"
216.73.216.20 - - [21/Mar/2026:13:35:08 -0300] "GET /shopdetail/2830591447 HTTP/1.1" 404 41416 "-" "Mozilla/5.0 AppleWebKit/537.36 (KHTML, like Gecko; compatible; ClaudeBot/1.0; +claudebot@anthropic.com)"
184.181.217.194 - - [21/Mar/2026:13:35:09 -0300] "GET /wp-login.php?action=register HTTP/1.1" 302 - "https://www.casadasbombasdeassis.com.br/" "Mozilla/5.0 (Windows NT 6.3; Win64; x64) AppleWebKit/537.36 (KHTML, like Gecko) Chrome/103.0.0.0 Safari/537.36"
216.73.216.20 - - [21/Mar/2026:13:35:11 -0300] "GET /shopdetail/2576846609 HTTP/1.1" 404 41416 "-" "Mozilla/5.0 AppleWebKit/537.36 (KHTML, like Gecko; compatible; ClaudeBot/1.0; +claudebot@anthropic.com)"
198.244.226.195 - - [21/Mar/2026:13:35:11 -0300] "GET /2025/01/20/finest-legitimate-online-casinos-safer-real-money-gaming-internet-sites-nitro-circus-slot-free-spins-out-of-2025/ HTTP/1.1" 200 52969 "-" "Mozilla/5.0 (compatible; AhrefsBot/7.0; +http://ahrefs.com/robot/)"
216.73.216.20 - - [21/Mar/2026:13:35:14 -0300] "GET /shopdetail/3274996098 HTTP/1.1" 404 41416 "-" "Mozilla/5.0 AppleWebKit/537.36 (KHTML, like Gecko; compatible; ClaudeBot/1.0; +claudebot@anthropic.com)"
192.198.108.15 - - [21/Mar/2026:13:35:13 -0300] "GET /2025/10/06/alpenbets-online-casino/ HTTP/1.1" 200 792348 "https://www.casadasbombasdeassis.com.br/" "Mozilla/5.0 (Windows NT 10.0; Win64; x64) AppleWebKit/537.36 (KHTML, like Gecko) Chrome/114.0.0.0 YaBrowser/22.7.0 Yowser/2.5 Safari/537.36"
216.73.216.20 - - [21/Mar/2026:13:35:17 -0300] "GET /shopdetail/2988688181 HTTP/1.1" 404 41416 "-" "Mozilla/5.0 AppleWebKit/537.36 (KHTML, like Gecko; compatible; ClaudeBot/1.0; +claudebot@anthropic.com)"
216.73.216.20 - - [21/Mar/2026:13:35:20 -0300] "GET /shopdetail/510122361 HTTP/1.1" 404 41416 "-" "Mozilla/5.0 AppleWebKit/537.36 (KHTML, like Gecko; compatible; ClaudeBot/1.0; +claudebot@anthropic.com)"
184.181.217.194 - - [21/Mar/2026:13:35:22 -0300] "GET /wp-login.php?registration=disabled HTTP/1.1" 200 9826 "https://www.casadasbombasdeassis.com.br/wp-login.php?action=register" "Mozilla/5.0 (Windows NT 6.3; Win64; x64) AppleWebKit/537.36 (KHTML, like Gecko) Chrome/103.0.0.0 Safari/537.36"
54.38.147.35 - - [21/Mar/2026:13:35:22 -0300] "GET /2025/01/08/dogfather-slot-gambling-establishment-video-game-opinion/ HTTP/1.1" 200 53771 "-" "Mozilla/5.0 (compatible; AhrefsBot/7.0; +http://ahrefs.com/robot/)"
216.73.216.20 - - [21/Mar/2026:13:35:23 -0300] "GET /shopdetail/1729194669 HTTP/1.1" 404 41416 "-" "Mozilla/5.0 AppleWebKit/537.36 (KHTML, like Gecko; compatible; ClaudeBot/1.0; +claudebot@anthropic.com)"
209.145.58.97 - - [21/Mar/2026:13:35:23 -0300] "POST /wp-cron.php?doing_wp_cron=1774110923.5380198955535888671875 HTTP/1.1" 200 - "-" "WordPress/6.9.4; https://www.casadasbombasdeassis.com.br"
23.90.184.36 - - [21/Mar/2026:13:35:21 -0300] "POST /xmlrpc.php HTTP/1.1" 200 181 "-" "Mozilla/5.0 (Windows NT 10.0; Win64; x64) AppleWebKit/537.36 (KHTML, like Gecko) Chrome/114.0.0.0 Safari/537.36"
216.73.216.20 - - [21/Mar/2026:13:35:26 -0300] "GET /shopdetail/508910262 HTTP/1.1" 404 41416 "-" "Mozilla/5.0 AppleWebKit/537.36 (KHTML, like Gecko; compatible; ClaudeBot/1.0; +claudebot@anthropic.com)"
216.73.216.20 - - [21/Mar/2026:13:35:30 -0300] "GET /shopdetail/776815300 HTTP/1.1" 404 41416 "-" "Mozilla/5.0 AppleWebKit/537.36 (KHTML, like Gecko; compatible; ClaudeBot/1.0; +claudebot@anthropic.com)"
23.90.184.36 - - [21/Mar/2026:13:35:30 -0300] "POST /xmlrpc.php HTTP/1.1" 200 8383 "-" "Mozilla/5.0 (Windows NT 10.0; Win64; x64) AppleWebKit/537.36 (KHTML, like Gecko) Chrome/114.0.0.0 Safari/537.36"
216.73.216.20 - - [21/Mar/2026:13:35:32 -0300] "GET /shopdetail/507698163 HTTP/1.1" 404 41416 "-" "Mozilla/5.0 AppleWebKit/537.36 (KHTML, like Gecko; compatible; ClaudeBot/1.0; +claudebot@anthropic.com)"
216.73.216.20 - - [21/Mar/2026:13:35:35 -0300] "GET /shopdetail/440243957 HTTP/1.1" 404 41416 "-" "Mozilla/5.0 AppleWebKit/537.36 (KHTML, like Gecko; compatible; ClaudeBot/1.0; +claudebot@anthropic.com)"
198.244.240.101 - - [21/Mar/2026:13:35:36 -0300] "GET /2025/10/15/14-award-winning-bitcoin-poker-sites-of-2025-expert-recommendations-2/ HTTP/1.1" 200 51566 "-" "Mozilla/5.0 (compatible; AhrefsBot/7.0; +http://ahrefs.com/robot/)"
23.90.184.36 - - [21/Mar/2026:13:35:37 -0300] "GET /2026/03/21/providing-so-many-promotions-having-existing-players-along-with-a-keen-eight-tier-vip-program-earns-zula-gambling-enterprise-four/ HTTP/1.1" 200 48123 "-" "Mozilla/5.0 (Windows NT 10.0; rv:125.0) Gecko/20100101 Firefox/125.0"
66.249.70.35 - - [21/Mar/2026:13:35:38 -0300] "GET /policy/90010.php?shopdetail/3001164233 HTTP/1.1" 200 377946 "-" "Mozilla/5.0 (Linux; Android 6.0.1; Nexus 5X Build/MMB29P) AppleWebKit/537.36 (KHTML, like Gecko) Chrome/145.0.7632.159 Mobile Safari/537.36 (compatible; GoogleOther)"
216.73.216.20 - - [21/Mar/2026:13:35:41 -0300] "GET /shopdetail/3662282268 HTTP/1.1" 404 41416 "-" "Mozilla/5.0 AppleWebKit/537.36 (KHTML, like Gecko; compatible; ClaudeBot/1.0; +claudebot@anthropic.com)"
104.168.66.42 - - [21/Mar/2026:13:35:42 -0300] "POST /wp-comments-post.php HTTP/1.1" 302 - "https://www.casadasbombasdeassis.Com.br/2025/10/24/fuball-kickers/" "Mozilla/5.0 (Windows NT 10.0; Win64; x64) AppleWebKit/537.36 (KHTML, like Gecko) Chrome/106.0.0.0 Safari/537.36"
216.73.216.20 - - [21/Mar/2026:13:35:44 -0300] "GET /shopdetail/1632456589 HTTP/1.1" 404 41416 "-" "Mozilla/5.0 AppleWebKit/537.36 (KHTML, like Gecko; compatible; ClaudeBot/1.0; +claudebot@anthropic.com)"
216.73.216.20 - - [21/Mar/2026:13:35:47 -0300] "GET /shopdetail/196045208 HTTP/1.1" 404 41416 "-" "Mozilla/5.0 AppleWebKit/537.36 (KHTML, like Gecko; compatible; ClaudeBot/1.0; +claudebot@anthropic.com)"
51.89.129.159 - - [21/Mar/2026:13:35:48 -0300] "GET /2025/10/07/casino-addisjon-2024-sammenlign-betive-casino-20-beste-casinobonuser-2/ HTTP/1.1" 200 50616 "-" "Mozilla/5.0 (compatible; AhrefsBot/7.0; +http://ahrefs.com/robot/)"
216.73.216.20 - - [21/Mar/2026:13:35:50 -0300] "GET /shopdetail/1148521330 HTTP/1.1" 404 41416 "-" "Mozilla/5.0 AppleWebKit/537.36 (KHTML, like Gecko; compatible; ClaudeBot/1.0; +claudebot@anthropic.com)"
216.73.216.20 - - [21/Mar/2026:13:35:53 -0300] "GET /shopdetail/1579415065 HTTP/1.1" 404 41416 "-" "Mozilla/5.0 AppleWebKit/537.36 (KHTML, like Gecko; compatible; ClaudeBot/1.0; +claudebot@anthropic.com)"
216.73.216.20 - - [21/Mar/2026:13:35:56 -0300] "GET /shopdetail/4008454318 HTTP/1.1" 404 41416 "-" "Mozilla/5.0 AppleWebKit/537.36 (KHTML, like Gecko; compatible; ClaudeBot/1.0; +claudebot@anthropic.com)"
216.73.216.20 - - [21/Mar/2026:13:35:59 -0300] "GET /shopdetail/4260356053 HTTP/1.1" 404 41416 "-" "Mozilla/5.0 AppleWebKit/537.36 (KHTML, like Gecko; compatible; ClaudeBot/1.0; +claudebot@anthropic.com)"
198.244.183.139 - - [21/Mar/2026:13:35:59 -0300] "GET /2025/05/12/fresh-fruit-beverage-totally-free-position/ HTTP/1.1" 200 50001 "-" "Mozilla/5.0 (compatible; AhrefsBot/7.0; +http://ahrefs.com/robot/)"
192.198.108.15 - - [21/Mar/2026:13:36:00 -0300] "GET /wp-login.php?action=register HTTP/1.1" 302 - "https://www.casadasbombasdeassis.com.br/2025/10/06/alpenbets-online-casino/" "Mozilla/5.0 (Windows NT 6.3; Win64; x64) AppleWebKit/537.36 (KHTML, like Gecko) Chrome/103.0.0.0 Safari/537.36"
192.198.108.15 - - [21/Mar/2026:13:36:01 -0300] "GET /wp-login.php?registration=disabled HTTP/1.1" 200 9826 "https://www.casadasbombasdeassis.com.br/wp-login.php?action=register" "Mozilla/5.0 (Windows NT 6.3; Win64; x64) AppleWebKit/537.36 (KHTML, like Gecko) Chrome/103.0.0.0 Safari/537.36"
216.73.216.20 - - [21/Mar/2026:13:36:02 -0300] "GET /shopdetail/3041048008 HTTP/1.1" 404 41416 "-" "Mozilla/5.0 AppleWebKit/537.36 (KHTML, like Gecko; compatible; ClaudeBot/1.0; +claudebot@anthropic.com)"
216.73.216.20 - - [21/Mar/2026:13:36:05 -0300] "GET /shopdetail/3088082971 HTTP/1.1" 404 41416 "-" "Mozilla/5.0 AppleWebKit/537.36 (KHTML, like Gecko; compatible; ClaudeBot/1.0; +claudebot@anthropic.com)"
198.244.168.175 - - [21/Mar/2026:13:36:08 -0300] "GET /2024/08/25/mostbet-kz-online-casino3a-igrovye-avtomaty-tolko-stavki-na-spor/ HTTP/1.1" 200 84996 "-" "Mozilla/5.0 (compatible; AhrefsBot/7.0; +http://ahrefs.com/robot/)"
